-- Table structure for table `customer_address_entity`
--

CREATE TABLE `customer_address_entity` (
  `entity_id` int unsigned NOT NULL AUTO_INCREMENT COMMENT 'Entity ID',
  `increment_id` varchar(50) DEFAULT NULL COMMENT 'Increment ID',
  `parent_id` int unsigned DEFAULT NULL COMMENT 'Parent ID',
  `created_at` timestamp NOT NULL DEFAULT CURRENT_TIMESTAMP COMMENT 'Created At',
  `updated_at` timestamp NOT NULL DEFAULT CURRENT_TIMESTAMP ON UPDATE CURRENT_TIMESTAMP COMMENT 'Updated At',
  `is_active` smallint unsigned NOT NULL DEFAULT '1' COMMENT 'Is Active',
  `city` varchar(255) NOT NULL COMMENT 'City',
  `company` varchar(255) DEFAULT NULL COMMENT 'Company',
  `country_id` varchar(255) NOT NULL COMMENT 'Country',
  `fax` varchar(255) DEFAULT NULL COMMENT 'Fax',
  `firstname` varchar(255) NOT NULL COMMENT 'First Name',
  `lastname` varchar(255) NOT NULL COMMENT 'Last Name',
  `middlename` varchar(255) DEFAULT NULL COMMENT 'Middle Name',
  `postcode` varchar(255) DEFAULT NULL COMMENT 'Zip/Postal Code',
  `prefix` varchar(40) DEFAULT NULL COMMENT 'Name Prefix',
  `region` varchar(255) DEFAULT NULL COMMENT 'State/Province',
  `region_id` int unsigned DEFAULT NULL COMMENT 'State/Province',
  `street` text NOT NULL COMMENT 'Street Address',
  `suffix` varchar(40) DEFAULT NULL COMMENT 'Name Suffix',
  `telephone` varchar(255) NOT NULL COMMENT 'Phone Number',
  `vat_id` varchar(255) DEFAULT NULL COMMENT 'VAT number',
  `vat_is_valid` int unsigned DEFAULT NULL COMMENT 'VAT number validity',
  `vat_request_date` varchar(255) DEFAULT NULL COMMENT 'VAT number validation request date',
  `vat_request_id` varchar(255) DEFAULT NULL COMMENT 'VAT number validation request ID',
  `vat_request_success` int unsigned DEFAULT NULL COMMENT 'VAT number validation request success',
  `payu_address_id` int DEFAULT NULL COMMENT 'Payu Address Id',
  `payu_user_id` int DEFAULT NULL COMMENT 'Payu User Id',
  PRIMARY KEY (`entity_id`),
  KEY `CUSTOMER_ADDRESS_ENTITY_PARENT_ID` (`parent_id`),
  CONSTRAINT `CUSTOMER_ADDRESS_ENTITY_PARENT_ID_CUSTOMER_ENTITY_ENTITY_ID` FOREIGN KEY (`parent_id`) REFERENCES `customer_entity` (`entity_id`) ON DELETE CASCADE
) ENGINE=InnoDB AUTO_INCREMENT=32 DEFAULT CHARSET=utf8mb3 COMMENT='Customer Address Entity';

--
-- Dumping data for table `customer_address_entity`
--

INSERT INTO `customer_address_entity` VALUES (1,NULL,1,'2024-05-21 05:17:52','2024-06-25 08:55:43',1,'ncity',NULL,'US',NULL,'Santosh','Yadav',NULL,'90016',NULL,'New York',43,'S12',NULL,'7879987650',NULL,NULL,NULL,NULL,NULL,7145,7128),(2,NULL,1,'2024-05-22 12:34:32','2024-06-25 08:55:45',1,'noida',NULL,'IN',NULL,'Santosh','Yadav',NULL,'201301',NULL,'Uttar Pradesh',602,'B 131',NULL,'9898090123',NULL,NULL,NULL,NULL,NULL,7146,7129),(3,NULL,1,'2024-06-25 09:17:14','2024-06-25 09:17:14',1,'Noida',NULL,'IN',NULL,'Santosh','Yadav',NULL,'201305',NULL,'Uttar Pradesh',602,'C134',NULL,'09726078792',NULL,NULL,NULL,NULL,NULL,NULL,NULL),(4,NULL,1,'2024-06-25 09:17:36','2024-06-25 09:17:36',1,'Noida',NULL,'IN',NULL,'Santosh','Yadav',NULL,'201305',NULL,'Uttar Pradesh',602,'C134',NULL,'09726078792',NULL,NULL,NULL,NULL,NULL,NULL,NULL),(5,NULL,1,'2024-06-25 09:24:23','2024-06-25 09:24:23',1,'Noida',NULL,'IN',NULL,'Santosh','Yadav',NULL,'201305',NULL,'Uttar Pradesh',602,'C134',NULL,'09726078792',NULL,NULL,NULL,NULL,NULL,NULL,NULL),(6,NULL,2,'2024-06-25 11:56:23','2024-06-28 08:08:57',1,'delhi','fs','IN',NULL,'farooq','hussain',NULL,'110025',NULL,'Delhi',578,'delhi',NULL,'9810467111',NULL,NULL,NULL,NULL,NULL,7159,7142),(11,NULL,2,'2024-06-25 12:34:18','2024-06-28 08:08:57',1,'delhi','222222','IN',NULL,'farooq','hussain',NULL,'110025',NULL,'Delhi',578,'222222\n123',NULL,'9810467147',NULL,NULL,NULL,NULL,NULL,7158,7141),(12,NULL,2,'2024-06-25 12:34:32','2024-06-28 08:08:57',1,'delhi','111111111','IN',NULL,'farooq','hussain',NULL,'110025',NULL,'Delhi',578,'1111111111\n123',NULL,'9810467147',NULL,NULL,NULL,NULL,NULL,7157,7140),(31,NULL,2,'2024-06-26 05:35:14','2024-06-28 08:08:57',1,'delhi','fs33333333333333','IN',NULL,'farooq','hussain',NULL,'110025',NULL,'Delhi',578,'delhi',NULL,'9810467147',NULL,NULL,NULL,NULL,NULL,7156,7139);

--
-- Table structure for table `customer_address_entity_datetime`
--

CREATE TABLE `customer_address_entity_datetime` (
  `value_id` int NOT NULL AUTO_INCREMENT COMMENT 'Value ID',
  `attribute_id` smallint unsigned NOT NULL DEFAULT '0' COMMENT 'Attribute ID',
  `entity_id` int unsigned NOT NULL DEFAULT '0' COMMENT 'Entity ID',
  `value` datetime DEFAULT NULL COMMENT 'Value',
  PRIMARY KEY (`value_id`),
  UNIQUE KEY `CUSTOMER_ADDRESS_ENTITY_DATETIME_ENTITY_ID_ATTRIBUTE_ID` (`entity_id`,`attribute_id`),
  KEY `CUSTOMER_ADDRESS_ENTITY_DATETIME_ATTRIBUTE_ID` (`attribute_id`),
  KEY `CUSTOMER_ADDRESS_ENTITY_DATETIME_ENTITY_ID_ATTRIBUTE_ID_VALUE` (`entity_id`,`attribute_id`,`value`),
  CONSTRAINT `CSTR_ADDR_ENTT_DTIME_ATTR_ID_EAV_ATTR_ATTR_ID` FOREIGN KEY (`attribute_id`) REFERENCES `eav_attribute` (`attribute_id`) ON DELETE CASCADE,
  CONSTRAINT `CSTR_ADDR_ENTT_DTIME_ENTT_ID_CSTR_ADDR_ENTT_ENTT_ID` FOREIGN KEY (`entity_id`) REFERENCES `customer_address_entity` (`entity_id`) ON DELETE CASCADE
) ENGINE=InnoDB DEFAULT CHARSET=utf8mb3 COMMENT='Customer Address Entity Datetime';

--
-- Dumping data for table `customer_address_entity_datetime`
--


--
-- Table structure for table `customer_address_entity_decimal`
--

CREATE TABLE `customer_address_entity_decimal` (
  `value_id` int NOT NULL AUTO_INCREMENT COMMENT 'Value ID',
  `attribute_id` smallint unsigned NOT NULL DEFAULT '0' COMMENT 'Attribute ID',
  `entity_id` int unsigned NOT NULL DEFAULT '0' COMMENT 'Entity ID',
  `value` decimal(12,4) NOT NULL DEFAULT '0.0000' COMMENT 'Value',
  PRIMARY KEY (`value_id`),
  UNIQUE KEY `CUSTOMER_ADDRESS_ENTITY_DECIMAL_ENTITY_ID_ATTRIBUTE_ID` (`entity_id`,`attribute_id`),
  KEY `CUSTOMER_ADDRESS_ENTITY_DECIMAL_ATTRIBUTE_ID` (`attribute_id`),
  KEY `CUSTOMER_ADDRESS_ENTITY_DECIMAL_ENTITY_ID_ATTRIBUTE_ID_VALUE` (`entity_id`,`attribute_id`,`value`),
  CONSTRAINT `CSTR_ADDR_ENTT_DEC_ATTR_ID_EAV_ATTR_ATTR_ID` FOREIGN KEY (`attribute_id`) REFERENCES `eav_attribute` (`attribute_id`) ON DELETE CASCADE,
  CONSTRAINT `CSTR_ADDR_ENTT_DEC_ENTT_ID_CSTR_ADDR_ENTT_ENTT_ID` FOREIGN KEY (`entity_id`) REFERENCES `customer_address_entity` (`entity_id`) ON DELETE CASCADE
) ENGINE=InnoDB DEFAULT CHARSET=utf8mb3 COMMENT='Customer Address Entity Decimal';

--
-- Dumping data for table `customer_address_entity_decimal`
--


--
-- Table structure for table `customer_address_entity_int`
--

CREATE TABLE `customer_address_entity_int` (
  `value_id` int NOT NULL AUTO_INCREMENT COMMENT 'Value ID',
  `attribute_id` smallint unsigned NOT NULL DEFAULT '0' COMMENT 'Attribute ID',
  `entity_id` int unsigned NOT NULL DEFAULT '0' COMMENT 'Entity ID',
  `value` int NOT NULL DEFAULT '0' COMMENT 'Value',
  PRIMARY KEY (`value_id`),
  UNIQUE KEY `CUSTOMER_ADDRESS_ENTITY_INT_ENTITY_ID_ATTRIBUTE_ID` (`entity_id`,`attribute_id`),
  KEY `CUSTOMER_ADDRESS_ENTITY_INT_ATTRIBUTE_ID` (`attribute_id`),
  KEY `CUSTOMER_ADDRESS_ENTITY_INT_ENTITY_ID_ATTRIBUTE_ID_VALUE` (`entity_id`,`attribute_id`,`value`),
  CONSTRAINT `CSTR_ADDR_ENTT_INT_ATTR_ID_EAV_ATTR_ATTR_ID` FOREIGN KEY (`attribute_id`) REFERENCES `eav_attribute` (`attribute_id`) ON DELETE CASCADE,
  CONSTRAINT `CSTR_ADDR_ENTT_INT_ENTT_ID_CSTR_ADDR_ENTT_ENTT_ID` FOREIGN KEY (`entity_id`) REFERENCES `customer_address_entity` (`entity_id`) ON DELETE CASCADE
) ENGINE=InnoDB DEFAULT CHARSET=utf8mb3 COMMENT='Customer Address Entity Int';

--
-- Dumping data for table `customer_address_entity_int`
--


--
-- Table structure for table `customer_address_entity_text`
--

CREATE TABLE `customer_address_entity_text` (
  `value_id` int NOT NULL AUTO_INCREMENT COMMENT 'Value ID',
  `attribute_id` smallint unsigned NOT NULL DEFAULT '0' COMMENT 'Attribute ID',
  `entity_id` int unsigned NOT NULL DEFAULT '0' COMMENT 'Entity ID',
  `value` text NOT NULL COMMENT 'Value',
  PRIMARY KEY (`value_id`),
  UNIQUE KEY `CUSTOMER_ADDRESS_ENTITY_TEXT_ENTITY_ID_ATTRIBUTE_ID` (`entity_id`,`attribute_id`),
  KEY `CUSTOMER_ADDRESS_ENTITY_TEXT_ATTRIBUTE_ID` (`attribute_id`),
  CONSTRAINT `CSTR_ADDR_ENTT_TEXT_ATTR_ID_EAV_ATTR_ATTR_ID` FOREIGN KEY (`attribute_id`) REFERENCES `eav_attribute` (`attribute_id`) ON DELETE CASCADE,
  CONSTRAINT `CSTR_ADDR_ENTT_TEXT_ENTT_ID_CSTR_ADDR_ENTT_ENTT_ID` FOREIGN KEY (`entity_id`) REFERENCES `customer_address_entity` (`entity_id`) ON DELETE CASCADE
) ENGINE=InnoDB DEFAULT CHARSET=utf8mb3 COMMENT='Customer Address Entity Text';

--
-- Dumping data for table `customer_address_entity_text`
--


--
-- Table structure for table `customer_address_entity_varchar`
--

CREATE TABLE `customer_address_entity_varchar` (
  `value_id` int NOT NULL AUTO_INCREMENT COMMENT 'Value ID',
  `attribute_id` smallint unsigned NOT NULL DEFAULT '0' COMMENT 'Attribute ID',
  `entity_id` int unsigned NOT NULL DEFAULT '0' COMMENT 'Entity ID',
  `value` varchar(255) DEFAULT NULL COMMENT 'Value',
  PRIMARY KEY (`value_id`),
  UNIQUE KEY `CUSTOMER_ADDRESS_ENTITY_VARCHAR_ENTITY_ID_ATTRIBUTE_ID` (`entity_id`,`attribute_id`),
  KEY `CUSTOMER_ADDRESS_ENTITY_VARCHAR_ATTRIBUTE_ID` (`attribute_id`),
  KEY `CUSTOMER_ADDRESS_ENTITY_VARCHAR_ENTITY_ID_ATTRIBUTE_ID_VALUE` (`entity_id`,`attribute_id`,`value`),
  CONSTRAINT `CSTR_ADDR_ENTT_VCHR_ATTR_ID_EAV_ATTR_ATTR_ID` FOREIGN KEY (`attribute_id`) REFERENCES `eav_attribute` (`attribute_id`) ON DELETE CASCADE,
  CONSTRAINT `CSTR_ADDR_ENTT_VCHR_ENTT_ID_CSTR_ADDR_ENTT_ENTT_ID` FOREIGN KEY (`entity_id`) REFERENCES `customer_address_entity` (`entity_id`) ON DELETE CASCADE
) ENGINE=InnoDB DEFAULT CHARSET=utf8mb3 COMMENT='Customer Address Entity Varchar';

--
-- Dumping data for table `customer_address_entity_varchar`
--


--
-- Table structure for table `customer_eav_attribute`
--

CREATE TABLE `customer_eav_attribute` (
  `attribute_id` smallint unsigned NOT NULL COMMENT 'Attribute ID',
  `is_visible` smallint unsigned NOT NULL DEFAULT '1' COMMENT 'Is Visible',
  `input_filter` varchar(255) DEFAULT NULL COMMENT 'Input Filter',
  `multiline_count` smallint unsigned NOT NULL DEFAULT '1' COMMENT 'Multiline Count',
  `validate_rules` text COMMENT 'Validate Rules',
  `is_system` smallint unsigned NOT NULL DEFAULT '0' COMMENT 'Is System',
  `sort_order` int unsigned NOT NULL DEFAULT '0' COMMENT 'Sort Order',
  `data_model` varchar(255) DEFAULT NULL COMMENT 'Data Model',
  `is_used_in_grid` smallint unsigned NOT NULL DEFAULT '0' COMMENT 'Is Used in Grid',
  `is_visible_in_grid` smallint unsigned NOT NULL DEFAULT '0' COMMENT 'Is Visible in Grid',
  `is_filterable_in_grid` smallint unsigned NOT NULL DEFAULT '0' COMMENT 'Is Filterable in Grid',
  `is_searchable_in_grid` smallint unsigned NOT NULL DEFAULT '0' COMMENT 'Is Searchable in Grid',
  `grid_filter_condition_type` smallint unsigned NOT NULL DEFAULT '0' COMMENT 'Grid Filter Condition Type',
  PRIMARY KEY (`attribute_id`),
  KEY `CUSTOMER_EAV_ATTRIBUTE_SORT_ORDER` (`sort_order`),
  CONSTRAINT `CUSTOMER_EAV_ATTRIBUTE_ATTRIBUTE_ID_EAV_ATTRIBUTE_ATTRIBUTE_ID` FOREIGN KEY (`attribute_id`) REFERENCES `eav_attribute` (`attribute_id`) ON DELETE CASCADE
) ENGINE=InnoDB DEFAULT CHARSET=utf8mb3 COMMENT='Customer Eav Attribute';

--
-- Dumping data for table `customer_eav_attribute`
--

INSERT INTO `customer_eav_attribute` VALUES (1,1,NULL,0,NULL,1,10,NULL,1,1,1,0,0),(2,0,NULL,0,NULL,1,0,NULL,0,0,0,0,0),(3,1,NULL,0,NULL,1,20,NULL,1,1,0,1,0),(4,0,NULL,0,NULL,0,30,NULL,0,0,0,0,0),(5,1,'trim',0,'{\"max_text_length\":255,\"min_text_length\":1}',1,40,NULL,0,0,0,0,0),(6,0,'trim',0,NULL,0,50,NULL,0,0,0,0,0),(7,1,'trim',0,'{\"max_text_length\":255,\"min_text_length\":1}',1,60,NULL,0,0,0,0,0),(8,0,NULL,0,NULL,0,70,NULL,0,0,0,0,0),(9,1,NULL,0,'{\"input_validation\":\"email\"}',1,80,NULL,1,1,1,1,0),(10,1,NULL,0,NULL,1,25,NULL,1,1,1,0,0),(11,0,'date',0,'{\"input_validation\":\"date\"}',0,90,NULL,1,1,1,0,0),(12,0,NULL,0,NULL,1,0,NULL,0,0,0,0,0),(13,0,NULL,0,NULL,1,0,NULL,0,0,0,0,0),(14,0,NULL,0,'{\"input_validation\":\"date\"}',1,0,NULL,0,0,0,0,0),(15,0,NULL,0,NULL,1,0,NULL,0,0,0,0,0),(16,0,NULL,0,NULL,1,0,NULL,0,0,0,0,0),(17,0,NULL,0,'{\"max_text_length\":255}',0,100,NULL,1,1,0,1,0),(18,0,NULL,0,NULL,1,0,NULL,1,1,1,0,0),(19,0,NULL,0,NULL,0,0,NULL,1,1,1,0,0),(20,0,NULL,0,'[]',0,110,NULL,1,1,1,0,0),(21,1,NULL,0,NULL,1,28,NULL,0,0,0,0,0),(22,0,NULL,0,NULL,0,10,NULL,0,0,0,0,0),(23,1,'trim',0,'{\"max_text_length\":255,\"min_text_length\":1}',1,20,NULL,1,0,0,1,0),(24,0,'trim',0,NULL,0,30,NULL,0,0,0,0,0),(25,1,'trim',0,'{\"max_text_length\":255,\"min_text_length\":1}',1,40,NULL,1,0,0,1,0),(26,0,NULL,0,NULL,0,50,NULL,0,0,0,0,0),(27,1,NULL,0,'{\"max_text_length\":255,\"min_text_length\":1}',1,60,NULL,1,0,0,1,0),(28,1,NULL,2,'{\"max_text_length\":255,\"min_text_length\":1}',1,70,NULL,1,0,0,1,0),(29,1,NULL,0,'{\"max_text_length\":255,\"min_text_length\":1}',1,100,NULL,1,0,0,1,0),(30,1,NULL,0,NULL,1,80,NULL,1,1,1,0,0),(31,1,NULL,0,NULL,1,90,NULL,1,1,0,1,0),(32,1,NULL,0,NULL,1,90,NULL,0,0,0,0,0),(33,1,NULL,0,'[]',1,110,'Magento\\Customer\\Model\\Attribute\\Data\\Postcode',1,1,1,1,0),(34,1,NULL,0,'{\"max_text_length\":255,\"min_text_length\":1}',1,120,NULL,1,1,1,1,0),(35,0,NULL,0,'{\"max_text_length\":255,\"min_text_length\":1}',0,130,NULL,1,0,0,1,0),(36,1,NULL,0,NULL,1,140,NULL,0,0,0,0,0),(37,0,NULL,0,NULL,1,0,NULL,0,0,0,0,0),(38,0,NULL,0,NULL,1,0,NULL,0,0,0,0,0),(39,0,NULL,0,NULL,1,0,NULL,0,0,0,0,0),(40,0,NULL,0,NULL,1,0,NULL,0,0,0,0,0),(41,0,NULL,0,NULL,0,0,NULL,0,0,0,0,0),(42,0,NULL,0,NULL,1,0,NULL,0,0,0,0,0),(43,0,NULL,0,NULL,1,0,NULL,0,0,0,0,0),(44,0,NULL,0,NULL,1,0,NULL,0,0,0,0,0),(138,0,NULL,0,NULL,0,0,NULL,0,0,0,0,0),(139,0,NULL,0,NULL,0,0,NULL,0,0,0,0,0),(140,0,NULL,0,NULL,0,0,NULL,0,0,0,0,0),(141,0,NULL,0,NULL,0,90,NULL,0,0,0,0,0);

--
-- Table structure for table `customer_eav_attribute_website`
--

CREATE TABLE `customer_eav_attribute_website` (
  `attribute_id` smallint unsigned NOT NULL COMMENT 'Attribute ID',
  `website_id` smallint unsigned NOT NULL COMMENT 'Website ID',
  `is_visible` smallint unsigned DEFAULT NULL COMMENT 'Is Visible',
  `is_required` smallint unsigned DEFAULT NULL COMMENT 'Is Required',
  `default_value` text COMMENT 'Default Value',
  `multiline_count` smallint unsigned DEFAULT NULL COMMENT 'Multiline Count',
  PRIMARY KEY (`attribute_id`,`website_id`),
  KEY `CUSTOMER_EAV_ATTRIBUTE_WEBSITE_WEBSITE_ID` (`website_id`),
  CONSTRAINT `CSTR_EAV_ATTR_WS_ATTR_ID_EAV_ATTR_ATTR_ID` FOREIGN KEY (`attribute_id`) REFERENCES `eav_attribute` (`attribute_id`) ON DELETE CASCADE,
  CONSTRAINT `CSTR_EAV_ATTR_WS_WS_ID_STORE_WS_WS_ID` FOREIGN KEY (`website_id`) REFERENCES `store_website` (`website_id`) ON DELETE CASCADE
) ENGINE=InnoDB DEFAULT CHARSET=utf8mb3 COMMENT='Customer Eav Attribute Website';

--
-- Dumping data for table `customer_eav_attribute_website`
--

INSERT INTO `customer_eav_attribute_website` VALUES (1,1,NULL,NULL,NULL,NULL),(3,1,NULL,NULL,NULL,NULL),(5,1,NULL,NULL,NULL,NULL),(6,1,NULL,NULL,NULL,NULL),(7,1,NULL,NULL,NULL,NULL),(9,1,NULL,NULL,NULL,NULL),(10,1,NULL,NULL,NULL,NULL),(11,1,NULL,NULL,NULL,NULL),(17,1,NULL,NULL,NULL,NULL),(18,1,NULL,NULL,NULL,NULL),(19,1,NULL,NULL,NULL,NULL),(20,1,NULL,NULL,NULL,NULL),(21,1,NULL,NULL,NULL,NULL),(23,1,NULL,NULL,NULL,NULL),(24,1,NULL,NULL,NULL,NULL),(25,1,NULL,NULL,NULL,NULL),(27,1,NULL,NULL,NULL,NULL),(28,1,NULL,NULL,NULL,NULL),(29,1,NULL,NULL,NULL,NULL),(30,1,NULL,NULL,NULL,NULL),(31,1,NULL,NULL,NULL,NULL),(32,1,NULL,NULL,NULL,NULL),(33,1,NULL,NULL,NULL,NULL),(34,1,NULL,NULL,NULL,NULL),(35,1,NULL,NULL,NULL,NULL),(36,1,NULL,NULL,NULL,NULL),(141,1,NULL,NULL,NULL,NULL);

--
-- Table structure for table `customer_entity`
--

CREATE TABLE `customer_entity` (
  `entity_id` int unsigned NOT NULL AUTO_INCREMENT COMMENT 'Entity ID',
  `website_id` smallint unsigned DEFAULT NULL COMMENT 'Website ID',
  `email` varchar(255) DEFAULT NULL COMMENT 'Email',
  `group_id` smallint unsigned NOT NULL DEFAULT '0' COMMENT 'Group ID',
  `increment_id` varchar(50) DEFAULT NULL COMMENT 'Increment ID',
  `store_id` smallint unsigned DEFAULT '0' COMMENT 'Store ID',
  `created_at` timestamp NOT NULL DEFAULT CURRENT_TIMESTAMP COMMENT 'Created At',
  `updated_at` timestamp NOT NULL DEFAULT CURRENT_TIMESTAMP ON UPDATE CURRENT_TIMESTAMP COMMENT 'Updated At',
  `is_active` smallint unsigned NOT NULL DEFAULT '1' COMMENT 'Is Active',
  `disable_auto_group_change` smallint unsigned NOT NULL DEFAULT '0' COMMENT 'Disable automatic group change based on VAT ID',
  `created_in` varchar(255) DEFAULT NULL COMMENT 'Created From',
  `prefix` varchar(40) DEFAULT NULL COMMENT 'Name Prefix',
  `firstname` varchar(255) DEFAULT NULL COMMENT 'First Name',
  `middlename` varchar(255) DEFAULT NULL COMMENT 'Middle Name/Initial',
  `lastname` varchar(255) DEFAULT NULL COMMENT 'Last Name',
  `suffix` varchar(40) DEFAULT NULL COMMENT 'Name Suffix',
  `dob` date DEFAULT NULL COMMENT 'Date of Birth',
  `password_hash` varchar(128) DEFAULT NULL COMMENT 'Password_hash',
  `rp_token` varchar(128) DEFAULT NULL COMMENT 'Reset password token',
  `rp_token_created_at` datetime DEFAULT NULL COMMENT 'Reset password token creation time',
  `default_billing` int unsigned DEFAULT NULL COMMENT 'Default Billing Address',
  `default_shipping` int unsigned DEFAULT NULL COMMENT 'Default Shipping Address',
  `taxvat` varchar(50) DEFAULT NULL COMMENT 'Tax/VAT Number',
  `confirmation` varchar(64) DEFAULT NULL COMMENT 'Is Confirmed',
  `gender` smallint unsigned DEFAULT NULL COMMENT 'Gender',
  `failures_num` smallint DEFAULT '0' COMMENT 'Failure Number',
  `first_failure` timestamp NULL DEFAULT NULL COMMENT 'First Failure',
  `lock_expires` timestamp NULL DEFAULT NULL COMMENT 'Lock Expiration Date',
  `session_cutoff` timestamp NULL DEFAULT NULL COMMENT 'Session Cutoff Time',
  `payu_phone_number` varchar(255) NOT NULL COMMENT 'Payu Phone Number',
  `mp_smtp_email_marketing_synced` smallint DEFAULT '0' COMMENT 'Mp SMTP Email Marketing synced',
  PRIMARY KEY (`entity_id`),
  UNIQUE KEY `CUSTOMER_ENTITY_EMAIL_WEBSITE_ID` (`email`,`website_id`),
  KEY `CUSTOMER_ENTITY_STORE_ID` (`store_id`),
  KEY `CUSTOMER_ENTITY_WEBSITE_ID` (`website_id`),
  KEY `CUSTOMER_ENTITY_FIRSTNAME` (`firstname`),
  KEY `CUSTOMER_ENTITY_LASTNAME` (`lastname`),
  CONSTRAINT `CUSTOMER_ENTITY_STORE_ID_STORE_STORE_ID` FOREIGN KEY (`store_id`) REFERENCES `store` (`store_id`) ON DELETE SET NULL,
  CONSTRAINT `CUSTOMER_ENTITY_WEBSITE_ID_STORE_WEBSITE_WEBSITE_ID` FOREIGN KEY (`website_id`) REFERENCES `store_website` (`website_id`) ON DELETE SET NULL
) ENGINE=InnoDB AUTO_INCREMENT=5 DEFAULT CHARSET=utf8mb3 COMMENT='customer_entity';

--
-- Dumping data for table `customer_entity`
--

INSERT INTO `customer_entity` VALUES (1,1,'santoshy@futuresoftindia.com',1,NULL,1,'2024-05-07 10:26:45','2024-08-05 09:08:21',1,0,'Default Store View',NULL,'Santosh',NULL,'Yadav',NULL,NULL,'2ddfeb7f84a0ab3829ddaf4940fb4341a2ff2bcc95f23f7b785d5e8e15deed25:GWfCoOp6geHg9jkNXrLAfFuoaZTSxbz1:3_32_2_67108864','0:3:YgrF8Y8I9xSJIsU17LVK8hvOQCIfZTUjnIoy+Z27Gb0Nvd36R7JZ9fcvkp4VNJJbhJE27WXUSrEEabCU','2024-05-07 10:26:45',2,2,'9726078792',NULL,0,0,NULL,NULL,NULL,'',0),(2,1,'farooqh@futuresoftindia.com',1,NULL,1,'2024-06-25 11:55:58','2024-06-28 07:24:21',1,0,'Default Store View',NULL,'farooq',NULL,'hussain',NULL,NULL,'a468018d9312d9a118b9e1e2848fb471c4856998ded0869ece1f42ad065e58be:1iVlsdC3dDPqwialDU8I5LcLWpyRAluG:3_32_2_67108864','0:3:kzP4xGK7ylybK/OeoPDxsxTq7Fc4+XDGR4pn7EJJPg86DrdYDEkAGcbsvCjl67dDpY4mexO0/Fud8EZ8','2024-06-25 11:55:58',6,6,NULL,NULL,NULL,0,NULL,NULL,NULL,'9810467147',0),(3,1,'farooqhussain8439@gmail.com',1,NULL,1,'2024-06-26 06:14:07','2024-06-26 08:55:46',1,0,'Default Store View',NULL,'Guest',NULL,'User',NULL,NULL,'569dfd5887482382437395e24765f4486b191597162ffc0682553799a7a41c0f:RKUZs8HfeEHtn4MOWgsbydAqCx38HhV7:3_32_2_67108864',NULL,NULL,NULL,NULL,NULL,NULL,NULL,0,NULL,NULL,NULL,'9810467147',0),(4,1,'farooqasd@gmail.com',1,NULL,1,'2024-06-26 13:11:45','2024-06-26 13:11:45',1,0,'Default Store View',NULL,'Guest',NULL,'User',NULL,NULL,'42100bb30b7a67a4f3a7684785fd95cbeb8ec50e233a631eff1e8f2cf83dabb3:lFYqdajhlNQKUw3drOXN28jRiQ4oBMKQ:3_32_2_67108864',NULL,NULL,NULL,NULL,NULL,NULL,NULL,0,NULL,NULL,NULL,'9810467147',0);

--
-- Table structure for table `customer_entity_datetime`
--

CREATE TABLE `customer_entity_datetime` (
  `value_id` int NOT NULL AUTO_INCREMENT COMMENT 'Value ID',
  `attribute_id` smallint unsigned NOT NULL DEFAULT '0' COMMENT 'Attribute ID',
  `entity_id` int unsigned NOT NULL DEFAULT '0' COMMENT 'Entity ID',
  `value` datetime DEFAULT NULL COMMENT 'Value',
  PRIMARY KEY (`value_id`),
  UNIQUE KEY `CUSTOMER_ENTITY_DATETIME_ENTITY_ID_ATTRIBUTE_ID` (`entity_id`,`attribute_id`),
  KEY `CUSTOMER_ENTITY_DATETIME_ATTRIBUTE_ID` (`attribute_id`),
  KEY `CUSTOMER_ENTITY_DATETIME_ENTITY_ID_ATTRIBUTE_ID_VALUE` (`entity_id`,`attribute_id`,`value`),
  CONSTRAINT `CUSTOMER_ENTITY_DATETIME_ATTRIBUTE_ID_EAV_ATTRIBUTE_ATTRIBUTE_ID` FOREIGN KEY (`attribute_id`) REFERENCES `eav_attribute` (`attribute_id`) ON DELETE CASCADE,
  CONSTRAINT `CUSTOMER_ENTITY_DATETIME_ENTITY_ID_CUSTOMER_ENTITY_ENTITY_ID` FOREIGN KEY (`entity_id`) REFERENCES `customer_entity` (`entity_id`) ON DELETE CASCADE
) ENGINE=InnoDB DEFAULT CHARSET=utf8mb3 COMMENT='Customer Entity Datetime';

--
-- Dumping data for table `customer_entity_datetime`
--


--
-- Table structure for table `customer_entity_decimal`
--

CREATE TABLE `customer_entity_decimal` (
  `value_id` int NOT NULL AUTO_INCREMENT COMMENT 'Value ID',
  `attribute_id` smallint unsigned NOT NULL DEFAULT '0' COMMENT 'Attribute ID',
  `entity_id` int unsigned NOT NULL DEFAULT '0' COMMENT 'Entity ID',
  `value` decimal(12,4) NOT NULL DEFAULT '0.0000' COMMENT 'Value',
  PRIMARY KEY (`value_id`),
  UNIQUE KEY `CUSTOMER_ENTITY_DECIMAL_ENTITY_ID_ATTRIBUTE_ID` (`entity_id`,`attribute_id`),
  KEY `CUSTOMER_ENTITY_DECIMAL_ATTRIBUTE_ID` (`attribute_id`),
  KEY `CUSTOMER_ENTITY_DECIMAL_ENTITY_ID_ATTRIBUTE_ID_VALUE` (`entity_id`,`attribute_id`,`value`),
  CONSTRAINT `CUSTOMER_ENTITY_DECIMAL_ATTRIBUTE_ID_EAV_ATTRIBUTE_ATTRIBUTE_ID` FOREIGN KEY (`attribute_id`) REFERENCES `eav_attribute` (`attribute_id`) ON DELETE CASCADE,
  CONSTRAINT `CUSTOMER_ENTITY_DECIMAL_ENTITY_ID_CUSTOMER_ENTITY_ENTITY_ID` FOREIGN KEY (`entity_id`) REFERENCES `customer_entity` (`entity_id`) ON DELETE CASCADE
) ENGINE=InnoDB DEFAULT CHARSET=utf8mb3 COMMENT='Customer Entity Decimal';

--
-- Dumping data for table `customer_entity_decimal`
--


--
-- Table structure for table `customer_entity_int`
--

CREATE TABLE `customer_entity_int` (
  `value_id` int NOT NULL AUTO_INCREMENT COMMENT 'Value ID',
  `attribute_id` smallint unsigned NOT NULL DEFAULT '0' COMMENT 'Attribute ID',
  `entity_id` int unsigned NOT NULL DEFAULT '0' COMMENT 'Entity ID',
  `value` int NOT NULL DEFAULT '0' COMMENT 'Value',
  PRIMARY KEY (`value_id`),
  UNIQUE KEY `CUSTOMER_ENTITY_INT_ENTITY_ID_ATTRIBUTE_ID` (`entity_id`,`attribute_id`),
  KEY `CUSTOMER_ENTITY_INT_ATTRIBUTE_ID` (`attribute_id`),
  KEY `CUSTOMER_ENTITY_INT_ENTITY_ID_ATTRIBUTE_ID_VALUE` (`entity_id`,`attribute_id`,`value`),
  CONSTRAINT `CUSTOMER_ENTITY_INT_ATTRIBUTE_ID_EAV_ATTRIBUTE_ATTRIBUTE_ID` FOREIGN KEY (`attribute_id`) REFERENCES `eav_attribute` (`attribute_id`) ON DELETE CASCADE,
  CONSTRAINT `CUSTOMER_ENTITY_INT_ENTITY_ID_CUSTOMER_ENTITY_ENTITY_ID` FOREIGN KEY (`entity_id`) REFERENCES `customer_entity` (`entity_id`) ON DELETE CASCADE
) ENGINE=InnoDB DEFAULT CHARSET=utf8mb3 COMMENT='Customer Entity Int';

--
-- Dumping data for table `customer_entity_int`
--


--
-- Table structure for table `customer_entity_text`
--

CREATE TABLE `customer_entity_text` (
  `value_id` int NOT NULL AUTO_INCREMENT COMMENT 'Value ID',
  `attribute_id` smallint unsigned NOT NULL DEFAULT '0' COMMENT 'Attribute ID',
  `entity_id` int unsigned NOT NULL DEFAULT '0' COMMENT 'Entity ID',
  `value` text NOT NULL COMMENT 'Value',
  PRIMARY KEY (`value_id`),
  UNIQUE KEY `CUSTOMER_ENTITY_TEXT_ENTITY_ID_ATTRIBUTE_ID` (`entity_id`,`attribute_id`),
  KEY `CUSTOMER_ENTITY_TEXT_ATTRIBUTE_ID` (`attribute_id`),
  CONSTRAINT `CUSTOMER_ENTITY_TEXT_ATTRIBUTE_ID_EAV_ATTRIBUTE_ATTRIBUTE_ID` FOREIGN KEY (`attribute_id`) REFERENCES `eav_attribute` (`attribute_id`) ON DELETE CASCADE,
  CONSTRAINT `CUSTOMER_ENTITY_TEXT_ENTITY_ID_CUSTOMER_ENTITY_ENTITY_ID` FOREIGN KEY (`entity_id`) REFERENCES `customer_entity` (`entity_id`) ON DELETE CASCADE
) ENGINE=InnoDB DEFAULT CHARSET=utf8mb3 COMMENT='Customer Entity Text';

--
-- Dumping data for table `customer_entity_text`
--


--
-- Table structure for table `customer_entity_varchar`
--

CREATE TABLE `customer_entity_varchar` (
  `value_id` int NOT NULL AUTO_INCREMENT COMMENT 'Value ID',
  `attribute_id` smallint unsigned NOT NULL DEFAULT '0' COMMENT 'Attribute ID',
  `entity_id` int unsigned NOT NULL DEFAULT '0' COMMENT 'Entity ID',
  `value` varchar(255) DEFAULT NULL COMMENT 'Value',
  PRIMARY KEY (`value_id`),
  UNIQUE KEY `CUSTOMER_ENTITY_VARCHAR_ENTITY_ID_ATTRIBUTE_ID` (`entity_id`,`attribute_id`),
  KEY `CUSTOMER_ENTITY_VARCHAR_ATTRIBUTE_ID` (`attribute_id`),
  KEY `CUSTOMER_ENTITY_VARCHAR_ENTITY_ID_ATTRIBUTE_ID_VALUE` (`entity_id`,`attribute_id`,`value`),
  CONSTRAINT `CUSTOMER_ENTITY_VARCHAR_ATTRIBUTE_ID_EAV_ATTRIBUTE_ATTRIBUTE_ID` FOREIGN KEY (`attribute_id`) REFERENCES `eav_attribute` (`attribute_id`) ON DELETE CASCADE,
  CONSTRAINT `CUSTOMER_ENTITY_VARCHAR_ENTITY_ID_CUSTOMER_ENTITY_ENTITY_ID` FOREIGN KEY (`entity_id`) REFERENCES `customer_entity` (`entity_id`) ON DELETE CASCADE
) ENGINE=InnoDB DEFAULT CHARSET=utf8mb3 COMMENT='Customer Entity Varchar';

--
-- Dumping data for table `customer_entity_varchar`
--


--
-- Table structure for table `customer_form_attribute`
--

CREATE TABLE `customer_form_attribute` (
  `form_code` varchar(32) NOT NULL COMMENT 'Form Code',
  `attribute_id` smallint unsigned NOT NULL COMMENT 'Attribute ID',
  PRIMARY KEY (`form_code`,`attribute_id`),
  KEY `CUSTOMER_FORM_ATTRIBUTE_ATTRIBUTE_ID` (`attribute_id`),
  CONSTRAINT `CUSTOMER_FORM_ATTRIBUTE_ATTRIBUTE_ID_EAV_ATTRIBUTE_ATTRIBUTE_ID` FOREIGN KEY (`attribute_id`) REFERENCES `eav_attribute` (`attribute_id`) ON DELETE CASCADE
) ENGINE=InnoDB DEFAULT CHARSET=utf8mb3 COMMENT='Customer Form Attribute';

--
-- Dumping data for table `customer_form_attribute`
--

INSERT INTO `customer_form_attribute` VALUES ('adminhtml_customer',1),('adminhtml_customer',3),('adminhtml_customer',4),('customer_account_create',4),('customer_account_edit',4),('adminhtml_customer',5),('customer_account_create',5),('customer_account_edit',5),('adminhtml_customer',6),('customer_account_create',6),('customer_account_edit',6),('adminhtml_customer',7),('customer_account_create',7),('customer_account_edit',7),('adminhtml_customer',8),('customer_account_create',8),('customer_account_edit',8),('adminhtml_checkout',9),('adminhtml_customer',9),('customer_account_create',9),('customer_account_edit',9),('adminhtml_checkout',10),('adminhtml_customer',10),('adminhtml_checkout',11),('adminhtml_customer',11),('customer_account_create',11),('customer_account_edit',11),('adminhtml_checkout',17),('adminhtml_customer',17),('customer_account_create',17),('customer_account_edit',17),('adminhtml_customer',19),('customer_account_create',19),('customer_account_edit',19),('adminhtml_checkout',20),('adminhtml_customer',20),('customer_account_create',20),('customer_account_edit',20),('adminhtml_customer',21),('adminhtml_customer_address',22),('customer_address_edit',22),('customer_register_address',22),('adminhtml_customer_address',23),('customer_address_edit',23),('customer_register_address',23),('adminhtml_customer_address',24),('customer_address_edit',24),('customer_register_address',24),('adminhtml_customer_address',25),('customer_address_edit',25),('customer_register_address',25),('adminhtml_customer_address',26),('customer_address_edit',26),('customer_register_address',26),('adminhtml_customer_address',27),('customer_address_edit',27),('customer_register_address',27),('adminhtml_customer_address',28),('customer_address_edit',28),('customer_register_address',28),('adminhtml_customer_address',29),('customer_address_edit',29),('customer_register_address',29),('adminhtml_customer_address',30),('customer_address_edit',30),('customer_register_address',30),('adminhtml_customer_address',31),('customer_address_edit',31),('customer_register_address',31),('adminhtml_customer_address',32),('customer_address_edit',32),('customer_register_address',32),('adminhtml_customer_address',33),('customer_address_edit',33),('customer_register_address',33),('adminhtml_customer_address',34),('customer_address_edit',34),('customer_register_address',34),('adminhtml_customer_address',35),('customer_address_edit',35),('customer_register_address',35),('adminhtml_customer_address',36),('customer_address_edit',36),('customer_register_address',36),('adminhtml_customer',141);

--
-- Table structure for table `customer_grid_flat`
--

CREATE TABLE `customer_grid_flat` (
  `entity_id` int unsigned NOT NULL COMMENT 'Entity ID',
  `name` text COMMENT 'Name',
  `email` varchar(255) DEFAULT NULL COMMENT 'Email',
  `group_id` int DEFAULT NULL COMMENT 'Group_id',
  `created_at` timestamp NULL DEFAULT NULL COMMENT 'Created_at',
  `website_id` int DEFAULT NULL COMMENT 'Website_id',
  `confirmation` varchar(255) DEFAULT NULL COMMENT 'Confirmation',
  `created_in` text COMMENT 'Created_in',
  `dob` date DEFAULT NULL COMMENT 'Dob',
  `gender` int DEFAULT NULL COMMENT 'Gender',
  `taxvat` varchar(255) DEFAULT NULL COMMENT 'Taxvat',
  `lock_expires` timestamp NULL DEFAULT NULL COMMENT 'Lock_expires',
  `shipping_full` text COMMENT 'Shipping_full',
  `billing_full` text COMMENT 'Billing_full',
  `billing_firstname` varchar(255) DEFAULT NULL COMMENT 'Billing_firstname',
  `billing_lastname` varchar(255) DEFAULT NULL COMMENT 'Billing_lastname',
  `billing_telephone` varchar(255) DEFAULT NULL COMMENT 'Billing_telephone',
  `billing_postcode` varchar(255) DEFAULT NULL COMMENT 'Billing_postcode',
  `billing_country_id` varchar(255) DEFAULT NULL COMMENT 'Billing_country_id',
  `billing_region` varchar(255) DEFAULT NULL COMMENT 'Billing_region',
  `billing_region_id` int DEFAULT NULL COMMENT 'Billing_region_id',
  `billing_street` varchar(255) DEFAULT NULL COMMENT 'Billing_street',
  `billing_city` varchar(255) DEFAULT NULL COMMENT 'Billing_city',
  `billing_fax` varchar(255) DEFAULT NULL COMMENT 'Billing_fax',
  `billing_vat_id` varchar(255) DEFAULT NULL COMMENT 'Billing_vat_id',
  `billing_company` varchar(255) DEFAULT NULL COMMENT 'Billing_company',
  PRIMARY KEY (`entity_id`),
  KEY `CUSTOMER_GRID_FLAT_GROUP_ID` (`group_id`),
  KEY `CUSTOMER_GRID_FLAT_CREATED_AT` (`created_at`),
  KEY `CUSTOMER_GRID_FLAT_WEBSITE_ID` (`website_id`),
  KEY `CUSTOMER_GRID_FLAT_CONFIRMATION` (`confirmation`),
  KEY `CUSTOMER_GRID_FLAT_DOB` (`dob`),
  KEY `CUSTOMER_GRID_FLAT_GENDER` (`gender`),
  KEY `CUSTOMER_GRID_FLAT_BILLING_COUNTRY_ID` (`billing_country_id`),
  FULLTEXT KEY `FTI_8746F705702DD5F6D45B8C7CE7FE9F2F` (`name`,`email`,`created_in`,`taxvat`,`shipping_full`,`billing_full`,`billing_firstname`,`billing_lastname`,`billing_telephone`,`billing_postcode`,`billing_region`,`billing_city`,`billing_fax`,`billing_company`)
) ENGINE=InnoDB DEFAULT CHARSET=utf8mb3 COMMENT='customer_grid_flat';

--
-- Dumping data for table `customer_grid_flat`
--

INSERT INTO `customer_grid_flat` VALUES (1,'Santosh Yadav','santoshy@futuresoftindia.com',1,'2024-05-07 10:26:45',1,NULL,'Default Store View',NULL,0,'9726078792',NULL,'B 131 noida Uttar Pradesh 201301','B 131 noida Uttar Pradesh 201301','Santosh','Yadav','9898090123','201301','IN','Uttar Pradesh',602,'B 131','noida',NULL,NULL,NULL),(2,'farooq hussain','farooqh@futuresoftindia.com',1,'2024-06-25 11:55:58',1,NULL,'Default Store View',NULL,NULL,NULL,NULL,'delhi delhi Delhi 110025','delhi delhi Delhi 110025','farooq','hussain','9810467111','110025','IN','Delhi',578,'delhi','delhi',NULL,NULL,'fs'),(3,'Guest User','farooqhussain8439@gmail.com',1,'2024-06-26 06:14:07',1,NULL,'Default Store View',NULL,NULL,NULL,NULL,'','',NULL,NULL,NULL,NULL,NULL,NULL,NULL,NULL,NULL,NULL,NULL,NULL),(4,'Guest User','farooqasd@gmail.com',1,'2024-06-26 13:11:45',1,NULL,'Default Store View',NULL,NULL,NULL,NULL,'','',NULL,NULL,NULL,NULL,NULL,NULL,NULL,NULL,NULL,NULL,NULL,NULL);

--
-- Table structure for table `customer_group`
--

CREATE TABLE `customer_group` (
  `customer_group_id` int unsigned NOT NULL AUTO_INCREMENT,
  `customer_group_code` varchar(32) NOT NULL COMMENT 'Customer Group Code',
  `tax_class_id` int unsigned NOT NULL DEFAULT '0' COMMENT 'Tax Class ID',
  PRIMARY KEY (`customer_group_id`)
) ENGINE=InnoDB AUTO_INCREMENT=4 DEFAULT CHARSET=utf8mb3 COMMENT='Customer Group';

--
-- Dumping data for table `customer_group`
--

INSERT INTO `customer_group` VALUES (0,'NOT LOGGED IN',3),(1,'General',3),(2,'Wholesale',3),(3,'Retailer',3);

--
-- Table structure for table `customer_group_excluded_website`
--

CREATE TABLE `customer_group_excluded_website` (
  `entity_id` int unsigned NOT NULL AUTO_INCREMENT,
  `customer_group_id` int unsigned NOT NULL COMMENT 'Customer Group ID',
  `website_id` smallint unsigned NOT NULL COMMENT 'Excluded Website ID from Customer Group',
  PRIMARY KEY (`entity_id`),
  KEY `CUSTOMER_GROUP_EXCLUDED_WEBSITE_CUSTOMER_GROUP_ID_WEBSITE_ID` (`customer_group_id`,`website_id`)
) ENGINE=InnoDB DEFAULT CHARSET=utf8mb3 COMMENT='Excluded Websites From Customer Group';

--
-- Dumping data for table `customer_group_excluded_website`
--


--
-- Table structure for table `customer_log`
--

CREATE TABLE `customer_log` (
  `log_id` int NOT NULL AUTO_INCREMENT COMMENT 'Log ID',
  `customer_id` int NOT NULL COMMENT 'Customer ID',
  `last_login_at` timestamp NULL DEFAULT NULL COMMENT 'Last Login Time',
  `last_logout_at` timestamp NULL DEFAULT NULL COMMENT 'Last Logout Time',
  PRIMARY KEY (`log_id`),
  UNIQUE KEY `CUSTOMER_LOG_CUSTOMER_ID` (`customer_id`)
) ENGINE=InnoDB AUTO_INCREMENT=140 DEFAULT CHARSET=utf8mb3 COMMENT='Customer Log Table';

--
-- Dumping data for table `customer_log`
--

INSERT INTO `customer_log` VALUES (1,1,'2024-08-13 06:46:49','2024-08-08 09:03:27'),(49,2,'2024-07-25 05:28:18','2024-07-24 12:50:37');

--
-- Table structure for table `customer_visitor`
--

CREATE TABLE `customer_visitor` (
  `visitor_id` bigint unsigned NOT NULL AUTO_INCREMENT COMMENT 'Visitor ID',
  `customer_id` int DEFAULT NULL COMMENT 'Customer ID',
  `session_id` varchar(1) DEFAULT NULL COMMENT 'Deprecated: Session ID value no longer used',
  `created_at` timestamp NOT NULL DEFAULT CURRENT_TIMESTAMP COMMENT 'Created At',
  `last_visit_at` timestamp NOT NULL DEFAULT CURRENT_TIMESTAMP ON UPDATE CURRENT_TIMESTAMP COMMENT 'Last Visit Time',
  PRIMARY KEY (`visitor_id`),
  KEY `CUSTOMER_VISITOR_CUSTOMER_ID` (`customer_id`),
  KEY `CUSTOMER_VISITOR_LAST_VISIT_AT` (`last_visit_at`)
) ENGINE=InnoDB AUTO_INCREMENT=390 DEFAULT CHARSET=utf8mb3 COMMENT='Visitor Table';

--
-- Dumping data for table `customer_visitor`
--

INSERT INTO `customer_visitor` VALUES (353,1,NULL,'2024-08-12 07:15:24','2024-08-12 07:27:36'),(354,NULL,NULL,'2024-08-12 09:03:22','2024-08-12 09:03:22'),(355,NULL,NULL,'2024-08-12 09:03:22','2024-08-12 13:25:41'),(356,NULL,NULL,'2024-08-12 09:09:46','2024-08-12 09:09:56'),(357,NULL,NULL,'2024-08-12 09:12:12','2024-08-12 09:16:16'),(358,NULL,NULL,'2024-08-12 09:20:48','2024-08-12 09:20:55'),(359,NULL,NULL,'2024-08-12 09:21:32','2024-08-12 09:22:44'),(360,NULL,NULL,'2024-08-12 09:23:06','2024-08-12 09:23:10'),(361,NULL,NULL,'2024-08-12 10:52:38','2024-08-12 10:52:53'),(362,NULL,NULL,'2024-08-12 10:53:31','2024-08-12 10:53:38'),(363,NULL,NULL,'2024-08-12 11:42:07','2024-08-12 11:43:35'),(364,NULL,NULL,'2024-08-12 12:13:59','2024-08-12 12:14:59'),(365,NULL,NULL,'2024-08-12 13:22:28','2024-08-12 13:31:03'),(366,NULL,NULL,'2024-08-12 13:26:50','2024-08-12 13:26:51'),(367,1,NULL,'2024-08-13 06:04:29','2024-08-13 07:10:02'),(368,NULL,NULL,'2024-08-13 07:59:50','2024-08-13 07:59:54'),(369,NULL,NULL,'2024-08-13 08:04:16','2024-08-13 08:04:24'),(370,NULL,NULL,'2024-08-13 09:27:48','2024-08-13 09:27:49'),(371,NULL,NULL,'2024-08-13 10:17:35','2024-08-13 10:17:53'),(372,NULL,NULL,'2024-08-13 10:55:41','2024-08-13 11:11:06'),(373,NULL,NULL,'2024-08-13 12:18:41','2024-08-13 13:07:31'),(374,NULL,NULL,'2024-08-13 13:08:36','2024-08-13 13:23:57'),(375,NULL,NULL,'2024-08-14 06:19:38','2024-08-14 06:52:27'),(376,NULL,NULL,'2024-08-14 07:33:39','2024-08-14 07:33:39'),(377,NULL,NULL,'2024-08-14 09:34:15','2024-08-14 09:34:22'),(378,NULL,NULL,'2024-08-19 10:13:16','2024-08-19 10:13:16'),(379,NULL,NULL,'2024-08-19 10:13:16','2024-08-19 10:13:19'),(380,NULL,NULL,'2024-08-20 05:11:53','2024-08-20 05:11:55'),(381,NULL,NULL,'2024-08-20 09:43:22','2024-08-20 09:43:22'),(382,NULL,NULL,'2024-08-20 10:43:45','2024-08-20 10:43:47'),(383,NULL,NULL,'2024-08-20 10:43:45','2024-08-20 10:43:45'),(384,NULL,NULL,'2024-08-20 11:25:46','2024-08-20 11:25:50'),(385,NULL,NULL,'2024-08-21 09:27:07','2024-08-21 09:27:07'),(386,NULL,NULL,'2024-08-22 04:57:22','2024-08-22 04:58:27'),(387,NULL,NULL,'2024-08-22 05:17:55','2024-08-22 05:35:31'),(388,NULL,NULL,'2024-08-22 07:32:30','2024-08-22 07:32:45'),(389,NULL,NULL,'2024-08-22 07:33:22','2024-08-22 07:33:43');

--
-- Table structure for table `design_change`
--

CREATE TABLE `design_change` (
  `design_change_id` int NOT NULL AUTO_INCREMENT COMMENT 'Design Change ID',
  `store_id` smallint unsigned NOT NULL DEFAULT '0' COMMENT 'Store ID',
  `design` varchar(255) DEFAULT NULL COMMENT 'Design',
  `date_from` date DEFAULT NULL COMMENT 'First Date of Design Activity',
  `date_to` date DEFAULT NULL COMMENT 'Last Date of Design Activity',
  PRIMARY KEY (`design_change_id`),
  KEY `DESIGN_CHANGE_STORE_ID` (`store_id`),
  CONSTRAINT `DESIGN_CHANGE_STORE_ID_STORE_STORE_ID` FOREIGN KEY (`store_id`) REFERENCES `store` (`store_id`) ON DELETE CASCADE
) ENGINE=InnoDB DEFAULT CHARSET=utf8mb3 COMMENT='Design Changes';

--
-- Dumping data for table `design_change`
--


--
-- Table structure for table `design_config_grid_flat`
--

CREATE TABLE `design_config_grid_flat` (
  `entity_id` int unsigned NOT NULL COMMENT 'Entity ID',
  `store_website_id` int DEFAULT NULL COMMENT 'Store_website_id',
  `store_group_id` int DEFAULT NULL COMMENT 'Store_group_id',
  `store_id` int DEFAULT NULL COMMENT 'Store_id',
  `theme_theme_id` varchar(255) DEFAULT NULL COMMENT 'Theme_theme_id',
  PRIMARY KEY (`entity_id`),
  KEY `DESIGN_CONFIG_GRID_FLAT_STORE_WEBSITE_ID` (`store_website_id`),
  KEY `DESIGN_CONFIG_GRID_FLAT_STORE_GROUP_ID` (`store_group_id`),
  KEY `DESIGN_CONFIG_GRID_FLAT_STORE_ID` (`store_id`),
  FULLTEXT KEY `DESIGN_CONFIG_GRID_FLAT_THEME_THEME_ID` (`theme_theme_id`)
) ENGINE=InnoDB DEFAULT CHARSET=utf8mb3 COMMENT='design_config_grid_flat';

--
-- Dumping data for table `design_config_grid_flat`
--

INSERT INTO `design_config_grid_flat` VALUES (0,NULL,NULL,NULL,''),(1,1,NULL,NULL,''),(2,1,1,1,'4');

--
-- Table structure for table `directory_country`
--

CREATE TABLE `directory_country` (
  `country_id` varchar(2) NOT NULL COMMENT 'Country ID in ISO-2',
  `iso2_code` varchar(2) DEFAULT NULL COMMENT 'Country ISO-2 format',
  `iso3_code` varchar(3) DEFAULT NULL COMMENT 'Country ISO-3',
  PRIMARY KEY (`country_id`)
) ENGINE=InnoDB DEFAULT CHARSET=utf8mb3 COMMENT='Directory Country';

--
-- Dumping data for table `directory_country`
--

INSERT INTO `directory_country` VALUES ('AD','AD','AND'),('AE','AE','ARE'),('AF','AF','AFG'),('AG','AG','ATG'),('AI','AI','AIA'),('AL','AL','ALB'),('AM','AM','ARM'),('AN','AN','ANT'),('AO','AO','AGO'),('AQ','AQ','ATA'),('AR','AR','ARG'),('AS','AS','ASM'),('AT','AT','AUT'),('AU','AU','AUS'),('AW','AW','ABW'),('AX','AX','ALA'),('AZ','AZ','AZE'),('BA','BA','BIH'),('BB','BB','BRB'),('BD','BD','BGD'),('BE','BE','BEL'),('BF','BF','BFA'),('BG','BG','BGR'),('BH','BH','BHR'),('BI','BI','BDI'),('BJ','BJ','BEN'),('BL','BL','BLM'),('BM','BM','BMU'),('BN','BN','BRN'),('BO','BO','BOL'),('BQ','BQ','BES'),('BR','BR','BRA'),('BS','BS','BHS'),('BT','BT','BTN'),('BV','BV','BVT'),('BW','BW','BWA'),('BY','BY','BLR'),('BZ','BZ','BLZ'),('CA','CA','CAN'),('CC','CC','CCK'),('CD','CD','COD'),('CF','CF','CAF'),('CG','CG','COG'),('CH','CH','CHE'),('CI','CI','CIV'),('CK','CK','COK'),('CL','CL','CHL'),('CM','CM','CMR'),('CN','CN','CHN'),('CO','CO','COL'),('CR','CR','CRI'),('CU','CU','CUB'),('CV','CV','CPV'),('CW','CW','CUW'),('CX','CX','CXR'),('CY','CY','CYP'),('CZ','CZ','CZE'),('DE','DE','DEU'),('DJ','DJ','DJI'),('DK','DK','DNK'),('DM','DM','DMA'),('DO','DO','DOM'),('DZ','DZ','DZA'),('EC','EC','ECU'),('EE','EE','EST'),('EG','EG','EGY'),('EH','EH','ESH'),('ER','ER','ERI'),('ES','ES','ESP'),('ET','ET','ETH'),('FI','FI','FIN'),('FJ','FJ','FJI'),('FK','FK','FLK'),('FM','FM','FSM'),('FO','FO','FRO'),('FR','FR','FRA'),('GA','GA','GAB'),('GB','GB','GBR'),('GD','GD','GRD'),('GE','GE','GEO'),('GF','GF','GUF'),('GG','GG','GGY'),('GH','GH','GHA'),('GI','GI','GIB'),('GL','GL','GRL'),('GM','GM','GMB'),('GN','GN','GIN'),('GP','GP','GLP'),('GQ','GQ','GNQ'),('GR','GR','GRC'),('GS','GS','SGS'),('GT','GT','GTM'),('GU','GU','GUM'),('GW','GW','GNB'),('GY','GY','GUY'),('HK','HK','HKG'),('HM','HM','HMD'),('HN','HN','HND'),('HR','HR','HRV'),('HT','HT','HTI'),('HU','HU','HUN'),('ID','ID','IDN'),('IE','IE','IRL'),('IL','IL','ISR'),('IM','IM','IMN'),('IN','IN','IND'),('IO','IO','IOT'),('IQ','IQ','IRQ'),('IR','IR','IRN'),('IS','IS','ISL'),('IT','IT','ITA'),('JE','JE','JEY'),('JM','JM','JAM'),('JO','JO','JOR'),('JP','JP','JPN'),('KE','KE','KEN'),('KG','KG','KGZ'),('KH','KH','KHM'),('KI','KI','KIR'),('KM','KM','COM'),('KN','KN','KNA'),('KP','KP','PRK'),('KR','KR','KOR'),('KW','KW','KWT'),('KY','KY','CYM'),('KZ','KZ','KAZ'),('LA','LA','LAO'),('LB','LB','LBN'),('LC','LC','LCA'),('LI','LI','LIE'),('LK','LK','LKA'),('LR','LR','LBR'),('LS','LS','LSO'),('LT','LT','LTU'),('LU','LU','LUX'),('LV','LV','LVA'),('LY','LY','LBY'),('MA','MA','MAR'),('MC','MC','MCO'),('MD','MD','MDA'),('ME','ME','MNE'),('MF','MF','MAF'),('MG','MG','MDG'),('MH','MH','MHL'),('MK','MK','MKD'),('ML','ML','MLI'),('MM','MM','MMR'),('MN','MN','MNG'),('MO','MO','MAC'),('MP','MP','MNP'),('MQ','MQ','MTQ'),('MR','MR','MRT'),('MS','MS','MSR'),('MT','MT','MLT'),('MU','MU','MUS'),('MV','MV','MDV'),('MW','MW','MWI'),('MX','MX','MEX'),('MY','MY','MYS'),('MZ','MZ','MOZ'),('NA','NA','NAM'),('NC','NC','NCL'),('NE','NE','NER'),('NF','NF','NFK'),('NG','NG','NGA'),('NI','NI','NIC'),('NL','NL','NLD'),('NO','NO','NOR'),('NP','NP','NPL'),('NR','NR','NRU'),('NU','NU','NIU'),('NZ','NZ','NZL'),('OM','OM','OMN'),('PA','PA','PAN'),('PE','PE','PER'),('PF','PF','PYF'),('PG','PG','PNG'),('PH','PH','PHL'),('PK','PK','PAK'),('PL','PL','POL'),('PM','PM','SPM'),('PN','PN','PCN'),('PS','PS','PSE'),('PT','PT','PRT'),('PW','PW','PLW'),('PY','PY','PRY'),('QA','QA','QAT'),('RE','RE','REU'),('RO','RO','ROU'),('RS','RS','SRB'),('RU','RU','RUS'),('RW','RW','RWA'),('SA','SA','SAU'),('SB','SB','SLB'),('SC','SC','SYC'),('SD','SD','SDN'),('SE','SE','SWE'),('SG','SG','SGP'),('SH','SH','SHN'),('SI','SI','SVN'),('SJ','SJ','SJM'),('SK','SK','SVK'),('SL','SL','SLE'),('SM','SM','SMR'),('SN','SN','SEN'),('SO','SO','SOM'),('SR','SR','SUR'),('ST','ST','STP'),('SV','SV','SLV'),('SX','SX','SXM'),('SY','SY','SYR'),('SZ','SZ','SWZ'),('TC','TC','TCA'),('TD','TD','TCD'),('TF','TF','ATF'),('TG','TG','TGO'),('TH','TH','THA'),('TJ','TJ','TJK'),('TK','TK','TKL'),('TL','TL','TLS'),('TM','TM','TKM'),('TN','TN','TUN'),('TO','TO','TON'),('TR','TR','TUR'),('TT','TT','TTO'),('TV','TV','TUV'),('TW','TW','TWN'),('TZ','TZ','TZA'),('UA','UA','UKR'),('UG','UG','UGA'),('UM','UM','UMI'),('US','US','USA'),('UY','UY','URY'),('UZ','UZ','UZB'),('VA','VA','VAT'),('VC','VC','VCT'),('VE','VE','VEN'),('VG','VG','VGB'),('VI','VI','VIR'),('VN','VN','VNM'),('VU','VU','VUT'),('WF','WF','WLF'),('WS','WS','WSM'),('XK','XK','XKX'),('YE','YE','YEM'),('YT','YT','MYT'),('ZA','ZA','ZAF'),('ZM','ZM','ZMB'),('ZW','ZW','ZWE');

--
-- Table structure for table `directory_country_format`
--

CREATE TABLE `directory_country_format` (
  `country_format_id` int unsigned NOT NULL AUTO_INCREMENT COMMENT 'Country Format ID',
  `country_id` varchar(2) DEFAULT NULL COMMENT 'Country ID in ISO-2',
  `type` varchar(30) DEFAULT NULL COMMENT 'Country Format Type',
  `format` text NOT NULL COMMENT 'Country Format',
  PRIMARY KEY (`country_format_id`),
  UNIQUE KEY `DIRECTORY_COUNTRY_FORMAT_COUNTRY_ID_TYPE` (`country_id`,`type`)
) ENGINE=InnoDB DEFAULT CHARSET=utf8mb3 COMMENT='Directory Country Format';

--
-- Dumping data for table `directory_country_format`
--


--
-- Table structure for table `directory_country_region`
--

CREATE TABLE `directory_country_region` (
  `region_id` int unsigned NOT NULL AUTO_INCREMENT COMMENT 'Region ID',
  `country_id` varchar(4) NOT NULL DEFAULT '0' COMMENT 'Country ID in ISO-2',
  `code` varchar(32) DEFAULT NULL COMMENT 'Region code',
  `default_name` varchar(255) DEFAULT NULL COMMENT 'Region Name',
  PRIMARY KEY (`region_id`),
  KEY `DIRECTORY_COUNTRY_REGION_COUNTRY_ID` (`country_id`)
) ENGINE=InnoDB AUTO_INCREMENT=1122 DEFAULT CHARSET=utf8mb3 COMMENT='Directory Country Region';

--
-- Dumping data for table `directory_country_region`
--

INSERT INTO `directory_country_region` VALUES (1,'US','AL','Alabama'),(2,'US','AK','Alaska'),(3,'US','AS','American Samoa'),(4,'US','AZ','Arizona'),(5,'US','AR','Arkansas'),(6,'US','AE','Armed Forces Africa'),(7,'US','AA','Armed Forces Americas'),(8,'US','AE','Armed Forces Canada'),(9,'US','AE','Armed Forces Europe'),(10,'US','AE','Armed Forces Middle East'),(11,'US','AP','Armed Forces Pacific'),(12,'US','CA','California'),(13,'US','CO','Colorado'),(14,'US','CT','Connecticut'),(15,'US','DE','Delaware'),(16,'US','DC','District of Columbia'),(17,'US','FM','Federated States Of Micronesia'),(18,'US','FL','Florida'),(19,'US','GA','Georgia'),(20,'US','GU','Guam'),(21,'US','HI','Hawaii'),(22,'US','ID','Idaho'),(23,'US','IL','Illinois'),(24,'US','IN','Indiana'),(25,'US','IA','Iowa'),(26,'US','KS','Kansas'),(27,'US','KY','Kentucky'),(28,'US','LA','Louisiana'),(29,'US','ME','Maine'),(30,'US','MH','Marshall Islands'),(31,'US','MD','Maryland'),(32,'US','MA','Massachusetts'),(33,'US','MI','Michigan'),(34,'US','MN','Minnesota'),(35,'US','MS','Mississippi'),(36,'US','MO','Missouri'),(37,'US','MT','Montana'),(38,'US','NE','Nebraska'),(39,'US','NV','Nevada'),(40,'US','NH','New Hampshire'),(41,'US','NJ','New Jersey'),(42,'US','NM','New Mexico'),(43,'US','NY','New York'),(44,'US','NC','North Carolina'),(45,'US','ND','North Dakota'),(46,'US','MP','Northern Mariana Islands'),(47,'US','OH','Ohio'),(48,'US','OK','Oklahoma'),(49,'US','OR','Oregon'),(50,'US','PW','Palau'),(51,'US','PA','Pennsylvania'),(52,'US','PR','Puerto Rico'),(53,'US','RI','Rhode Island'),(54,'US','SC','South Carolina'),(55,'US','SD','South Dakota'),(56,'US','TN','Tennessee'),(57,'US','TX','Texas'),(58,'US','UT','Utah'),(59,'US','VT','Vermont'),(60,'US','VI','Virgin Islands'),(61,'US','VA','Virginia'),(62,'US','WA','Washington'),(63,'US','WV','West Virginia'),(64,'US','WI','Wisconsin'),(65,'US','WY','Wyoming'),(66,'CA','AB','Alberta'),(67,'CA','BC','British Columbia'),(68,'CA','MB','Manitoba'),(69,'CA','NL','Newfoundland and Labrador'),(70,'CA','NB','New Brunswick'),(71,'CA','NS','Nova Scotia'),(72,'CA','NT','Northwest Territories'),(73,'CA','NU','Nunavut'),(74,'CA','ON','Ontario'),(75,'CA','PE','Prince Edward Island'),(76,'CA','QC','Quebec'),(77,'CA','SK','Saskatchewan'),(78,'CA','YT','Yukon Territory'),(79,'DE','NDS','Niedersachsen'),(80,'DE','BAW','Baden-Württemberg'),(81,'DE','BAY','Bayern'),(82,'DE','BER','Berlin'),(83,'DE','BRG','Brandenburg'),(84,'DE','BRE','Bremen'),(85,'DE','HAM','Hamburg'),(86,'DE','HES','Hessen'),(87,'DE','MEC','Mecklenburg-Vorpommern'),(88,'DE','NRW','Nordrhein-Westfalen'),(89,'DE','RHE','Rheinland-Pfalz'),(90,'DE','SAR','Saarland'),(91,'DE','SAS','Sachsen'),(92,'DE','SAC','Sachsen-Anhalt'),(93,'DE','SCN','Schleswig-Holstein'),(94,'DE','THE','Thüringen'),(95,'AT','WI','Wien'),(96,'AT','NO','Niederösterreich'),(97,'AT','OO','Oberösterreich'),(98,'AT','SB','Salzburg'),(99,'AT','KN','Kärnten'),(100,'AT','ST','Steiermark'),(101,'AT','TI','Tirol'),(102,'AT','BL','Burgenland'),(103,'AT','VB','Vorarlberg'),(104,'CH','AG','Aargau'),(105,'CH','AI','Appenzell Innerrhoden'),(106,'CH','AR','Appenzell Ausserrhoden'),(107,'CH','BE','Bern'),(108,'CH','BL','Basel-Landschaft'),(109,'CH','BS','Basel-Stadt'),(110,'CH','FR','Friburg'),(111,'CH','GE','Geneva'),(112,'CH','GL','Glarus'),(113,'CH','GR','Graubünden'),(114,'CH','JU','Jura'),(115,'CH','LU','Lucerne'),(116,'CH','NE','Neuchâtel'),(117,'CH','NW','Nidwalden'),(118,'CH','OW','Obwalden'),(119,'CH','SG','St. Gallen'),(120,'CH','SH','Schaffhausen'),(121,'CH','SO','Solothurn'),(122,'CH','SZ','Schwyz'),(123,'CH','TG','Thurgau'),(124,'CH','TI','Ticino'),(125,'CH','UR','Uri'),(126,'CH','VD','Vaud'),(127,'CH','VS','Wallis'),(128,'CH','ZG','Zug'),(129,'CH','ZH','Zürich'),(130,'ES','A Coruсa','A Coruña'),(131,'ES','Alava','Alava'),(132,'ES','Albacete','Albacete'),(133,'ES','Alicante','Alicante'),(134,'ES','Almeria','Almeria'),(135,'ES','Asturias','Asturias'),(136,'ES','Avila','Avila'),(137,'ES','Badajoz','Badajoz'),(138,'ES','Baleares','Baleares'),(139,'ES','Barcelona','Barcelona'),(140,'ES','Burgos','Burgos'),(141,'ES','Caceres','Caceres'),(142,'ES','Cadiz','Cadiz'),(143,'ES','Cantabria','Cantabria'),(144,'ES','Castellon','Castellon'),(145,'ES','Ceuta','Ceuta'),(146,'ES','Ciudad Real','Ciudad Real'),(147,'ES','Cordoba','Cordoba'),(148,'ES','Cuenca','Cuenca'),(149,'ES','Girona','Girona'),(150,'ES','Granada','Granada'),(151,'ES','Guadalajara','Guadalajara'),(152,'ES','Guipuzcoa','Guipuzcoa'),(153,'ES','Huelva','Huelva'),(154,'ES','Huesca','Huesca'),(155,'ES','Jaen','Jaen'),(156,'ES','La Rioja','La Rioja'),(157,'ES','Las Palmas','Las Palmas'),(158,'ES','Leon','Leon'),(159,'ES','Lleida','Lleida'),(160,'ES','Lugo','Lugo'),(161,'ES','Madrid','Madrid'),(162,'ES','Malaga','Malaga'),(163,'ES','Melilla','Melilla'),(164,'ES','Murcia','Murcia'),(165,'ES','Navarra','Navarra'),(166,'ES','Ourense','Ourense'),(167,'ES','Palencia','Palencia'),(168,'ES','Pontevedra','Pontevedra'),(169,'ES','Salamanca','Salamanca'),(170,'ES','Santa Cruz de Tenerife','Santa Cruz de Tenerife'),(171,'ES','Segovia','Segovia'),(172,'ES','Sevilla','Sevilla'),(173,'ES','Soria','Soria'),(174,'ES','Tarragona','Tarragona'),(175,'ES','Teruel','Teruel'),(176,'ES','Toledo','Toledo'),(177,'ES','Valencia','Valencia'),(178,'ES','Valladolid','Valladolid'),(179,'ES','Vizcaya','Vizcaya'),(180,'ES','Zamora','Zamora'),(181,'ES','Zaragoza','Zaragoza'),(182,'FR','1','Ain'),(183,'FR','2','Aisne'),(184,'FR','3','Allier'),(185,'FR','4','Alpes-de-Haute-Provence'),(186,'FR','5','Hautes-Alpes'),(187,'FR','6','Alpes-Maritimes'),(188,'FR','7','Ardèche'),(189,'FR','8','Ardennes'),(190,'FR','9','Ariège'),(191,'FR','10','Aube'),(192,'FR','11','Aude'),(193,'FR','12','Aveyron'),(194,'FR','13','Bouches-du-Rhône'),(195,'FR','14','Calvados'),(196,'FR','15','Cantal'),(197,'FR','16','Charente'),(198,'FR','17','Charente-Maritime'),(199,'FR','18','Cher'),(200,'FR','19','Corrèze'),(201,'FR','2A','Corse-du-Sud'),(202,'FR','2B','Haute-Corse'),(203,'FR','21','Côte-d\'Or'),(204,'FR','22','Côtes-d\'Armor'),(205,'FR','23','Creuse'),(206,'FR','24','Dordogne'),(207,'FR','25','Doubs'),(208,'FR','26','Drôme'),(209,'FR','27','Eure'),(210,'FR','28','Eure-et-Loir'),(211,'FR','29','Finistère'),(212,'FR','30','Gard'),(213,'FR','31','Haute-Garonne'),(214,'FR','32','Gers'),(215,'FR','33','Gironde'),(216,'FR','34','Hérault'),(217,'FR','35','Ille-et-Vilaine'),(218,'FR','36','Indre'),(219,'FR','37','Indre-et-Loire'),(220,'FR','38','Isère'),(221,'FR','39','Jura'),(222,'FR','40','Landes'),(223,'FR','41','Loir-et-Cher'),(224,'FR','42','Loire'),(225,'FR','43','Haute-Loire'),(226,'FR','44','Loire-Atlantique'),(227,'FR','45','Loiret'),(228,'FR','46','Lot'),(229,'FR','47','Lot-et-Garonne'),(230,'FR','48','Lozère'),(231,'FR','49','Maine-et-Loire'),(232,'FR','50','Manche'),(233,'FR','51','Marne'),(234,'FR','52','Haute-Marne'),(235,'FR','53','Mayenne'),(236,'FR','54','Meurthe-et-Moselle'),(237,'FR','55','Meuse'),(238,'FR','56','Morbihan'),(239,'FR','57','Moselle'),(240,'FR','58','Nièvre'),(241,'FR','59','Nord'),(242,'FR','60','Oise'),(243,'FR','61','Orne'),(244,'FR','62','Pas-de-Calais'),(245,'FR','63','Puy-de-Dôme'),(246,'FR','64','Pyrénées-Atlantiques'),(247,'FR','65','Hautes-Pyrénées'),(248,'FR','66','Pyrénées-Orientales'),(249,'FR','67','Bas-Rhin'),(250,'FR','68','Haut-Rhin'),(251,'FR','69','Rhône'),(252,'FR','70','Haute-Saône'),(253,'FR','71','Saône-et-Loire'),(254,'FR','72','Sarthe'),(255,'FR','73','Savoie'),(256,'FR','74','Haute-Savoie'),(257,'FR','75','Paris'),(258,'FR','76','Seine-Maritime'),(259,'FR','77','Seine-et-Marne'),(260,'FR','78','Yvelines'),(261,'FR','79','Deux-Sèvres'),(262,'FR','80','Somme'),(263,'FR','81','Tarn'),(264,'FR','82','Tarn-et-Garonne'),(265,'FR','83','Var'),(266,'FR','84','Vaucluse'),(267,'FR','85','Vendée'),(268,'FR','86','Vienne'),(269,'FR','87','Haute-Vienne'),(270,'FR','88','Vosges'),(271,'FR','89','Yonne'),(272,'FR','90','Territoire-de-Belfort'),(273,'FR','91','Essonne'),(274,'FR','92','Hauts-de-Seine'),(275,'FR','93','Seine-Saint-Denis'),(276,'FR','94','Val-de-Marne'),(277,'FR','95','Val-d\'Oise'),(278,'RO','AB','Alba'),(279,'RO','AR','Arad'),(280,'RO','AG','Argeş'),(281,'RO','BC','Bacău'),(282,'RO','BH','Bihor'),(283,'RO','BN','Bistriţa-Năsăud'),(284,'RO','BT','Botoşani'),(285,'RO','BV','Braşov'),(286,'RO','BR','Brăila'),(287,'RO','B','Bucureşti'),(288,'RO','BZ','Buzău'),(289,'RO','CS','Caraş-Severin'),(290,'RO','CL','Călăraşi'),(291,'RO','CJ','Cluj'),(292,'RO','CT','Constanţa'),(293,'RO','CV','Covasna'),(294,'RO','DB','Dâmboviţa'),(295,'RO','DJ','Dolj'),(296,'RO','GL','Galaţi'),(297,'RO','GR','Giurgiu'),(298,'RO','GJ','Gorj'),(299,'RO','HR','Harghita'),(300,'RO','HD','Hunedoara'),(301,'RO','IL','Ialomiţa'),(302,'RO','IS','Iaşi'),(303,'RO','IF','Ilfov'),(304,'RO','MM','Maramureş'),(305,'RO','MH','Mehedinţi'),(306,'RO','MS','Mureş'),(307,'RO','NT','Neamţ'),(308,'RO','OT','Olt'),(309,'RO','PH','Prahova'),(310,'RO','SM','Satu-Mare'),(311,'RO','SJ','Sălaj'),(312,'RO','SB','Sibiu'),(313,'RO','SV','Suceava'),(314,'RO','TR','Teleorman'),(315,'RO','TM','Timiş'),(316,'RO','TL','Tulcea'),(317,'RO','VS','Vaslui'),(318,'RO','VL','Vâlcea'),(319,'RO','VN','Vrancea'),(320,'FI','Lappi','Lappi'),(321,'FI','Pohjois-Pohjanmaa','Pohjois-Pohjanmaa'),(322,'FI','Kainuu','Kainuu'),(323,'FI','Pohjois-Karjala','Pohjois-Karjala'),(324,'FI','Pohjois-Savo','Pohjois-Savo'),(325,'FI','Etelä-Savo','Etelä-Savo'),(326,'FI','Etelä-Pohjanmaa','Etelä-Pohjanmaa'),(327,'FI','Pohjanmaa','Pohjanmaa'),(328,'FI','Pirkanmaa','Pirkanmaa'),(329,'FI','Satakunta','Satakunta'),(330,'FI','Keski-Pohjanmaa','Keski-Pohjanmaa'),(331,'FI','Keski-Suomi','Keski-Suomi'),(332,'FI','Varsinais-Suomi','Varsinais-Suomi'),(333,'FI','Etelä-Karjala','Etelä-Karjala'),(334,'FI','Päijät-Häme','Päijät-Häme'),(335,'FI','Kanta-Häme','Kanta-Häme'),(336,'FI','Uusimaa','Uusimaa'),(337,'FI','Itä-Uusimaa','Itä-Uusimaa'),(338,'FI','Kymenlaakso','Kymenlaakso'),(339,'FI','Ahvenanmaa','Ahvenanmaa'),(340,'EE','EE-37','Harjumaa'),(341,'EE','EE-39','Hiiumaa'),(342,'EE','EE-44','Ida-Virumaa'),(343,'EE','EE-49','Jõgevamaa'),(344,'EE','EE-51','Järvamaa'),(345,'EE','EE-57','Läänemaa'),(346,'EE','EE-59','Lääne-Virumaa'),(347,'EE','EE-65','Põlvamaa'),(348,'EE','EE-67','Pärnumaa'),(349,'EE','EE-70','Raplamaa'),(350,'EE','EE-74','Saaremaa'),(351,'EE','EE-78','Tartumaa'),(352,'EE','EE-82','Valgamaa'),(353,'EE','EE-84','Viljandimaa'),(354,'EE','EE-86','Võrumaa'),(355,'LV','LV-DGV','Daugavpils'),(356,'LV','LV-JEL','Jelgava'),(357,'LV','Jēkabpils','Jēkabpils'),(358,'LV','LV-JUR','Jūrmala'),(359,'LV','LV-LPX','Liepāja'),(360,'LV','LV-LE','Liepājas novads'),(361,'LV','LV-REZ','Rēzekne'),(362,'LV','LV-RIX','Rīga'),(363,'LV','LV-RI','Rīgas novads'),(364,'LV','Valmiera','Valmiera'),(365,'LV','LV-VEN','Ventspils'),(366,'LV','Aglonas novads','Aglonas novads'),(367,'LV','LV-AI','Aizkraukles novads'),(368,'LV','Aizputes novads','Aizputes novads'),(369,'LV','Aknīstes novads','Aknīstes novads'),(370,'LV','Alojas novads','Alojas novads'),(371,'LV','Alsungas novads','Alsungas novads'),(372,'LV','LV-AL','Alūksnes novads'),(373,'LV','Amatas novads','Amatas novads'),(374,'LV','Apes novads','Apes novads'),(375,'LV','Auces novads','Auces novads'),(376,'LV','Babītes novads','Babītes novads'),(377,'LV','Baldones novads','Baldones novads'),(378,'LV','Baltinavas novads','Baltinavas novads'),(379,'LV','LV-BL','Balvu novads'),(380,'LV','LV-BU','Bauskas novads'),(381,'LV','Beverīnas novads','Beverīnas novads'),(382,'LV','Brocēnu novads','Brocēnu novads'),(383,'LV','Burtnieku novads','Burtnieku novads'),(384,'LV','Carnikavas novads','Carnikavas novads'),(385,'LV','Cesvaines novads','Cesvaines novads'),(386,'LV','Ciblas novads','Ciblas novads'),(387,'LV','LV-CE','Cēsu novads'),(388,'LV','Dagdas novads','Dagdas novads'),(389,'LV','LV-DA','Daugavpils novads'),(390,'LV','LV-DO','Dobeles novads'),(391,'LV','Dundagas novads','Dundagas novads'),(392,'LV','Durbes novads','Durbes novads'),(393,'LV','Engures novads','Engures novads'),(394,'LV','Garkalnes novads','Garkalnes novads'),(395,'LV','Grobiņas novads','Grobiņas novads'),(396,'LV','LV-GU','Gulbenes novads'),(397,'LV','Iecavas novads','Iecavas novads'),(398,'LV','Ikšķiles novads','Ikšķiles novads'),(399,'LV','Ilūkstes novads','Ilūkstes novads'),(400,'LV','Inčukalna novads','Inčukalna novads'),(401,'LV','Jaunjelgavas novads','Jaunjelgavas novads'),(402,'LV','Jaunpiebalgas novads','Jaunpiebalgas novads'),(403,'LV','Jaunpils novads','Jaunpils novads'),(404,'LV','LV-JL','Jelgavas novads'),(405,'LV','LV-JK','Jēkabpils novads'),(406,'LV','Kandavas novads','Kandavas novads'),(407,'LV','Kokneses novads','Kokneses novads'),(408,'LV','Krimuldas novads','Krimuldas novads'),(409,'LV','Krustpils novads','Krustpils novads'),(410,'LV','LV-KR','Krāslavas novads'),(411,'LV','LV-KU','Kuldīgas novads'),(412,'LV','Kārsavas novads','Kārsavas novads'),(413,'LV','Lielvārdes novads','Lielvārdes novads'),(414,'LV','LV-LM','Limbažu novads'),(415,'LV','Lubānas novads','Lubānas novads'),(416,'LV','LV-LU','Ludzas novads'),(417,'LV','Līgatnes novads','Līgatnes novads'),(418,'LV','Līvānu novads','Līvānu novads'),(419,'LV','LV-MA','Madonas novads'),(420,'LV','Mazsalacas novads','Mazsalacas novads'),(421,'LV','Mālpils novads','Mālpils novads'),(422,'LV','Mārupes novads','Mārupes novads'),(423,'LV','Naukšēnu novads','Naukšēnu novads'),(424,'LV','Neretas novads','Neretas novads'),(425,'LV','Nīcas novads','Nīcas novads'),(426,'LV','LV-OG','Ogres novads'),(427,'LV','Olaines novads','Olaines novads'),(428,'LV','Ozolnieku novads','Ozolnieku novads'),(429,'LV','LV-PR','Preiļu novads'),(430,'LV','Priekules novads','Priekules novads'),(431,'LV','Priekuļu novads','Priekuļu novads'),(432,'LV','Pārgaujas novads','Pārgaujas novads'),(433,'LV','Pāvilostas novads','Pāvilostas novads'),(434,'LV','Pļaviņu novads','Pļaviņu novads'),(435,'LV','Raunas novads','Raunas novads'),(436,'LV','Riebiņu novads','Riebiņu novads'),(437,'LV','Rojas novads','Rojas novads'),(438,'LV','Ropažu novads','Ropažu novads'),(439,'LV','Rucavas novads','Rucavas novads'),(440,'LV','Rugāju novads','Rugāju novads'),(441,'LV','Rundāles novads','Rundāles novads'),(442,'LV','LV-RE','Rēzeknes novads'),(443,'LV','Rūjienas novads','Rūjienas novads'),(444,'LV','Salacgrīvas novads','Salacgrīvas novads'),(445,'LV','Salas novads','Salas novads'),(446,'LV','Salaspils novads','Salaspils novads'),(447,'LV','LV-SA','Saldus novads'),(448,'LV','Saulkrastu novads','Saulkrastu novads'),(449,'LV','Siguldas novads','Siguldas novads'),(450,'LV','Skrundas novads','Skrundas novads'),(451,'LV','Skrīveru novads','Skrīveru novads'),(452,'LV','Smiltenes novads','Smiltenes novads'),(453,'LV','Stopiņu novads','Stopiņu novads'),(454,'LV','Strenču novads','Strenču novads'),(455,'LV','Sējas novads','Sējas novads'),(456,'LV','LV-TA','Talsu novads'),(457,'LV','LV-TU','Tukuma novads'),(458,'LV','Tērvetes novads','Tērvetes novads'),(459,'LV','Vaiņodes novads','Vaiņodes novads'),(460,'LV','LV-VK','Valkas novads'),(461,'LV','LV-VM','Valmieras novads'),(462,'LV','Varakļānu novads','Varakļānu novads'),(463,'LV','Vecpiebalgas novads','Vecpiebalgas novads'),(464,'LV','Vecumnieku novads','Vecumnieku novads'),(465,'LV','LV-VE','Ventspils novads'),(466,'LV','Viesītes novads','Viesītes novads'),(467,'LV','Viļakas novads','Viļakas novads'),(468,'LV','Viļānu novads','Viļānu novads'),(469,'LV','Vārkavas novads','Vārkavas novads'),(470,'LV','Zilupes novads','Zilupes novads'),(471,'LV','Ādažu novads','Ādažu novads'),(472,'LV','Ērgļu novads','Ērgļu novads'),(473,'LV','Ķeguma novads','Ķeguma novads'),(474,'LV','Ķekavas novads','Ķekavas novads'),(475,'LT','LT-AL','Alytaus Apskritis'),(476,'LT','LT-KU','Kauno Apskritis'),(477,'LT','LT-KL','Klaipėdos Apskritis'),(478,'LT','LT-MR','Marijampolės Apskritis'),(479,'LT','LT-PN','Panevėžio Apskritis'),(480,'LT','LT-SA','Šiaulių Apskritis'),(481,'LT','LT-TA','Tauragės Apskritis'),(482,'LT','LT-TE','Telšių Apskritis'),(483,'LT','LT-UT','Utenos Apskritis'),(484,'LT','LT-VL','Vilniaus Apskritis'),(485,'BR','AC','Acre'),(486,'BR','AL','Alagoas'),(487,'BR','AP','Amapá'),(488,'BR','AM','Amazonas'),(489,'BR','BA','Bahia'),(490,'BR','CE','Ceará'),(491,'BR','ES','Espírito Santo'),(492,'BR','GO','Goiás'),(493,'BR','MA','Maranhão'),(494,'BR','MT','Mato Grosso'),(495,'BR','MS','Mato Grosso do Sul'),(496,'BR','MG','Minas Gerais'),(497,'BR','PA','Pará'),(498,'BR','PB','Paraíba'),(499,'BR','PR','Paraná'),(500,'BR','PE','Pernambuco'),(501,'BR','PI','Piauí'),(502,'BR','RJ','Rio de Janeiro'),(503,'BR','RN','Rio Grande do Norte'),(504,'BR','RS','Rio Grande do Sul'),(505,'BR','RO','Rondônia'),(506,'BR','RR','Roraima'),(507,'BR','SC','Santa Catarina'),(508,'BR','SP','São Paulo'),(509,'BR','SE','Sergipe'),(510,'BR','TO','Tocantins'),(511,'BR','DF','Distrito Federal'),(512,'AL','AL-01','Berat'),(513,'AL','AL-09','Dibër'),(514,'AL','AL-02','Durrës'),(515,'AL','AL-03','Elbasan'),(516,'AL','AL-04','Fier'),(517,'AL','AL-05','Gjirokastër'),(518,'AL','AL-06','Korçë'),(519,'AL','AL-07','Kukës'),(520,'AL','AL-08','Lezhë'),(521,'AL','AL-10','Shkodër'),(522,'AL','AL-11','Tiranë'),(523,'AL','AL-12','Vlorë'),(524,'AR','AR-C','Ciudad Autónoma de Buenos Aires'),(525,'AR','AR-B','Buenos Aires'),(526,'AR','AR-K','Catamarca'),(527,'AR','AR-H','Chaco'),(528,'AR','AR-U','Chubut'),(529,'AR','AR-X','Córdoba'),(530,'AR','AR-W','Corrientes'),(531,'AR','AR-E','Entre Ríos'),(532,'AR','AR-P','Formosa'),(533,'AR','AR-Y','Jujuy'),(534,'AR','AR-L','La Pampa'),(535,'AR','AR-F','La Rioja'),(536,'AR','AR-M','Mendoza'),(537,'AR','AR-N','Misiones'),(538,'AR','AR-Q','Neuquén'),(539,'AR','AR-R','Río Negro'),(540,'AR','AR-A','Salta'),(541,'AR','AR-J','San Juan'),(542,'AR','AR-D','San Luis'),(543,'AR','AR-Z','Santa Cruz'),(544,'AR','AR-S','Santa Fe'),(545,'AR','AR-G','Santiago del Estero'),(546,'AR','AR-V','Tierra del Fuego'),(547,'AR','AR-T','Tucumán'),(548,'HR','HR-01','Zagrebačka županija'),(549,'HR','HR-02','Krapinsko-zagorska županija'),(550,'HR','HR-03','Sisačko-moslavačka županija'),(551,'HR','HR-04','Karlovačka županija'),(552,'HR','HR-05','Varaždinska županija'),(553,'HR','HR-06','Koprivničko-križevačka županija'),(554,'HR','HR-07','Bjelovarsko-bilogorska županija'),(555,'HR','HR-08','Primorsko-goranska županija'),(556,'HR','HR-09','Ličko-senjska županija'),(557,'HR','HR-10','Virovitičko-podravska županija'),(558,'HR','HR-11','Požeško-slavonska županija'),(559,'HR','HR-12','Brodsko-posavska županija'),(560,'HR','HR-13','Zadarska županija'),(561,'HR','HR-14','Osječko-baranjska županija'),(562,'HR','HR-15','Šibensko-kninska županija'),(563,'HR','HR-16','Vukovarsko-srijemska županija'),(564,'HR','HR-17','Splitsko-dalmatinska županija'),(565,'HR','HR-18','Istarska županija'),(566,'HR','HR-19','Dubrovačko-neretvanska županija'),(567,'HR','HR-20','Međimurska županija'),(568,'HR','HR-21','Grad Zagreb'),(569,'IN','AN','Andaman and Nicobar Islands'),(570,'IN','AP','Andhra Pradesh'),(571,'IN','AR','Arunachal Pradesh'),(572,'IN','AS','Assam'),(573,'IN','BR','Bihar'),(574,'IN','CH','Chandigarh'),(575,'IN','CT','Chhattisgarh'),(576,'IN','DN','Dadra and Nagar Haveli'),(577,'IN','DD','Daman and Diu'),(578,'IN','DL','Delhi'),(579,'IN','GA','Goa'),(580,'IN','GJ','Gujarat'),(581,'IN','HR','Haryana'),(582,'IN','HP','Himachal Pradesh'),(583,'IN','JK','Jammu and Kashmir'),(584,'IN','JH','Jharkhand'),(585,'IN','KA','Karnataka'),(586,'IN','KL','Kerala'),(587,'IN','LD','Lakshadweep'),(588,'IN','MP','Madhya Pradesh'),(589,'IN','MH','Maharashtra'),(590,'IN','MN','Manipur'),(591,'IN','ML','Meghalaya'),(592,'IN','MZ','Mizoram'),(593,'IN','NL','Nagaland'),(594,'IN','OR','Odisha'),(595,'IN','PY','Puducherry'),(596,'IN','PB','Punjab'),(597,'IN','RJ','Rajasthan'),(598,'IN','SK','Sikkim'),(599,'IN','TN','Tamil Nadu'),(600,'IN','TG','Telangana'),(601,'IN','TR','Tripura'),(602,'IN','UP','Uttar Pradesh'),(603,'IN','UT','Uttarakhand'),(604,'IN','WB','West Bengal'),(605,'AU','ACT','Australian Capital Territory'),(606,'AU','NSW','New South Wales'),(607,'AU','VIC','Victoria'),(608,'AU','QLD','Queensland'),(609,'AU','SA','South Australia'),(610,'AU','TAS','Tasmania'),(611,'AU','WA','Western Australia'),(612,'AU','NT','Northern Territory'),(613,'BY','BY-BR','Bresckaja voblasć'),(614,'BY','BY-HO','Homieĺskaja voblasć'),(615,'BY','BY-HM','Horad Minsk'),(616,'BY','BY-HR','Hrodzienskaja voblasć'),(617,'BY','BY-MA','Mahilioŭskaja voblasć'),(618,'BY','BY-MI','Minskaja voblasć'),(619,'BY','BY-VI','Viciebskaja voblasć'),(620,'BE','VAN','Antwerpen'),(621,'BE','WBR','Brabant wallon'),(622,'BE','BRU','Brussels-Capital Region'),(623,'BE','WHT','Hainaut'),(624,'BE','VLI','Limburg'),(625,'BE','WLG','Liège'),(626,'BE','WLX','Luxembourg'),(627,'BE','WNA','Namur'),(628,'BE','VOV','Oost-Vlaanderen'),(629,'BE','VBR','Vlaams-Brabant'),(630,'BE','VWV','West-Vlaanderen'),(631,'BO','BO-C','Cochabamba'),(632,'BO','BO-H','Chuquisaca'),(633,'BO','BO-B','El Beni'),(634,'BO','BO-L','La Paz'),(635,'BO','BO-O','Oruro'),(636,'BO','BO-N','Pando'),(637,'BO','BO-P','Potosí'),(638,'BO','BO-S','Santa Cruz'),(639,'BO','BO-T','Tarija'),(640,'BG','BG-01','Blagoevgrad'),(641,'BG','BG-02','Burgas'),(642,'BG','BG-03','Varna'),(643,'BG','BG-04','Veliko Tarnovo'),(644,'BG','BG-05','Vidin'),(645,'BG','BG-06','Vratsa'),(646,'BG','BG-07','Gabrovo'),(647,'BG','BG-08','Dobrich'),(648,'BG','BG-09','Kardzhali'),(649,'BG','BG-10','Kyustendil'),(650,'BG','BG-11','Lovech'),(651,'BG','BG-12','Montana'),(652,'BG','BG-13','Pazardzhik'),(653,'BG','BG-14','Pernik'),(654,'BG','BG-15','Pleven'),(655,'BG','BG-16','Plovdiv'),(656,'BG','BG-17','Razgrad'),(657,'BG','BG-18','Ruse'),(658,'BG','BG-19','Silistra'),(659,'BG','BG-20','Sliven'),(660,'BG','BG-21','Smolyan'),(661,'BG','BG-22','Sofia City'),(662,'BG','BG-23','Sofia Province'),(663,'BG','BG-24','Stara Zagora'),(664,'BG','BG-25','Targovishte'),(665,'BG','BG-26','Haskovo'),(666,'BG','BG-27','Shumen'),(667,'BG','BG-28','Yambol'),(668,'CL','CL-AI','Aisén del General Carlos Ibañez del Campo'),(669,'CL','CL-AN','Antofagasta'),(670,'CL','CL-AP','Arica y Parinacota'),(671,'CL','CL-AR','La Araucanía'),(672,'CL','CL-AT','Atacama'),(673,'CL','CL-BI','Biobío'),(674,'CL','CL-CO','Coquimbo'),(675,'CL','CL-LI','Libertador General Bernardo O\'Higgins'),(676,'CL','CL-LL','Los Lagos'),(677,'CL','CL-LR','Los Ríos'),(678,'CL','CL-MA','Magallanes'),(679,'CL','CL-ML','Maule'),(680,'CL','CL-NB','Ñuble'),(681,'CL','CL-RM','Región Metropolitana de Santiago'),(682,'CL','CL-TA','Tarapacá'),(683,'CL','CL-VS','Valparaíso'),(684,'CN','CN-AH','Anhui Sheng'),(685,'CN','CN-BJ','Beijing Shi'),(686,'CN','CN-CQ','Chongqing Shi'),(687,'CN','CN-FJ','Fujian Sheng'),(688,'CN','CN-GS','Gansu Sheng'),(689,'CN','CN-GD','Guangdong Sheng'),(690,'CN','CN-GX','Guangxi Zhuangzu Zizhiqu'),(691,'CN','CN-GZ','Guizhou Sheng'),(692,'CN','CN-HI','Hainan Sheng'),(693,'CN','CN-HE','Hebei Sheng'),(694,'CN','CN-HL','Heilongjiang Sheng'),(695,'CN','CN-HA','Henan Sheng'),(696,'CN','CN-HK','Hong Kong SAR'),(697,'CN','CN-HB','Hubei Sheng'),(698,'CN','CN-HN','Hunan Sheng'),(699,'CN','CN-JS','Jiangsu Sheng'),(700,'CN','CN-JX','Jiangxi Sheng'),(701,'CN','CN-JL','Jilin Sheng'),(702,'CN','CN-LN','Liaoning Sheng'),(703,'CN','CN-MO','Macao SAR'),(704,'CN','CN-NM','Nei Mongol Zizhiqu'),(705,'CN','CN-NX','Ningxia Huizi Zizhiqu'),(706,'CN','CN-QH','Qinghai Sheng'),(707,'CN','CN-SN','Shaanxi Sheng'),(708,'CN','CN-SD','Shandong Sheng'),(709,'CN','CN-SH','Shanghai Shi'),(710,'CN','CN-SX','Shanxi Sheng'),(711,'CN','CN-SC','Sichuan Sheng'),(712,'CN','CN-TW','Taiwan Sheng'),(713,'CN','CN-TJ','Tianjin Shi'),(714,'CN','CN-XJ','Xinjiang Uygur Zizhiqu'),(715,'CN','CN-XZ','Xizang Zizhiqu'),(716,'CN','CN-YN','Yunnan Sheng'),(717,'CN','CN-ZJ','Zhejiang Sheng'),(718,'CO','CO-AMA','Amazonas'),(719,'CO','CO-ANT','Antioquia'),(720,'CO','CO-ARA','Arauca'),(721,'CO','CO-ATL','Atlántico'),(722,'CO','CO-BOL','Bolívar'),(723,'CO','CO-BOY','Boyacá'),(724,'CO','CO-CAL','Caldas'),(725,'CO','CO-CAQ','Caquetá'),(726,'CO','CO-CAS','Casanare'),(727,'CO','CO-CAU','Cauca'),(728,'CO','CO-CES','Cesar'),(729,'CO','CO-CHO','Chocó'),(730,'CO','CO-COR','Córdoba'),(731,'CO','CO-CUN','Cundinamarca'),(732,'CO','CO-GUA','Guainía'),(733,'CO','CO-GUV','Guaviare'),(734,'CO','CO-HUL','Huila'),(735,'CO','CO-LAG','La Guajira'),(736,'CO','CO-MAG','Magdalena'),(737,'CO','CO-MET','Meta'),(738,'CO','CO-NAR','Nariño'),(739,'CO','CO-NSA','Norte de Santander'),(740,'CO','CO-PUT','Putumayo'),(741,'CO','CO-QUI','Quindío'),(742,'CO','CO-RIS','Risaralda'),(743,'CO','CO-SAP','San Andrés y Providencia'),(744,'CO','CO-SAN','Santander'),(745,'CO','CO-SUC','Sucre'),(746,'CO','CO-TOL','Tolima'),(747,'CO','CO-VAC','Valle del Cauca'),(748,'CO','CO-VAU','Vaupés'),(749,'CO','CO-VID','Vichada'),(750,'CZ','CZ-10','Praha, Hlavní město'),(751,'CZ','CZ-20','Středočeský kraj'),(752,'CZ','CZ-31','Jihočeský kraj'),(753,'CZ','CZ-32','Plzeňský kraj'),(754,'CZ','CZ-41','Karlovarský kraj'),(755,'CZ','CZ-42','Ústecký kraj'),(756,'CZ','CZ-51','Liberecký kraj'),(757,'CZ','CZ-52','Královéhradecký kraj'),(758,'CZ','CZ-53','Pardubický kraj'),(759,'CZ','CZ-63','Kraj Vysočina'),(760,'CZ','CZ-64','Jihomoravský kraj'),(761,'CZ','CZ-71','Olomoucký kraj'),(762,'CZ','CZ-72','Zlínský kraj'),(763,'CZ','CZ-80','Moravskoslezský kraj'),(764,'DK','DK-84','Hovedstaden'),(765,'DK','DK-82','Midtjylland'),(766,'DK','DK-81','Nordjylland'),(767,'DK','DK-85','Sjælland'),(768,'DK','DK-83','Syddanmark'),(769,'EC','EC-A','Azuay'),(770,'EC','EC-B','Bolívar'),(771,'EC','EC-F','Cañar'),(772,'EC','EC-C','Carchi'),(773,'EC','EC-H','Chimborazo'),(774,'EC','EC-X','Cotopaxi'),(775,'EC','EC-O','El Oro'),(776,'EC','EC-E','Esmeraldas'),(777,'EC','EC-W','Galápagos'),(778,'EC','EC-G','Guayas'),(779,'EC','EC-I','Imbabura'),(780,'EC','EC-L','Loja'),(781,'EC','EC-R','Los Ríos'),(782,'EC','EC-M','Manabí'),(783,'EC','EC-S','Morona Santiago'),(784,'EC','EC-N','Napo'),(785,'EC','EC-D','Orellana'),(786,'EC','EC-Y','Pastaza'),(787,'EC','EC-P','Pichincha'),(788,'EC','EC-SE','Santa Elena'),(789,'EC','EC-SD','Santo Domingo de los Tsáchilas'),(790,'EC','EC-U','Sucumbíos'),(791,'EC','EC-T','Tungurahua'),(792,'EC','EC-Z','Zamora Chinchipe'),(793,'GR','GR-A','Anatolikí Makedonía kai Thráki'),(794,'GR','GR-I','Attikí'),(795,'GR','GR-G','Dytikí Elláda'),(796,'GR','GR-C','Dytikí Makedonía'),(797,'GR','GR-F','Ionía Nísia'),(798,'GR','GR-D','Ípeiros'),(799,'GR','GR-B','Kentrikí Makedonía'),(800,'GR','GR-M','Kríti'),(801,'GR','GR-L','Nótio Aigaío'),(802,'GR','GR-J','Pelopónnisos'),(803,'GR','GR-H','Stereá Elláda'),(804,'GR','GR-E','Thessalía'),(805,'GR','GR-K','Vóreio Aigaío'),(806,'GR','GR-69','Ágion Óros'),(807,'GY','GY-BA','Barima-Waini'),(808,'GY','GY-CU','Cuyuni-Mazaruni'),(809,'GY','GY-DE','Demerara-Mahaica'),(810,'GY','GY-EB','East Berbice-Corentyne'),(811,'GY','GY-ES','Essequibo Islands-West Demerara'),(812,'GY','GY-MA','Mahaica-Berbice'),(813,'GY','GY-PM','Pomeroon-Supenaam'),(814,'GY','GY-PT','Potaro-Siparuni'),(815,'GY','GY-UD','Upper Demerara-Berbice'),(816,'GY','GY-UT','Upper Takutu-Upper Essequibo'),(817,'IS','IS-01','Höfuðborgarsvæði'),(818,'IS','IS-02','Suðurnes'),(819,'IS','IS-03','Vesturland'),(820,'IS','IS-04','Vestfirðir'),(821,'IS','IS-05','Norðurland vestra'),(822,'IS','IS-06','Norðurland eystra'),(823,'IS','IS-07','Austurland'),(824,'IS','IS-08','Suðurland'),(825,'IT','AG','Agrigento'),(826,'IT','AL','Alessandria'),(827,'IT','AN','Ancona'),(828,'IT','AO','Aosta'),(829,'IT','AQ','L\'Aquila'),(830,'IT','AR','Arezzo'),(831,'IT','AP','Ascoli-Piceno'),(832,'IT','AT','Asti'),(833,'IT','AV','Avellino'),(834,'IT','BA','Bari'),(835,'IT','BT','Barletta-Andria-Trani'),(836,'IT','BL','Belluno'),(837,'IT','BN','Benevento'),(838,'IT','BG','Bergamo'),(839,'IT','BI','Biella'),(840,'IT','BO','Bologna'),(841,'IT','BZ','Bolzano'),(842,'IT','BS','Brescia'),(843,'IT','BR','Brindisi'),(844,'IT','CA','Cagliari'),(845,'IT','CL','Caltanissetta'),(846,'IT','CB','Campobasso'),(847,'IT','CI','Carbonia Iglesias'),(848,'IT','CE','Caserta'),(849,'IT','CT','Catania'),(850,'IT','CZ','Catanzaro'),(851,'IT','CH','Chieti'),(852,'IT','CO','Como'),(853,'IT','CS','Cosenza'),(854,'IT','CR','Cremona'),(855,'IT','KR','Crotone'),(856,'IT','CN','Cuneo'),(857,'IT','EN','Enna'),(858,'IT','FM','Fermo'),(859,'IT','FE','Ferrara'),(860,'IT','FI','Firenze'),(861,'IT','FG','Foggia'),(862,'IT','FC','Forli-Cesena'),(863,'IT','FR','Frosinone'),(864,'IT','GE','Genova'),(865,'IT','GO','Gorizia'),(866,'IT','GR','Grosseto'),(867,'IT','IM','Imperia'),(868,'IT','IS','Isernia'),(869,'IT','SP','La-Spezia'),(870,'IT','LT','Latina'),(871,'IT','LE','Lecce'),(872,'IT','LC','Lecco'),(873,'IT','LI','Livorno'),(874,'IT','LO','Lodi'),(875,'IT','LU','Lucca'),(876,'IT','MC','Macerata'),(877,'IT','MN','Mantova'),(878,'IT','MS','Massa-Carrara'),(879,'IT','MT','Matera'),(880,'IT','VS','Medio Campidano'),(881,'IT','ME','Messina'),(882,'IT','MI','Milano'),(883,'IT','MO','Modena'),(884,'IT','MB','Monza-Brianza'),(885,'IT','NA','Napoli'),(886,'IT','NO','Novara'),(887,'IT','NU','Nuoro'),(888,'IT','OG','Ogliastra'),(889,'IT','OT','Olbia Tempio'),(890,'IT','OR','Oristano'),(891,'IT','PD','Padova'),(892,'IT','PA','Palermo'),(893,'IT','PR','Parma'),(894,'IT','PV','Pavia'),(895,'IT','PG','Perugia'),(896,'IT','PU','Pesaro-Urbino'),(897,'IT','PE','Pescara'),(898,'IT','PC','Piacenza'),(899,'IT','PI','Pisa'),(900,'IT','PT','Pistoia'),(901,'IT','PN','Pordenone'),(902,'IT','PZ','Potenza'),(903,'IT','PO','Prato'),(904,'IT','RG','Ragusa'),(905,'IT','RA','Ravenna'),(906,'IT','RC','Reggio-Calabria'),(907,'IT','RE','Reggio-Emilia'),(908,'IT','RI','Rieti'),(909,'IT','RN','Rimini'),(910,'IT','RM','Roma'),(911,'IT','RO','Rovigo'),(912,'IT','SA','Salerno'),(913,'IT','SS','Sassari'),(914,'IT','SV','Savona'),(915,'IT','SI','Siena'),(916,'IT','SR','Siracusa'),(917,'IT','SO','Sondrio'),(918,'IT','TA','Taranto'),(919,'IT','TE','Teramo'),(920,'IT','TR','Terni'),(921,'IT','TO','Torino'),(922,'IT','TP','Trapani'),(923,'IT','TN','Trento'),(924,'IT','TV','Treviso'),(925,'IT','TS','Trieste'),(926,'IT','UD','Udine'),(927,'IT','VA','Varese'),(928,'IT','VE','Venezia'),(929,'IT','VB','Verbania'),(930,'IT','VC','Vercelli'),(931,'IT','VR','Verona'),(932,'IT','VV','Vibo-Valentia'),(933,'IT','VI','Vicenza'),(934,'IT','VT','Viterbo'),(935,'MX','AGU','Aguascalientes'),(936,'MX','BCN','Baja California'),(937,'MX','BCS','Baja California Sur'),(938,'MX','CAM','Campeche'),(939,'MX','CHP','Chiapas'),(940,'MX','CHH','Chihuahua'),(941,'MX','CMX','Ciudad de México'),(942,'MX','COA','Coahuila'),(943,'MX','COL','Colima'),(944,'MX','DUR','Durango'),(945,'MX','MEX','Estado de México'),(946,'MX','GUA','Guanajuato'),(947,'MX','GRO','Guerrero'),(948,'MX','HID','Hidalgo'),(949,'MX','JAL','Jalisco'),(950,'MX','MIC','Michoacán'),(951,'MX','MOR','Morelos'),(952,'MX','NAY','Nayarit'),(953,'MX','NLE','Nuevo León'),(954,'MX','OAX','Oaxaca'),(955,'MX','PUE','Puebla'),(956,'MX','QUE','Querétaro'),(957,'MX','ROO','Quintana Roo'),(958,'MX','SLP','San Luis Potosí'),(959,'MX','SIN','Sinaloa'),(960,'MX','SON','Sonora'),(961,'MX','TAB','Tabasco'),(962,'MX','TAM','Tamaulipas'),(963,'MX','TLA','Tlaxcala'),(964,'MX','VER','Veracruz'),(965,'MX','YUC','Yucatán'),(966,'MX','ZAC','Zacatecas'),(967,'PY','PY-ASU','Asunción'),(968,'PY','PY-16','Alto Paraguay'),(969,'PY','PY-10','Alto Paraná'),(970,'PY','PY-13','Amambay'),(971,'PY','PY-19','Boquerón'),(972,'PY','PY-5','Caaguazú'),(973,'PY','PY-6','Caazapá'),(974,'PY','PY-14','Canindeyú'),(975,'PY','PY-11','Central'),(976,'PY','PY-1','Concepción'),(977,'PY','PY-3','Cordillera'),(978,'PY','PY-4','Guairá'),(979,'PY','PY-7','Itapúa'),(980,'PY','PY-8','Misiones'),(981,'PY','PY-12','Ñeembucú'),(982,'PY','PY-9','Paraguarí'),(983,'PY','PY-15','Presidente Hayes'),(984,'PY','PY-2','San Pedro'),(985,'PE','PE-LMA','Municipalidad Metropolitana de Lima'),(986,'PE','PE-AMA','Amazonas'),(987,'PE','PE-ANC','Ancash'),(988,'PE','PE-APU','Apurímac'),(989,'PE','PE-ARE','Arequipa'),(990,'PE','PE-AYA','Ayacucho'),(991,'PE','PE-CAJ','Cajamarca'),(992,'PE','PE-CUS','Cusco'),(993,'PE','PE-CAL','El Callao'),(994,'PE','PE-HUV','Huancavelica'),(995,'PE','PE-HUC','Huánuco'),(996,'PE','PE-ICA','Ica'),(997,'PE','PE-JUN','Junín'),(998,'PE','PE-LAL','La Libertad'),(999,'PE','PE-LAM','Lambayeque'),(1000,'PE','PE-LIM','Lima'),(1001,'PE','PE-LOR','Loreto'),(1002,'PE','PE-MDD','Madre de Dios'),(1003,'PE','PE-MOQ','Moquegua'),(1004,'PE','PE-PAS','Pasco'),(1005,'PE','PE-PIU','Piura'),(1006,'PE','PE-PUN','Puno'),(1007,'PE','PE-SAM','San Martín'),(1008,'PE','PE-TAC','Tacna'),(1009,'PE','PE-TUM','Tumbes'),(1010,'PE','PE-UCA','Ucayali'),(1011,'PL','PL-02','dolnośląskie'),(1012,'PL','PL-04','kujawsko-pomorskie'),(1013,'PL','PL-06','lubelskie'),(1014,'PL','PL-08','lubuskie'),(1015,'PL','PL-10','łódzkie'),(1016,'PL','PL-12','małopolskie'),(1017,'PL','PL-14','mazowieckie'),(1018,'PL','PL-16','opolskie'),(1019,'PL','PL-18','podkarpackie'),(1020,'PL','PL-20','podlaskie'),(1021,'PL','PL-22','pomorskie'),(1022,'PL','PL-24','śląskie'),(1023,'PL','PL-26','świętokrzyskie'),(1024,'PL','PL-28','warmińsko-mazurskie'),(1025,'PL','PL-30','wielkopolskie'),(1026,'PL','PL-32','zachodniopomorskie'),(1027,'PT','PT-01','Aveiro'),(1028,'PT','PT-02','Beja'),(1029,'PT','PT-03','Braga'),(1030,'PT','PT-04','Bragança'),(1031,'PT','PT-05','Castelo Branco'),(1032,'PT','PT-06','Coimbra'),(1033,'PT','PT-07','Évora'),(1034,'PT','PT-08','Faro'),(1035,'PT','PT-09','Guarda'),(1036,'PT','PT-10','Leiria'),(1037,'PT','PT-11','Lisboa'),(1038,'PT','PT-12','Portalegre'),(1039,'PT','PT-13','Porto'),(1040,'PT','PT-14','Santarém'),(1041,'PT','PT-15','Setúbal'),(1042,'PT','PT-16','Viana do Castelo'),(1043,'PT','PT-17','Vila Real'),(1044,'PT','PT-18','Viseu'),(1045,'PT','PT-20','Região Autónoma dos Açores'),(1046,'PT','PT-30','Região Autónoma da Madeira'),(1047,'SR','SR-BR','Brokopondo'),(1048,'SR','SR-CM','Commewijne'),(1049,'SR','SR-CR','Coronie'),(1050,'SR','SR-MA','Marowijne'),(1051,'SR','SR-NI','Nickerie'),(1052,'SR','SR-PR','Para'),(1053,'SR','SR-PM','Paramaribo'),(1054,'SR','SR-SA','Saramacca'),(1055,'SR','SR-SI','Sipaliwini'),(1056,'SR','SR-WA','Wanica'),(1057,'SE','SE-K','Blekinge län'),(1058,'SE','SE-W','Dalarnas län'),(1059,'SE','SE-I','Gotlands län'),(1060,'SE','SE-X','Gävleborgs län'),(1061,'SE','SE-N','Hallands län'),(1062,'SE','SE-Z','Jämtlands län'),(1063,'SE','SE-F','Jönköpings län'),(1064,'SE','SE-H','Kalmar län'),(1065,'SE','SE-G','Kronobergs län'),(1066,'SE','SE-BD','Norrbottens län'),(1067,'SE','SE-M','Skåne län'),(1068,'SE','SE-AB','Stockholms län'),(1069,'SE','SE-D','Södermanlands län'),(1070,'SE','SE-C','Uppsala län'),(1071,'SE','SE-S','Värmlands län'),(1072,'SE','SE-AC','Västerbottens län'),(1073,'SE','SE-Y','Västernorrlands län'),(1074,'SE','SE-U','Västmanlands län'),(1075,'SE','SE-O','Västra Götalands län'),(1076,'SE','SE-T','Örebro län'),(1077,'SE','SE-E','Östergötlands län'),(1078,'UY','UY-AR','Artigas'),(1079,'UY','UY-CA','Canelones'),(1080,'UY','UY-CL','Cerro Largo'),(1081,'UY','UY-CO','Colonia'),(1082,'UY','UY-DU','Durazno'),(1083,'UY','UY-FS','Flores'),(1084,'UY','UY-FD','Florida'),(1085,'UY','UY-LA','Lavalleja'),(1086,'UY','UY-MA','Maldonado'),(1087,'UY','UY-MO','Montevideo'),(1088,'UY','UY-PA','Paysandu'),(1089,'UY','UY-RN','Río Negro'),(1090,'UY','UY-RV','Rivera'),(1091,'UY','UY-RO','Rocha'),(1092,'UY','UY-SA','Salto'),(1093,'UY','UY-SJ','San José'),(1094,'UY','UY-SO','Soriano'),(1095,'UY','UY-TA','Tacuarembó'),(1096,'UY','UY-TT','Treinta y Tres'),(1097,'VE','VE-W','Dependencias Federales'),(1098,'VE','VE-A','Distrito Capital'),(1099,'VE','VE-Z','Amazonas'),(1100,'VE','VE-B','Anzoátegui'),(1101,'VE','VE-C','Apure'),(1102,'VE','VE-D','Aragua'),(1103,'VE','VE-E','Barinas'),(1104,'VE','VE-F','Bolívar'),(1105,'VE','VE-G','Carabobo'),(1106,'VE','VE-H','Cojedes'),(1107,'VE','VE-Y','Delta Amacuro'),(1108,'VE','VE-I','Falcón'),(1109,'VE','VE-J','Guárico'),(1110,'VE','VE-K','Lara'),(1111,'VE','VE-L','Mérida'),(1112,'VE','VE-M','Miranda'),(1113,'VE','VE-N','Monagas'),(1114,'VE','VE-O','Nueva Esparta'),(1115,'VE','VE-P','Portuguesa'),(1116,'VE','VE-R','Sucre'),(1117,'VE','VE-S','Táchira'),(1118,'VE','VE-T','Trujillo'),(1119,'VE','VE-X','Vargas'),(1120,'VE','VE-U','Yaracuy'),(1121,'VE','VE-V','Zulia');

--
-- Table structure for table `directory_country_region_name`
--

CREATE TABLE `directory_country_region_name` (
  `locale` varchar(16) NOT NULL COMMENT 'Locale',
  `region_id` int unsigned NOT NULL DEFAULT '0' COMMENT 'Region ID',
  `name` varchar(255) DEFAULT NULL COMMENT 'Region Name',
  PRIMARY KEY (`locale`,`region_id`),
  KEY `DIRECTORY_COUNTRY_REGION_NAME_REGION_ID` (`region_id`),
  CONSTRAINT `DIR_COUNTRY_REGION_NAME_REGION_ID_DIR_COUNTRY_REGION_REGION_ID` FOREIGN KEY (`region_id`) REFERENCES `directory_country_region` (`region_id`) ON DELETE CASCADE
) ENGINE=InnoDB DEFAULT CHARSET=utf8mb3 COMMENT='Directory Country Region Name';

--
-- Dumping data for table `directory_country_region_name`
--

INSERT INTO `directory_country_region_name` VALUES ('en_US',1,'Alabama'),('en_US',2,'Alaska'),('en_US',3,'American Samoa'),('en_US',4,'Arizona'),('en_US',5,'Arkansas'),('en_US',6,'Armed Forces Africa'),('en_US',7,'Armed Forces Americas'),('en_US',8,'Armed Forces Canada'),('en_US',9,'Armed Forces Europe'),('en_US',10,'Armed Forces Middle East'),('en_US',11,'Armed Forces Pacific'),('en_US',12,'California'),('en_US',13,'Colorado'),('en_US',14,'Connecticut'),('en_US',15,'Delaware'),('en_US',16,'District of Columbia'),('en_US',17,'Federated States Of Micronesia'),('en_US',18,'Florida'),('en_US',19,'Georgia'),('en_US',20,'Guam'),('en_US',21,'Hawaii'),('en_US',22,'Idaho'),('en_US',23,'Illinois'),('en_US',24,'Indiana'),('en_US',25,'Iowa'),('en_US',26,'Kansas'),('en_US',27,'Kentucky'),('en_US',28,'Louisiana'),('en_US',29,'Maine'),('en_US',30,'Marshall Islands'),('en_US',31,'Maryland'),('en_US',32,'Massachusetts'),('en_US',33,'Michigan'),('en_US',34,'Minnesota'),('en_US',35,'Mississippi'),('en_US',36,'Missouri'),('en_US',37,'Montana'),('en_US',38,'Nebraska'),('en_US',39,'Nevada'),('en_US',40,'New Hampshire'),('en_US',41,'New Jersey'),('en_US',42,'New Mexico'),('en_US',43,'New York'),('en_US',44,'North Carolina'),('en_US',45,'North Dakota'),('en_US',46,'Northern Mariana Islands'),('en_US',47,'Ohio'),('en_US',48,'Oklahoma'),('en_US',49,'Oregon'),('en_US',50,'Palau'),('en_US',51,'Pennsylvania'),('en_US',52,'Puerto Rico'),('en_US',53,'Rhode Island'),('en_US',54,'South Carolina'),('en_US',55,'South Dakota'),('en_US',56,'Tennessee'),('en_US',57,'Texas'),('en_US',58,'Utah'),('en_US',59,'Vermont'),('en_US',60,'Virgin Islands'),('en_US',61,'Virginia'),('en_US',62,'Washington'),('en_US',63,'West Virginia'),('en_US',64,'Wisconsin'),('en_US',65,'Wyoming'),('en_US',66,'Alberta'),('en_US',67,'British Columbia'),('en_US',68,'Manitoba'),('en_US',69,'Newfoundland and Labrador'),('en_US',70,'New Brunswick'),('en_US',71,'Nova Scotia'),('en_US',72,'Northwest Territories'),('en_US',73,'Nunavut'),('en_US',74,'Ontario'),('en_US',75,'Prince Edward Island'),('en_US',76,'Quebec'),('en_US',77,'Saskatchewan'),('en_US',78,'Yukon Territory'),('en_US',79,'Niedersachsen'),('en_US',80,'Baden-Württemberg'),('en_US',81,'Bayern'),('en_US',82,'Berlin'),('en_US',83,'Brandenburg'),('en_US',84,'Bremen'),('en_US',85,'Hamburg'),('en_US',86,'Hessen'),('en_US',87,'Mecklenburg-Vorpommern'),('en_US',88,'Nordrhein-Westfalen'),('en_US',89,'Rheinland-Pfalz'),('en_US',90,'Saarland'),('en_US',91,'Sachsen'),('en_US',92,'Sachsen-Anhalt'),('en_US',93,'Schleswig-Holstein'),('en_US',94,'Thüringen'),('en_US',95,'Wien'),('en_US',96,'Niederösterreich'),('en_US',97,'Oberösterreich'),('en_US',98,'Salzburg'),('en_US',99,'Kärnten'),('en_US',100,'Steiermark'),('en_US',101,'Tirol'),('en_US',102,'Burgenland'),('en_US',103,'Vorarlberg'),('en_US',104,'Aargau'),('en_US',105,'Appenzell Innerrhoden'),('en_US',106,'Appenzell Ausserrhoden'),('en_US',107,'Bern'),('en_US',108,'Basel-Landschaft'),('en_US',109,'Basel-Stadt'),('en_US',110,'Friburg'),('en_US',111,'Geneva'),('en_US',112,'Glarus'),('en_US',113,'Graubünden'),('en_US',114,'Jura'),('en_US',115,'Lucerne'),('en_US',116,'Neuchâtel'),('en_US',117,'Nidwalden'),('en_US',118,'Obwalden'),('en_US',119,'St. Gallen'),('en_US',120,'Schaffhausen'),('en_US',121,'Solothurn'),('en_US',122,'Schwyz'),('en_US',123,'Thurgau'),('en_US',124,'Ticino'),('en_US',125,'Uri'),('en_US',126,'Vaud'),('en_US',127,'Wallis'),('en_US',128,'Zug'),('en_US',129,'Zürich'),('en_US',130,'A Coruña'),('en_US',131,'Alava'),('en_US',132,'Albacete'),('en_US',133,'Alicante'),('en_US',134,'Almeria'),('en_US',135,'Asturias'),('en_US',136,'Avila'),('en_US',137,'Badajoz'),('en_US',138,'Baleares'),('en_US',139,'Barcelona'),('en_US',140,'Burgos'),('en_US',141,'Caceres'),('en_US',142,'Cadiz'),('en_US',143,'Cantabria'),('en_US',144,'Castellon'),('en_US',145,'Ceuta'),('en_US',146,'Ciudad Real'),('en_US',147,'Cordoba'),('en_US',148,'Cuenca'),('en_US',149,'Girona'),('en_US',150,'Granada'),('en_US',151,'Guadalajara'),('en_US',152,'Guipuzcoa'),('en_US',153,'Huelva'),('en_US',154,'Huesca'),('en_US',155,'Jaen'),('en_US',156,'La Rioja'),('en_US',157,'Las Palmas'),('en_US',158,'Leon'),('en_US',159,'Lleida'),('en_US',160,'Lugo'),('en_US',161,'Madrid'),('en_US',162,'Malaga'),('en_US',163,'Melilla'),('en_US',164,'Murcia'),('en_US',165,'Navarra'),('en_US',166,'Ourense'),('en_US',167,'Palencia'),('en_US',168,'Pontevedra'),('en_US',169,'Salamanca'),('en_US',170,'Santa Cruz de Tenerife'),('en_US',171,'Segovia'),('en_US',172,'Sevilla'),('en_US',173,'Soria'),('en_US',174,'Tarragona'),('en_US',175,'Teruel'),('en_US',176,'Toledo'),('en_US',177,'Valencia'),('en_US',178,'Valladolid'),('en_US',179,'Vizcaya'),('en_US',180,'Zamora'),('en_US',181,'Zaragoza'),('en_US',182,'Ain'),('en_US',183,'Aisne'),('en_US',184,'Allier'),('en_US',185,'Alpes-de-Haute-Provence'),('en_US',186,'Hautes-Alpes'),('en_US',187,'Alpes-Maritimes'),('en_US',188,'Ardèche'),('en_US',189,'Ardennes'),('en_US',190,'Ariège'),('en_US',191,'Aube'),('en_US',192,'Aude'),('en_US',193,'Aveyron'),('en_US',194,'Bouches-du-Rhône'),('en_US',195,'Calvados'),('en_US',196,'Cantal'),('en_US',197,'Charente'),('en_US',198,'Charente-Maritime'),('en_US',199,'Cher'),('en_US',200,'Corrèze'),('en_US',201,'Corse-du-Sud'),('en_US',202,'Haute-Corse'),('en_US',203,'Côte-d\'Or'),('en_US',204,'Côtes-d\'Armor'),('en_US',205,'Creuse'),('en_US',206,'Dordogne'),('en_US',207,'Doubs'),('en_US',208,'Drôme'),('en_US',209,'Eure'),('en_US',210,'Eure-et-Loir'),('en_US',211,'Finistère'),('en_US',212,'Gard'),('en_US',213,'Haute-Garonne'),('en_US',214,'Gers'),('en_US',215,'Gironde'),('en_US',216,'Hérault'),('en_US',217,'Ille-et-Vilaine'),('en_US',218,'Indre'),('en_US',219,'Indre-et-Loire'),('en_US',220,'Isère'),('en_US',221,'Jura'),('en_US',222,'Landes'),('en_US',223,'Loir-et-Cher'),('en_US',224,'Loire'),('en_US',225,'Haute-Loire'),('en_US',226,'Loire-Atlantique'),('en_US',227,'Loiret'),('en_US',228,'Lot'),('en_US',229,'Lot-et-Garonne'),('en_US',230,'Lozère'),('en_US',231,'Maine-et-Loire'),('en_US',232,'Manche'),('en_US',233,'Marne'),('en_US',234,'Haute-Marne'),('en_US',235,'Mayenne'),('en_US',236,'Meurthe-et-Moselle'),('en_US',237,'Meuse'),('en_US',238,'Morbihan'),('en_US',239,'Moselle'),('en_US',240,'Nièvre'),('en_US',241,'Nord'),('en_US',242,'Oise'),('en_US',243,'Orne'),('en_US',244,'Pas-de-Calais'),('en_US',245,'Puy-de-Dôme'),('en_US',246,'Pyrénées-Atlantiques'),('en_US',247,'Hautes-Pyrénées'),('en_US',248,'Pyrénées-Orientales'),('en_US',249,'Bas-Rhin'),('en_US',250,'Haut-Rhin'),('en_US',251,'Rhône'),('en_US',252,'Haute-Saône'),('en_US',253,'Saône-et-Loire'),('en_US',254,'Sarthe'),('en_US',255,'Savoie'),('en_US',256,'Haute-Savoie'),('en_US',257,'Paris'),('en_US',258,'Seine-Maritime'),('en_US',259,'Seine-et-Marne'),('en_US',260,'Yvelines'),('en_US',261,'Deux-Sèvres'),('en_US',262,'Somme'),('en_US',263,'Tarn'),('en_US',264,'Tarn-et-Garonne'),('en_US',265,'Var'),('en_US',266,'Vaucluse'),('en_US',267,'Vendée'),('en_US',268,'Vienne'),('en_US',269,'Haute-Vienne'),('en_US',270,'Vosges'),('en_US',271,'Yonne'),('en_US',272,'Territoire-de-Belfort'),('en_US',273,'Essonne'),('en_US',274,'Hauts-de-Seine'),('en_US',275,'Seine-Saint-Denis'),('en_US',276,'Val-de-Marne'),('en_US',277,'Val-d\'Oise'),('en_US',278,'Alba'),('en_US',279,'Arad'),('en_US',280,'Argeş'),('en_US',281,'Bacău'),('en_US',282,'Bihor'),('en_US',283,'Bistriţa-Năsăud'),('en_US',284,'Botoşani'),('en_US',285,'Braşov'),('en_US',286,'Brăila'),('en_US',287,'Bucureşti'),('en_US',288,'Buzău'),('en_US',289,'Caraş-Severin'),('en_US',290,'Călăraşi'),('en_US',291,'Cluj'),('en_US',292,'Constanţa'),('en_US',293,'Covasna'),('en_US',294,'Dâmboviţa'),('en_US',295,'Dolj'),('en_US',296,'Galaţi'),('en_US',297,'Giurgiu'),('en_US',298,'Gorj'),('en_US',299,'Harghita'),('en_US',300,'Hunedoara'),('en_US',301,'Ialomiţa'),('en_US',302,'Iaşi'),('en_US',303,'Ilfov'),('en_US',304,'Maramureş'),('en_US',305,'Mehedinţi'),('en_US',306,'Mureş'),('en_US',307,'Neamţ'),('en_US',308,'Olt'),('en_US',309,'Prahova'),('en_US',310,'Satu-Mare'),('en_US',311,'Sălaj'),('en_US',312,'Sibiu'),('en_US',313,'Suceava'),('en_US',314,'Teleorman'),('en_US',315,'Timiş'),('en_US',316,'Tulcea'),('en_US',317,'Vaslui'),('en_US',318,'Vâlcea'),('en_US',319,'Vrancea'),('en_US',320,'Lappi'),('en_US',321,'Pohjois-Pohjanmaa'),('en_US',322,'Kainuu'),('en_US',323,'Pohjois-Karjala'),('en_US',324,'Pohjois-Savo'),('en_US',325,'Etelä-Savo'),('en_US',326,'Etelä-Pohjanmaa'),('en_US',327,'Pohjanmaa'),('en_US',328,'Pirkanmaa'),('en_US',329,'Satakunta'),('en_US',330,'Keski-Pohjanmaa'),('en_US',331,'Keski-Suomi'),('en_US',332,'Varsinais-Suomi'),('en_US',333,'Etelä-Karjala'),('en_US',334,'Päijät-Häme'),('en_US',335,'Kanta-Häme'),('en_US',336,'Uusimaa'),('en_US',337,'Itä-Uusimaa'),('en_US',338,'Kymenlaakso'),('en_US',339,'Ahvenanmaa'),('en_US',340,'Harjumaa'),('en_US',341,'Hiiumaa'),('en_US',342,'Ida-Virumaa'),('en_US',343,'Jõgevamaa'),('en_US',344,'Järvamaa'),('en_US',345,'Läänemaa'),('en_US',346,'Lääne-Virumaa'),('en_US',347,'Põlvamaa'),('en_US',348,'Pärnumaa'),('en_US',349,'Raplamaa'),('en_US',350,'Saaremaa'),('en_US',351,'Tartumaa'),('en_US',352,'Valgamaa'),('en_US',353,'Viljandimaa'),('en_US',354,'Võrumaa'),('en_US',355,'Daugavpils'),('en_US',356,'Jelgava'),('en_US',357,'Jēkabpils'),('en_US',358,'Jūrmala'),('en_US',359,'Liepāja'),('en_US',360,'Liepājas novads'),('en_US',361,'Rēzekne'),('en_US',362,'Rīga'),('en_US',363,'Rīgas novads'),('en_US',364,'Valmiera'),('en_US',365,'Ventspils'),('en_US',366,'Aglonas novads'),('en_US',367,'Aizkraukles novads'),('en_US',368,'Aizputes novads'),('en_US',369,'Aknīstes novads'),('en_US',370,'Alojas novads'),('en_US',371,'Alsungas novads'),('en_US',372,'Alūksnes novads'),('en_US',373,'Amatas novads'),('en_US',374,'Apes novads'),('en_US',375,'Auces novads'),('en_US',376,'Babītes novads'),('en_US',377,'Baldones novads'),('en_US',378,'Baltinavas novads'),('en_US',379,'Balvu novads'),('en_US',380,'Bauskas novads'),('en_US',381,'Beverīnas novads'),('en_US',382,'Brocēnu novads'),('en_US',383,'Burtnieku novads'),('en_US',384,'Carnikavas novads'),('en_US',385,'Cesvaines novads'),('en_US',386,'Ciblas novads'),('en_US',387,'Cēsu novads'),('en_US',388,'Dagdas novads'),('en_US',389,'Daugavpils novads'),('en_US',390,'Dobeles novads'),('en_US',391,'Dundagas novads'),('en_US',392,'Durbes novads'),('en_US',393,'Engures novads'),('en_US',394,'Garkalnes novads'),('en_US',395,'Grobiņas novads'),('en_US',396,'Gulbenes novads'),('en_US',397,'Iecavas novads'),('en_US',398,'Ikšķiles novads'),('en_US',399,'Ilūkstes novads'),('en_US',400,'Inčukalna novads'),('en_US',401,'Jaunjelgavas novads'),('en_US',402,'Jaunpiebalgas novads'),('en_US',403,'Jaunpils novads'),('en_US',404,'Jelgavas novads'),('en_US',405,'Jēkabpils novads'),('en_US',406,'Kandavas novads'),('en_US',407,'Kokneses novads'),('en_US',408,'Krimuldas novads'),('en_US',409,'Krustpils novads'),('en_US',410,'Krāslavas novads'),('en_US',411,'Kuldīgas novads'),('en_US',412,'Kārsavas novads'),('en_US',413,'Lielvārdes novads'),('en_US',414,'Limbažu novads'),('en_US',415,'Lubānas novads'),('en_US',416,'Ludzas novads'),('en_US',417,'Līgatnes novads'),('en_US',418,'Līvānu novads'),('en_US',419,'Madonas novads'),('en_US',420,'Mazsalacas novads'),('en_US',421,'Mālpils novads'),('en_US',422,'Mārupes novads'),('en_US',423,'Naukšēnu novads'),('en_US',424,'Neretas novads'),('en_US',425,'Nīcas novads'),('en_US',426,'Ogres novads'),('en_US',427,'Olaines novads'),('en_US',428,'Ozolnieku novads'),('en_US',429,'Preiļu novads'),('en_US',430,'Priekules novads'),('en_US',431,'Priekuļu novads'),('en_US',432,'Pārgaujas novads'),('en_US',433,'Pāvilostas novads'),('en_US',434,'Pļaviņu novads'),('en_US',435,'Raunas novads'),('en_US',436,'Riebiņu novads'),('en_US',437,'Rojas novads'),('en_US',438,'Ropažu novads'),('en_US',439,'Rucavas novads'),('en_US',440,'Rugāju novads'),('en_US',441,'Rundāles novads'),('en_US',442,'Rēzeknes novads'),('en_US',443,'Rūjienas novads'),('en_US',444,'Salacgrīvas novads'),('en_US',445,'Salas novads'),('en_US',446,'Salaspils novads'),('en_US',447,'Saldus novads'),('en_US',448,'Saulkrastu novads'),('en_US',449,'Siguldas novads'),('en_US',450,'Skrundas novads'),('en_US',451,'Skrīveru novads'),('en_US',452,'Smiltenes novads'),('en_US',453,'Stopiņu novads'),('en_US',454,'Strenču novads'),('en_US',455,'Sējas novads'),('en_US',456,'Talsu novads'),('en_US',457,'Tukuma novads'),('en_US',458,'Tērvetes novads'),('en_US',459,'Vaiņodes novads'),('en_US',460,'Valkas novads'),('en_US',461,'Valmieras novads'),('en_US',462,'Varakļānu novads'),('en_US',463,'Vecpiebalgas novads'),('en_US',464,'Vecumnieku novads'),('en_US',465,'Ventspils novads'),('en_US',466,'Viesītes novads'),('en_US',467,'Viļakas novads'),('en_US',468,'Viļānu novads'),('en_US',469,'Vārkavas novads'),('en_US',470,'Zilupes novads'),('en_US',471,'Ādažu novads'),('en_US',472,'Ērgļu novads'),('en_US',473,'Ķeguma novads'),('en_US',474,'Ķekavas novads'),('en_US',475,'Alytaus Apskritis'),('en_US',476,'Kauno Apskritis'),('en_US',477,'Klaipėdos Apskritis'),('en_US',478,'Marijampolės Apskritis'),('en_US',479,'Panevėžio Apskritis'),('en_US',480,'Šiaulių Apskritis'),('en_US',481,'Tauragės Apskritis'),('en_US',482,'Telšių Apskritis'),('en_US',483,'Utenos Apskritis'),('en_US',484,'Vilniaus Apskritis'),('en_US',485,'Acre'),('en_US',486,'Alagoas'),('en_US',487,'Amapá'),('en_US',488,'Amazonas'),('en_US',489,'Bahia'),('en_US',490,'Ceará'),('en_US',491,'Espírito Santo'),('en_US',492,'Goiás'),('en_US',493,'Maranhão'),('en_US',494,'Mato Grosso'),('en_US',495,'Mato Grosso do Sul'),('en_US',496,'Minas Gerais'),('en_US',497,'Pará'),('en_US',498,'Paraíba'),('en_US',499,'Paraná'),('en_US',500,'Pernambuco'),('en_US',501,'Piauí'),('en_US',502,'Rio de Janeiro'),('en_US',503,'Rio Grande do Norte'),('en_US',504,'Rio Grande do Sul'),('en_US',505,'Rondônia'),('en_US',506,'Roraima'),('en_US',507,'Santa Catarina'),('en_US',508,'São Paulo'),('en_US',509,'Sergipe'),('en_US',510,'Tocantins'),('en_US',511,'Distrito Federal'),('en_US',512,'Berat'),('en_US',513,'Dibër'),('en_US',514,'Durrës'),('en_US',515,'Elbasan'),('en_US',516,'Fier'),('en_US',517,'Gjirokastër'),('en_US',518,'Korçë'),('en_US',519,'Kukës'),('en_US',520,'Lezhë'),('en_US',521,'Shkodër'),('en_US',522,'Tiranë'),('en_US',523,'Vlorë'),('en_US',524,'Ciudad Autónoma de Buenos Aires'),('en_US',525,'Buenos Aires'),('en_US',526,'Catamarca'),('en_US',527,'Chaco'),('en_US',528,'Chubut'),('en_US',529,'Córdoba'),('en_US',530,'Corrientes'),('en_US',531,'Entre Ríos'),('en_US',532,'Formosa'),('en_US',533,'Jujuy'),('en_US',534,'La Pampa'),('en_US',535,'La Rioja'),('en_US',536,'Mendoza'),('en_US',537,'Misiones'),('en_US',538,'Neuquén'),('en_US',539,'Río Negro'),('en_US',540,'Salta'),('en_US',541,'San Juan'),('en_US',542,'San Luis'),('en_US',543,'Santa Cruz'),('en_US',544,'Santa Fe'),('en_US',545,'Santiago del Estero'),('en_US',546,'Tierra del Fuego'),('en_US',547,'Tucumán'),('en_US',548,'Zagrebačka županija'),('en_US',549,'Krapinsko-zagorska županija'),('en_US',550,'Sisačko-moslavačka županija'),('en_US',551,'Karlovačka županija'),('en_US',552,'Varaždinska županija'),('en_US',553,'Koprivničko-križevačka županija'),('en_US',554,'Bjelovarsko-bilogorska županija'),('en_US',555,'Primorsko-goranska županija'),('en_US',556,'Ličko-senjska županija'),('en_US',557,'Virovitičko-podravska županija'),('en_US',558,'Požeško-slavonska županija'),('en_US',559,'Brodsko-posavska županija'),('en_US',560,'Zadarska županija'),('en_US',561,'Osječko-baranjska županija'),('en_US',562,'Šibensko-kninska županija'),('en_US',563,'Vukovarsko-srijemska županija'),('en_US',564,'Splitsko-dalmatinska županija'),('en_US',565,'Istarska županija'),('en_US',566,'Dubrovačko-neretvanska županija'),('en_US',567,'Međimurska županija'),('en_US',568,'Grad Zagreb'),('en_US',569,'Andaman and Nicobar Islands'),('en_US',570,'Andhra Pradesh'),('en_US',571,'Arunachal Pradesh'),('en_US',572,'Assam'),('en_US',573,'Bihar'),('en_US',574,'Chandigarh'),('en_US',575,'Chhattisgarh'),('en_US',576,'Dadra and Nagar Haveli'),('en_US',577,'Daman and Diu'),('en_US',578,'Delhi'),('en_US',579,'Goa'),('en_US',580,'Gujarat'),('en_US',581,'Haryana'),('en_US',582,'Himachal Pradesh'),('en_US',583,'Jammu and Kashmir'),('en_US',584,'Jharkhand'),('en_US',585,'Karnataka'),('en_US',586,'Kerala'),('en_US',587,'Lakshadweep'),('en_US',588,'Madhya Pradesh'),('en_US',589,'Maharashtra'),('en_US',590,'Manipur'),('en_US',591,'Meghalaya'),('en_US',592,'Mizoram'),('en_US',593,'Nagaland'),('en_US',594,'Odisha'),('en_US',595,'Puducherry'),('en_US',596,'Punjab'),('en_US',597,'Rajasthan'),('en_US',598,'Sikkim'),('en_US',599,'Tamil Nadu'),('en_US',600,'Telangana'),('en_US',601,'Tripura'),('en_US',602,'Uttar Pradesh'),('en_US',603,'Uttarakhand'),('en_US',604,'West Bengal'),('en_US',605,'Australian Capital Territory'),('en_US',606,'New South Wales'),('en_US',607,'Victoria'),('en_US',608,'Queensland'),('en_US',609,'South Australia'),('en_US',610,'Tasmania'),('en_US',611,'Western Australia'),('en_US',612,'Northern Territory'),('en_US',613,'Bresckaja voblasć'),('en_US',614,'Homieĺskaja voblasć'),('en_US',615,'Horad Minsk'),('en_US',616,'Hrodzienskaja voblasć'),('en_US',617,'Mahilioŭskaja voblasć'),('en_US',618,'Minskaja voblasć'),('en_US',619,'Viciebskaja voblasć'),('en_US',620,'Antwerpen'),('en_US',621,'Brabant wallon'),('en_US',622,'Brussels-Capital Region'),('en_US',623,'Hainaut'),('en_US',624,'Limburg'),('en_US',625,'Liège'),('en_US',626,'Luxembourg'),('en_US',627,'Namur'),('en_US',628,'Oost-Vlaanderen'),('en_US',629,'Vlaams-Brabant'),('en_US',630,'West-Vlaanderen'),('en_US',631,'Cochabamba'),('en_US',632,'Chuquisaca'),('en_US',633,'El Beni'),('en_US',634,'La Paz'),('en_US',635,'Oruro'),('en_US',636,'Pando'),('en_US',637,'Potosí'),('en_US',638,'Santa Cruz'),('en_US',639,'Tarija'),('en_US',640,'Blagoevgrad'),('en_US',641,'Burgas'),('en_US',642,'Varna'),('en_US',643,'Veliko Tarnovo'),('en_US',644,'Vidin'),('en_US',645,'Vratsa'),('en_US',646,'Gabrovo'),('en_US',647,'Dobrich'),('en_US',648,'Kardzhali'),('en_US',649,'Kyustendil'),('en_US',650,'Lovech'),('en_US',651,'Montana'),('en_US',652,'Pazardzhik'),('en_US',653,'Pernik'),('en_US',654,'Pleven'),('en_US',655,'Plovdiv'),('en_US',656,'Razgrad'),('en_US',657,'Ruse'),('en_US',658,'Silistra'),('en_US',659,'Sliven'),('en_US',660,'Smolyan'),('en_US',661,'Sofia City'),('en_US',662,'Sofia Province'),('en_US',663,'Stara Zagora'),('en_US',664,'Targovishte'),('en_US',665,'Haskovo'),('en_US',666,'Shumen'),('en_US',667,'Yambol'),('en_US',668,'Aisén del General Carlos Ibañez del Campo'),('en_US',669,'Antofagasta'),('en_US',670,'Arica y Parinacota'),('en_US',671,'La Araucanía'),('en_US',672,'Atacama'),('en_US',673,'Biobío'),('en_US',674,'Coquimbo'),('en_US',675,'Libertador General Bernardo O\'Higgins'),('en_US',676,'Los Lagos'),('en_US',677,'Los Ríos'),('en_US',678,'Magallanes'),('en_US',679,'Maule'),('en_US',680,'Ñuble'),('en_US',681,'Región Metropolitana de Santiago'),('en_US',682,'Tarapacá'),('en_US',683,'Valparaíso'),('en_US',684,'Anhui Sheng'),('en_US',685,'Beijing Shi'),('en_US',686,'Chongqing Shi'),('en_US',687,'Fujian Sheng'),('en_US',688,'Gansu Sheng'),('en_US',689,'Guangdong Sheng'),('en_US',690,'Guangxi Zhuangzu Zizhiqu'),('en_US',691,'Guizhou Sheng'),('en_US',692,'Hainan Sheng'),('en_US',693,'Hebei Sheng'),('en_US',694,'Heilongjiang Sheng'),('en_US',695,'Henan Sheng'),('en_US',696,'Hong Kong SAR'),('en_US',697,'Hubei Sheng'),('en_US',698,'Hunan Sheng'),('en_US',699,'Jiangsu Sheng'),('en_US',700,'Jiangxi Sheng'),('en_US',701,'Jilin Sheng'),('en_US',702,'Liaoning Sheng'),('en_US',703,'Macao SAR'),('en_US',704,'Nei Mongol Zizhiqu'),('en_US',705,'Ningxia Huizi Zizhiqu'),('en_US',706,'Qinghai Sheng'),('en_US',707,'Shaanxi Sheng'),('en_US',708,'Shandong Sheng'),('en_US',709,'Shanghai Shi'),('en_US',710,'Shanxi Sheng'),('en_US',711,'Sichuan Sheng'),('en_US',712,'Taiwan Sheng'),('en_US',713,'Tianjin Shi'),('en_US',714,'Xinjiang Uygur Zizhiqu'),('en_US',715,'Xizang Zizhiqu'),('en_US',716,'Yunnan Sheng'),('en_US',717,'Zhejiang Sheng'),('en_US',718,'Amazonas'),('en_US',719,'Antioquia'),('en_US',720,'Arauca'),('en_US',721,'Atlántico'),('en_US',722,'Bolívar'),('en_US',723,'Boyacá'),('en_US',724,'Caldas'),('en_US',725,'Caquetá'),('en_US',726,'Casanare'),('en_US',727,'Cauca'),('en_US',728,'Cesar'),('en_US',729,'Chocó'),('en_US',730,'Córdoba'),('en_US',731,'Cundinamarca'),('en_US',732,'Guainía'),('en_US',733,'Guaviare'),('en_US',734,'Huila'),('en_US',735,'La Guajira'),('en_US',736,'Magdalena'),('en_US',737,'Meta'),('en_US',738,'Nariño'),('en_US',739,'Norte de Santander'),('en_US',740,'Putumayo'),('en_US',741,'Quindío'),('en_US',742,'Risaralda'),('en_US',743,'San Andrés y Providencia'),('en_US',744,'Santander'),('en_US',745,'Sucre'),('en_US',746,'Tolima'),('en_US',747,'Valle del Cauca'),('en_US',748,'Vaupés'),('en_US',749,'Vichada'),('en_US',750,'Praha, Hlavní město'),('en_US',751,'Středočeský kraj'),('en_US',752,'Jihočeský kraj'),('en_US',753,'Plzeňský kraj'),('en_US',754,'Karlovarský kraj'),('en_US',755,'Ústecký kraj'),('en_US',756,'Liberecký kraj'),('en_US',757,'Královéhradecký kraj'),('en_US',758,'Pardubický kraj'),('en_US',759,'Kraj Vysočina'),('en_US',760,'Jihomoravský kraj'),('en_US',761,'Olomoucký kraj'),('en_US',762,'Zlínský kraj'),('en_US',763,'Moravskoslezský kraj'),('en_US',764,'Hovedstaden'),('en_US',765,'Midtjylland'),('en_US',766,'Nordjylland'),('en_US',767,'Sjælland'),('en_US',768,'Syddanmark'),('en_US',769,'Azuay'),('en_US',770,'Bolívar'),('en_US',771,'Cañar'),('en_US',772,'Carchi'),('en_US',773,'Chimborazo'),('en_US',774,'Cotopaxi'),('en_US',775,'El Oro'),('en_US',776,'Esmeraldas'),('en_US',777,'Galápagos'),('en_US',778,'Guayas'),('en_US',779,'Imbabura'),('en_US',780,'Loja'),('en_US',781,'Los Ríos'),('en_US',782,'Manabí'),('en_US',783,'Morona Santiago'),('en_US',784,'Napo'),('en_US',785,'Orellana'),('en_US',786,'Pastaza'),('en_US',787,'Pichincha'),('en_US',788,'Santa Elena'),('en_US',789,'Santo Domingo de los Tsáchilas'),('en_US',790,'Sucumbíos'),('en_US',791,'Tungurahua'),('en_US',792,'Zamora Chinchipe'),('en_US',793,'Anatolikí Makedonía kai Thráki'),('en_US',794,'Attikí'),('en_US',795,'Dytikí Elláda'),('en_US',796,'Dytikí Makedonía'),('en_US',797,'Ionía Nísia'),('en_US',798,'Ípeiros'),('en_US',799,'Kentrikí Makedonía'),('en_US',800,'Kríti'),('en_US',801,'Nótio Aigaío'),('en_US',802,'Pelopónnisos'),('en_US',803,'Stereá Elláda'),('en_US',804,'Thessalía'),('en_US',805,'Vóreio Aigaío'),('en_US',806,'Ágion Óros'),('en_US',807,'Barima-Waini'),('en_US',808,'Cuyuni-Mazaruni'),('en_US',809,'Demerara-Mahaica'),('en_US',810,'East Berbice-Corentyne'),('en_US',811,'Essequibo Islands-West Demerara'),('en_US',812,'Mahaica-Berbice'),('en_US',813,'Pomeroon-Supenaam'),('en_US',814,'Potaro-Siparuni'),('en_US',815,'Upper Demerara-Berbice'),('en_US',816,'Upper Takutu-Upper Essequibo'),('en_US',817,'Höfuðborgarsvæði'),('en_US',818,'Suðurnes'),('en_US',819,'Vesturland'),('en_US',820,'Vestfirðir'),('en_US',821,'Norðurland vestra'),('en_US',822,'Norðurland eystra'),('en_US',823,'Austurland'),('en_US',824,'Suðurland'),('en_US',825,'Agrigento'),('en_US',826,'Alessandria'),('en_US',827,'Ancona'),('en_US',828,'Aosta'),('en_US',829,'L\'Aquila'),('en_US',830,'Arezzo'),('en_US',831,'Ascoli-Piceno'),('en_US',832,'Asti'),('en_US',833,'Avellino'),('en_US',834,'Bari'),('en_US',835,'Barletta-Andria-Trani'),('en_US',836,'Belluno'),('en_US',837,'Benevento'),('en_US',838,'Bergamo'),('en_US',839,'Biella'),('en_US',840,'Bologna'),('en_US',841,'Bolzano'),('en_US',842,'Brescia'),('en_US',843,'Brindisi'),('en_US',844,'Cagliari'),('en_US',845,'Caltanissetta'),('en_US',846,'Campobasso'),('en_US',847,'Carbonia Iglesias'),('en_US',848,'Caserta'),('en_US',849,'Catania'),('en_US',850,'Catanzaro'),('en_US',851,'Chieti'),('en_US',852,'Como'),('en_US',853,'Cosenza'),('en_US',854,'Cremona'),('en_US',855,'Crotone'),('en_US',856,'Cuneo'),('en_US',857,'Enna'),('en_US',858,'Fermo'),('en_US',859,'Ferrara'),('en_US',860,'Firenze'),('en_US',861,'Foggia'),('en_US',862,'Forli-Cesena'),('en_US',863,'Frosinone'),('en_US',864,'Genova'),('en_US',865,'Gorizia'),('en_US',866,'Grosseto'),('en_US',867,'Imperia'),('en_US',868,'Isernia'),('en_US',869,'La-Spezia'),('en_US',870,'Latina'),('en_US',871,'Lecce'),('en_US',872,'Lecco'),('en_US',873,'Livorno'),('en_US',874,'Lodi'),('en_US',875,'Lucca'),('en_US',876,'Macerata'),('en_US',877,'Mantova'),('en_US',878,'Massa-Carrara'),('en_US',879,'Matera'),('en_US',880,'Medio Campidano'),('en_US',881,'Messina'),('en_US',882,'Milano'),('en_US',883,'Modena'),('en_US',884,'Monza-Brianza'),('en_US',885,'Napoli'),('en_US',886,'Novara'),('en_US',887,'Nuoro'),('en_US',888,'Ogliastra'),('en_US',889,'Olbia Tempio'),('en_US',890,'Oristano'),('en_US',891,'Padova'),('en_US',892,'Palermo'),('en_US',893,'Parma'),('en_US',894,'Pavia'),('en_US',895,'Perugia'),('en_US',896,'Pesaro-Urbino'),('en_US',897,'Pescara'),('en_US',898,'Piacenza'),('en_US',899,'Pisa'),('en_US',900,'Pistoia'),('en_US',901,'Pordenone'),('en_US',902,'Potenza'),('en_US',903,'Prato'),('en_US',904,'Ragusa'),('en_US',905,'Ravenna'),('en_US',906,'Reggio-Calabria'),('en_US',907,'Reggio-Emilia'),('en_US',908,'Rieti'),('en_US',909,'Rimini'),('en_US',910,'Roma'),('en_US',911,'Rovigo'),('en_US',912,'Salerno'),('en_US',913,'Sassari'),('en_US',914,'Savona'),('en_US',915,'Siena'),('en_US',916,'Siracusa'),('en_US',917,'Sondrio'),('en_US',918,'Taranto'),('en_US',919,'Teramo'),('en_US',920,'Terni'),('en_US',921,'Torino'),('en_US',922,'Trapani'),('en_US',923,'Trento'),('en_US',924,'Treviso'),('en_US',925,'Trieste'),('en_US',926,'Udine'),('en_US',927,'Varese'),('en_US',928,'Venezia'),('en_US',929,'Verbania'),('en_US',930,'Vercelli'),('en_US',931,'Verona'),('en_US',932,'Vibo-Valentia'),('en_US',933,'Vicenza'),('en_US',934,'Viterbo'),('en_US',935,'Aguascalientes'),('en_US',936,'Baja California'),('en_US',937,'Baja California Sur'),('en_US',938,'Campeche'),('en_US',939,'Chiapas'),('en_US',940,'Chihuahua'),('en_US',941,'Ciudad de México'),('en_US',942,'Coahuila'),('en_US',943,'Colima'),('en_US',944,'Durango'),('en_US',945,'Estado de México'),('en_US',946,'Guanajuato'),('en_US',947,'Guerrero'),('en_US',948,'Hidalgo'),('en_US',949,'Jalisco'),('en_US',950,'Michoacán'),('en_US',951,'Morelos'),('en_US',952,'Nayarit'),('en_US',953,'Nuevo León'),('en_US',954,'Oaxaca'),('en_US',955,'Puebla'),('en_US',956,'Querétaro'),('en_US',957,'Quintana Roo'),('en_US',958,'San Luis Potosí'),('en_US',959,'Sinaloa'),('en_US',960,'Sonora'),('en_US',961,'Tabasco'),('en_US',962,'Tamaulipas'),('en_US',963,'Tlaxcala'),('en_US',964,'Veracruz'),('en_US',965,'Yucatán'),('en_US',966,'Zacatecas'),('en_US',967,'Asunción'),('en_US',968,'Alto Paraguay'),('en_US',969,'Alto Paraná'),('en_US',970,'Amambay'),('en_US',971,'Boquerón'),('en_US',972,'Caaguazú'),('en_US',973,'Caazapá'),('en_US',974,'Canindeyú'),('en_US',975,'Central'),('en_US',976,'Concepción'),('en_US',977,'Cordillera'),('en_US',978,'Guairá'),('en_US',979,'Itapúa'),('en_US',980,'Misiones'),('en_US',981,'Ñeembucú'),('en_US',982,'Paraguarí'),('en_US',983,'Presidente Hayes'),('en_US',984,'San Pedro'),('en_US',985,'Municipalidad Metropolitana de Lima'),('en_US',986,'Amazonas'),('en_US',987,'Ancash'),('en_US',988,'Apurímac'),('en_US',989,'Arequipa'),('en_US',990,'Ayacucho'),('en_US',991,'Cajamarca'),('en_US',992,'Cusco'),('en_US',993,'El Callao'),('en_US',994,'Huancavelica'),('en_US',995,'Huánuco'),('en_US',996,'Ica'),('en_US',997,'Junín'),('en_US',998,'La Libertad'),('en_US',999,'Lambayeque'),('en_US',1000,'Lima'),('en_US',1001,'Loreto'),('en_US',1002,'Madre de Dios'),('en_US',1003,'Moquegua'),('en_US',1004,'Pasco'),('en_US',1005,'Piura'),('en_US',1006,'Puno'),('en_US',1007,'San Martín'),('en_US',1008,'Tacna'),('en_US',1009,'Tumbes'),('en_US',1010,'Ucayali'),('en_US',1011,'dolnośląskie'),('en_US',1012,'kujawsko-pomorskie'),('en_US',1013,'lubelskie'),('en_US',1014,'lubuskie'),('en_US',1015,'łódzkie'),('en_US',1016,'małopolskie'),('en_US',1017,'mazowieckie'),('en_US',1018,'opolskie'),('en_US',1019,'podkarpackie'),('en_US',1020,'podlaskie'),('en_US',1021,'pomorskie'),('en_US',1022,'śląskie'),('en_US',1023,'świętokrzyskie'),('en_US',1024,'warmińsko-mazurskie'),('en_US',1025,'wielkopolskie'),('en_US',1026,'zachodniopomorskie'),('en_US',1027,'Aveiro'),('en_US',1028,'Beja'),('en_US',1029,'Braga'),('en_US',1030,'Bragança'),('en_US',1031,'Castelo Branco'),('en_US',1032,'Coimbra'),('en_US',1033,'Évora'),('en_US',1034,'Faro'),('en_US',1035,'Guarda'),('en_US',1036,'Leiria'),('en_US',1037,'Lisboa'),('en_US',1038,'Portalegre'),('en_US',1039,'Porto'),('en_US',1040,'Santarém'),('en_US',1041,'Setúbal'),('en_US',1042,'Viana do Castelo'),('en_US',1043,'Vila Real'),('en_US',1044,'Viseu'),('en_US',1045,'Região Autónoma dos Açores'),('en_US',1046,'Região Autónoma da Madeira'),('en_US',1047,'Brokopondo'),('en_US',1048,'Commewijne'),('en_US',1049,'Coronie'),('en_US',1050,'Marowijne'),('en_US',1051,'Nickerie'),('en_US',1052,'Para'),('en_US',1053,'Paramaribo'),('en_US',1054,'Saramacca'),('en_US',1055,'Sipaliwini'),('en_US',1056,'Wanica'),('en_US',1057,'Blekinge län'),('en_US',1058,'Dalarnas län'),('en_US',1059,'Gotlands län'),('en_US',1060,'Gävleborgs län'),('en_US',1061,'Hallands län'),('en_US',1062,'Jämtlands län'),('en_US',1063,'Jönköpings län'),('en_US',1064,'Kalmar län'),('en_US',1065,'Kronobergs län'),('en_US',1066,'Norrbottens län'),('en_US',1067,'Skåne län'),('en_US',1068,'Stockholms län'),('en_US',1069,'Södermanlands län'),('en_US',1070,'Uppsala län'),('en_US',1071,'Värmlands län'),('en_US',1072,'Västerbottens län'),('en_US',1073,'Västernorrlands län'),('en_US',1074,'Västmanlands län'),('en_US',1075,'Västra Götalands län'),('en_US',1076,'Örebro län'),('en_US',1077,'Östergötlands län'),('en_US',1078,'Artigas'),('en_US',1079,'Canelones'),('en_US',1080,'Cerro Largo'),('en_US',1081,'Colonia'),('en_US',1082,'Durazno'),('en_US',1083,'Flores'),('en_US',1084,'Florida'),('en_US',1085,'Lavalleja'),('en_US',1086,'Maldonado'),('en_US',1087,'Montevideo'),('en_US',1088,'Paysandu'),('en_US',1089,'Río Negro'),('en_US',1090,'Rivera'),('en_US',1091,'Rocha'),('en_US',1092,'Salto'),('en_US',1093,'San José'),('en_US',1094,'Soriano'),('en_US',1095,'Tacuarembó'),('en_US',1096,'Treinta y Tres'),('en_US',1097,'Dependencias Federales'),('en_US',1098,'Distrito Capital'),('en_US',1099,'Amazonas'),('en_US',1100,'Anzoátegui'),('en_US',1101,'Apure'),('en_US',1102,'Aragua'),('en_US',1103,'Barinas'),('en_US',1104,'Bolívar'),('en_US',1105,'Carabobo'),('en_US',1106,'Cojedes'),('en_US',1107,'Delta Amacuro'),('en_US',1108,'Falcón'),('en_US',1109,'Guárico'),('en_US',1110,'Lara'),('en_US',1111,'Mérida'),('en_US',1112,'Miranda'),('en_US',1113,'Monagas'),('en_US',1114,'Nueva Esparta'),('en_US',1115,'Portuguesa'),('en_US',1116,'Sucre'),('en_US',1117,'Táchira'),('en_US',1118,'Trujillo'),('en_US',1119,'Vargas'),('en_US',1120,'Yaracuy'),('en_US',1121,'Zulia');

--
-- Table structure for table `directory_currency_rate`
--

CREATE TABLE `directory_currency_rate` (
  `currency_from` varchar(3) NOT NULL COMMENT 'Currency Code Convert From',
  `currency_to` varchar(3) NOT NULL COMMENT 'Currency Code Convert To',
  `rate` decimal(24,12) NOT NULL DEFAULT '0.000000000000' COMMENT 'Currency Conversion Rate',
  PRIMARY KEY (`currency_from`,`currency_to`),
  KEY `DIRECTORY_CURRENCY_RATE_CURRENCY_TO` (`currency_to`)
) ENGINE=InnoDB DEFAULT CHARSET=utf8mb3 COMMENT='Directory Currency Rate';

--
-- Dumping data for table `directory_currency_rate`
--

INSERT INTO `directory_currency_rate` VALUES ('EUR','EUR',1.000000000000),('EUR','USD',1.415000000000),('INR','INR',1.000000000000),('USD','EUR',0.706700000000),('USD','USD',1.000000000000);

--
-- Table structure for table `downloadable_link`
--

CREATE TABLE `downloadable_link` (
  `link_id` int unsigned NOT NULL AUTO_INCREMENT COMMENT 'Link ID',
  `product_id` int unsigned NOT NULL DEFAULT '0' COMMENT 'Product ID',
  `sort_order` int unsigned NOT NULL DEFAULT '0' COMMENT 'Sort order',
  `number_of_downloads` int DEFAULT NULL COMMENT 'Number of downloads',
  `is_shareable` smallint unsigned NOT NULL DEFAULT '0' COMMENT 'Shareable flag',
  `link_url` varchar(255) DEFAULT NULL COMMENT 'Link Url',
  `link_file` varchar(255) DEFAULT NULL COMMENT 'Link File',
  `link_type` varchar(20) DEFAULT NULL COMMENT 'Link Type',
  `sample_url` varchar(255) DEFAULT NULL COMMENT 'Sample Url',
  `sample_file` varchar(255) DEFAULT NULL COMMENT 'Sample File',
  `sample_type` varchar(20) DEFAULT NULL COMMENT 'Sample Type',
  PRIMARY KEY (`link_id`),
  KEY `DOWNLOADABLE_LINK_PRODUCT_ID_SORT_ORDER` (`product_id`,`sort_order`),
  CONSTRAINT `DOWNLOADABLE_LINK_PRODUCT_ID_CATALOG_PRODUCT_ENTITY_ENTITY_ID` FOREIGN KEY (`product_id`) REFERENCES `catalog_product_entity` (`entity_id`) ON DELETE CASCADE
) ENGINE=InnoDB DEFAULT CHARSET=utf8mb3 COMMENT='Downloadable Link Table';

--
-- Dumping data for table `downloadable_link`
--


--
-- Table structure for table `downloadable_link_price`
--

CREATE TABLE `downloadable_link_price` (
  `price_id` int unsigned NOT NULL AUTO_INCREMENT COMMENT 'Price ID',
  `link_id` int unsigned NOT NULL DEFAULT '0' COMMENT 'Link ID',
  `website_id` smallint unsigned NOT NULL DEFAULT '0' COMMENT 'Website ID',
  `price` decimal(20,6) NOT NULL DEFAULT '0.000000' COMMENT 'Price',
  PRIMARY KEY (`price_id`),
  KEY `DOWNLOADABLE_LINK_PRICE_LINK_ID` (`link_id`),
  KEY `DOWNLOADABLE_LINK_PRICE_WEBSITE_ID` (`website_id`),
  CONSTRAINT `DOWNLOADABLE_LINK_PRICE_LINK_ID_DOWNLOADABLE_LINK_LINK_ID` FOREIGN KEY (`link_id`) REFERENCES `downloadable_link` (`link_id`) ON DELETE CASCADE,
  CONSTRAINT `DOWNLOADABLE_LINK_PRICE_WEBSITE_ID_STORE_WEBSITE_WEBSITE_ID` FOREIGN KEY (`website_id`) REFERENCES `store_website` (`website_id`) ON DELETE CASCADE
) ENGINE=InnoDB DEFAULT CHARSET=utf8mb3 COMMENT='Downloadable Link Price Table';

--
-- Dumping data for table `downloadable_link_price`
--


--
-- Table structure for table `downloadable_link_purchased`
--

CREATE TABLE `downloadable_link_purchased` (
  `purchased_id` int unsigned NOT NULL AUTO_INCREMENT COMMENT 'Purchased ID',
  `order_id` int unsigned DEFAULT '0' COMMENT 'Order ID',
  `order_increment_id` varchar(50) DEFAULT NULL COMMENT 'Order Increment ID',
  `order_item_id` int unsigned NOT NULL DEFAULT '0' COMMENT 'Order Item ID',
  `created_at` timestamp NOT NULL DEFAULT CURRENT_TIMESTAMP COMMENT 'Date of creation',
  `updated_at` timestamp NOT NULL DEFAULT CURRENT_TIMESTAMP ON UPDATE CURRENT_TIMESTAMP COMMENT 'Date of modification',
  `customer_id` int unsigned DEFAULT '0' COMMENT 'Customer ID',
  `product_name` varchar(255) DEFAULT NULL COMMENT 'Product name',
  `product_sku` varchar(255) DEFAULT NULL COMMENT 'Product sku',
  `link_section_title` varchar(255) DEFAULT NULL COMMENT 'Link_section_title',
  PRIMARY KEY (`purchased_id`),
  KEY `DOWNLOADABLE_LINK_PURCHASED_ORDER_ID` (`order_id`),
  KEY `DOWNLOADABLE_LINK_PURCHASED_ORDER_ITEM_ID` (`order_item_id`),
  KEY `DOWNLOADABLE_LINK_PURCHASED_CUSTOMER_ID` (`customer_id`),
  CONSTRAINT `DL_LNK_PURCHASED_CSTR_ID_CSTR_ENTT_ENTT_ID` FOREIGN KEY (`customer_id`) REFERENCES `customer_entity` (`entity_id`) ON DELETE SET NULL,
  CONSTRAINT `DOWNLOADABLE_LINK_PURCHASED_ORDER_ID_SALES_ORDER_ENTITY_ID` FOREIGN KEY (`order_id`) REFERENCES `sales_order` (`entity_id`) ON DELETE SET NULL
) ENGINE=InnoDB DEFAULT CHARSET=utf8mb3 COMMENT='Downloadable Link Purchased Table';

--
-- Dumping data for table `downloadable_link_purchased`
--


--
-- Table structure for table `downloadable_link_purchased_item`
--

CREATE TABLE `downloadable_link_purchased_item` (
  `item_id` int unsigned NOT NULL AUTO_INCREMENT COMMENT 'Item ID',
  `purchased_id` int unsigned NOT NULL DEFAULT '0' COMMENT 'Purchased ID',
  `order_item_id` int unsigned DEFAULT '0' COMMENT 'Order Item ID',
  `product_id` int unsigned DEFAULT '0' COMMENT 'Product ID',
  `link_hash` varchar(255) DEFAULT NULL COMMENT 'Link hash',
  `number_of_downloads_bought` int unsigned NOT NULL DEFAULT '0' COMMENT 'Number of downloads bought',
  `number_of_downloads_used` int unsigned NOT NULL DEFAULT '0' COMMENT 'Number of downloads used',
  `link_id` int unsigned NOT NULL DEFAULT '0' COMMENT 'Link ID',
  `link_title` varchar(255) DEFAULT NULL COMMENT 'Link Title',
  `is_shareable` smallint unsigned NOT NULL DEFAULT '0' COMMENT 'Shareable Flag',
  `link_url` varchar(255) DEFAULT NULL COMMENT 'Link Url',
  `link_file` varchar(255) DEFAULT NULL COMMENT 'Link File',
  `link_type` varchar(255) DEFAULT NULL COMMENT 'Link Type',
  `status` varchar(50) DEFAULT NULL COMMENT 'Status',
  `created_at` timestamp NOT NULL DEFAULT CURRENT_TIMESTAMP COMMENT 'Creation Time',
  `updated_at` timestamp NOT NULL DEFAULT CURRENT_TIMESTAMP ON UPDATE CURRENT_TIMESTAMP COMMENT 'Update Time',
  PRIMARY KEY (`item_id`),
  KEY `DOWNLOADABLE_LINK_PURCHASED_ITEM_LINK_HASH` (`link_hash`),
  KEY `DOWNLOADABLE_LINK_PURCHASED_ITEM_ORDER_ITEM_ID` (`order_item_id`),
  KEY `DOWNLOADABLE_LINK_PURCHASED_ITEM_PURCHASED_ID` (`purchased_id`),
  CONSTRAINT `DL_LNK_PURCHASED_ITEM_ORDER_ITEM_ID_SALES_ORDER_ITEM_ITEM_ID` FOREIGN KEY (`order_item_id`) REFERENCES `sales_order_item` (`item_id`) ON DELETE SET NULL,
  CONSTRAINT `DL_LNK_PURCHASED_ITEM_PURCHASED_ID_DL_LNK_PURCHASED_PURCHASED_ID` FOREIGN KEY (`purchased_id`) REFERENCES `downloadable_link_purchased` (`purchased_id`) ON DELETE CASCADE
) ENGINE=InnoDB DEFAULT CHARSET=utf8mb3 COMMENT='Downloadable Link Purchased Item Table';

--
-- Dumping data for table `downloadable_link_purchased_item`
--


--
-- Table structure for table `downloadable_link_title`
--

CREATE TABLE `downloadable_link_title` (
  `title_id` int unsigned NOT NULL AUTO_INCREMENT COMMENT 'Title ID',
  `link_id` int unsigned NOT NULL DEFAULT '0' COMMENT 'Link ID',
  `store_id` smallint unsigned NOT NULL DEFAULT '0' COMMENT 'Store ID',
  `title` varchar(255) DEFAULT NULL COMMENT 'Title',
  PRIMARY KEY (`title_id`),
  UNIQUE KEY `DOWNLOADABLE_LINK_TITLE_LINK_ID_STORE_ID` (`link_id`,`store_id`),
  KEY `DOWNLOADABLE_LINK_TITLE_STORE_ID` (`store_id`),
  CONSTRAINT `DOWNLOADABLE_LINK_TITLE_LINK_ID_DOWNLOADABLE_LINK_LINK_ID` FOREIGN KEY (`link_id`) REFERENCES `downloadable_link` (`link_id`) ON DELETE CASCADE,
  CONSTRAINT `DOWNLOADABLE_LINK_TITLE_STORE_ID_STORE_STORE_ID` FOREIGN KEY (`store_id`) REFERENCES `store` (`store_id`) ON DELETE CASCADE
) ENGINE=InnoDB DEFAULT CHARSET=utf8mb3 COMMENT='Link Title Table';

--
-- Dumping data for table `downloadable_link_title`
--


--
-- Table structure for table `downloadable_sample`
--

CREATE TABLE `downloadable_sample` (
  `sample_id` int unsigned NOT NULL AUTO_INCREMENT COMMENT 'Sample ID',
  `product_id` int unsigned NOT NULL DEFAULT '0' COMMENT 'Product ID',
  `sample_url` varchar(255) DEFAULT NULL COMMENT 'Sample URL',
  `sample_file` varchar(255) DEFAULT NULL COMMENT 'Sample file',
  `sample_type` varchar(20) DEFAULT NULL COMMENT 'Sample Type',
  `sort_order` int unsigned NOT NULL DEFAULT '0' COMMENT 'Sort Order',
  PRIMARY KEY (`sample_id`),
  KEY `DOWNLOADABLE_SAMPLE_PRODUCT_ID` (`product_id`),
  CONSTRAINT `DOWNLOADABLE_SAMPLE_PRODUCT_ID_CATALOG_PRODUCT_ENTITY_ENTITY_ID` FOREIGN KEY (`product_id`) REFERENCES `catalog_product_entity` (`entity_id`) ON DELETE CASCADE
) ENGINE=InnoDB DEFAULT CHARSET=utf8mb3 COMMENT='Downloadable Sample Table';

--
-- Dumping data for table `downloadable_sample`
--


--
-- Table structure for table `downloadable_sample_title`
--

CREATE TABLE `downloadable_sample_title` (
  `title_id` int unsigned NOT NULL AUTO_INCREMENT COMMENT 'Title ID',
  `sample_id` int unsigned NOT NULL DEFAULT '0' COMMENT 'Sample ID',
  `store_id` smallint unsigned NOT NULL DEFAULT '0' COMMENT 'Store ID',
  `title` varchar(255) DEFAULT NULL COMMENT 'Title',
  PRIMARY KEY (`title_id`),
  UNIQUE KEY `DOWNLOADABLE_SAMPLE_TITLE_SAMPLE_ID_STORE_ID` (`sample_id`,`store_id`),
  KEY `DOWNLOADABLE_SAMPLE_TITLE_STORE_ID` (`store_id`),
  CONSTRAINT `DL_SAMPLE_TTL_SAMPLE_ID_DL_SAMPLE_SAMPLE_ID` FOREIGN KEY (`sample_id`) REFERENCES `downloadable_sample` (`sample_id`) ON DELETE CASCADE,
  CONSTRAINT `DOWNLOADABLE_SAMPLE_TITLE_STORE_ID_STORE_STORE_ID` FOREIGN KEY (`store_id`) REFERENCES `store` (`store_id`) ON DELETE CASCADE
) ENGINE=InnoDB DEFAULT CHARSET=utf8mb3 COMMENT='Downloadable Sample Title Table';

--
-- Dumping data for table `downloadable_sample_title`
--


--
-- Table structure for table `eav_attribute`
--

CREATE TABLE `eav_attribute` (
  `attribute_id` smallint unsigned NOT NULL AUTO_INCREMENT COMMENT 'Attribute ID',
  `entity_type_id` smallint unsigned NOT NULL DEFAULT '0' COMMENT 'Entity Type ID',
  `attribute_code` varchar(255) NOT NULL COMMENT 'Attribute Code',
  `attribute_model` varchar(255) DEFAULT NULL COMMENT 'Attribute Model',
  `backend_model` varchar(255) DEFAULT NULL COMMENT 'Backend Model',
  `backend_type` varchar(8) NOT NULL DEFAULT 'static' COMMENT 'Backend Type',
  `backend_table` varchar(255) DEFAULT NULL COMMENT 'Backend Table',
  `frontend_model` varchar(255) DEFAULT NULL COMMENT 'Frontend Model',
  `frontend_input` varchar(50) DEFAULT NULL COMMENT 'Frontend Input',
  `frontend_label` varchar(255) DEFAULT NULL COMMENT 'Frontend Label',
  `frontend_class` varchar(255) DEFAULT NULL COMMENT 'Frontend Class',
  `source_model` varchar(255) DEFAULT NULL COMMENT 'Source Model',
  `is_required` smallint unsigned NOT NULL DEFAULT '0' COMMENT 'Defines Is Required',
  `is_user_defined` smallint unsigned NOT NULL DEFAULT '0' COMMENT 'Defines Is User Defined',
  `default_value` text COMMENT 'Default Value',
  `is_unique` smallint unsigned NOT NULL DEFAULT '0' COMMENT 'Defines Is Unique',
  `note` varchar(255) DEFAULT NULL COMMENT 'Note',
  PRIMARY KEY (`attribute_id`),
  UNIQUE KEY `EAV_ATTRIBUTE_ENTITY_TYPE_ID_ATTRIBUTE_CODE` (`entity_type_id`,`attribute_code`),
  KEY `EAV_ATTRIBUTE_FRONTEND_INPUT_ENTITY_TYPE_ID_IS_USER_DEFINED` (`frontend_input`,`entity_type_id`,`is_user_defined`),
  CONSTRAINT `EAV_ATTRIBUTE_ENTITY_TYPE_ID_EAV_ENTITY_TYPE_ENTITY_TYPE_ID` FOREIGN KEY (`entity_type_id`) REFERENCES `eav_entity_type` (`entity_type_id`) ON DELETE CASCADE
) ENGINE=InnoDB AUTO_INCREMENT=142 DEFAULT CHARSET=utf8mb3 COMMENT='Eav Attribute';

--
-- Dumping data for table `eav_attribute`
--

INSERT INTO `eav_attribute` VALUES (1,1,'website_id',NULL,'Magento\\Customer\\Model\\Customer\\Attribute\\Backend\\Website','static',NULL,NULL,'select','Associate to Website',NULL,'Magento\\Customer\\Model\\Customer\\Attribute\\Source\\Website',1,0,NULL,0,NULL),(2,1,'store_id',NULL,'Magento\\Customer\\Model\\Customer\\Attribute\\Backend\\Store','static',NULL,NULL,'select','Create In',NULL,'Magento\\Customer\\Model\\Customer\\Attribute\\Source\\Store',1,0,NULL,0,NULL),(3,1,'created_in',NULL,NULL,'static',NULL,NULL,'text','Created From',NULL,NULL,0,0,NULL,0,NULL),(4,1,'prefix',NULL,NULL,'static',NULL,NULL,'text','Name Prefix',NULL,NULL,0,0,NULL,0,NULL),(5,1,'firstname',NULL,NULL,'static',NULL,NULL,'text','First Name',NULL,NULL,1,0,NULL,0,NULL),(6,1,'middlename',NULL,NULL,'static',NULL,NULL,'text','Middle Name/Initial',NULL,NULL,0,0,NULL,0,NULL),(7,1,'lastname',NULL,NULL,'static',NULL,NULL,'text','Last Name',NULL,NULL,1,0,NULL,0,NULL),(8,1,'suffix',NULL,NULL,'static',NULL,NULL,'text','Name Suffix',NULL,NULL,0,0,NULL,0,NULL),(9,1,'email',NULL,NULL,'static',NULL,NULL,'text','Email',NULL,NULL,1,0,NULL,0,NULL),(10,1,'group_id',NULL,NULL,'static',NULL,NULL,'select','Group',NULL,'Magento\\Customer\\Model\\Customer\\Attribute\\Source\\Group',1,0,NULL,0,NULL),(11,1,'dob',NULL,'Magento\\Eav\\Model\\Entity\\Attribute\\Backend\\Datetime','static',NULL,'Magento\\Eav\\Model\\Entity\\Attribute\\Frontend\\Datetime','date','Date of Birth',NULL,NULL,0,0,NULL,0,NULL),(12,1,'password_hash',NULL,'Magento\\Customer\\Model\\Customer\\Attribute\\Backend\\Password','static',NULL,NULL,'hidden',NULL,NULL,NULL,0,0,NULL,0,NULL),(13,1,'rp_token',NULL,NULL,'static',NULL,NULL,'hidden',NULL,NULL,NULL,0,0,NULL,0,NULL),(14,1,'rp_token_created_at',NULL,NULL,'static',NULL,NULL,'date',NULL,NULL,NULL,0,0,NULL,0,NULL),(15,1,'default_billing',NULL,'Magento\\Customer\\Model\\Customer\\Attribute\\Backend\\Billing','static',NULL,NULL,'text','Default Billing Address',NULL,NULL,0,0,NULL,0,NULL),(16,1,'default_shipping',NULL,'Magento\\Customer\\Model\\Customer\\Attribute\\Backend\\Shipping','static',NULL,NULL,'text','Default Shipping Address',NULL,NULL,0,0,NULL,0,NULL),(17,1,'taxvat',NULL,NULL,'static',NULL,NULL,'text','Tax/VAT Number',NULL,NULL,0,0,NULL,0,NULL),(18,1,'confirmation',NULL,NULL,'static',NULL,NULL,'text','Is Confirmed',NULL,NULL,0,0,NULL,0,NULL),(19,1,'created_at',NULL,NULL,'static',NULL,NULL,'date','Created At',NULL,NULL,0,0,NULL,0,NULL),(20,1,'gender',NULL,NULL,'static',NULL,NULL,'select','Gender',NULL,'Magento\\Eav\\Model\\Entity\\Attribute\\Source\\Table',0,0,NULL,0,NULL),(21,1,'disable_auto_group_change','Magento\\Customer\\Model\\Attribute','Magento\\Customer\\Model\\Attribute\\Backend\\Data\\Boolean','static',NULL,NULL,'boolean','Disable Automatic Group Change Based on VAT ID',NULL,NULL,0,0,NULL,0,NULL),(22,2,'prefix',NULL,NULL,'static',NULL,NULL,'text','Name Prefix',NULL,NULL,0,0,NULL,0,NULL),(23,2,'firstname',NULL,NULL,'static',NULL,NULL,'text','First Name',NULL,NULL,1,0,NULL,0,NULL),(24,2,'middlename',NULL,NULL,'static',NULL,NULL,'text','Middle Name/Initial',NULL,NULL,0,0,NULL,0,NULL),(25,2,'lastname',NULL,NULL,'static',NULL,NULL,'text','Last Name',NULL,NULL,1,0,NULL,0,NULL),(26,2,'suffix',NULL,NULL,'static',NULL,NULL,'text','Name Suffix',NULL,NULL,0,0,NULL,0,NULL),(27,2,'company',NULL,NULL,'static',NULL,NULL,'text','Company',NULL,NULL,0,0,NULL,0,NULL),(28,2,'street',NULL,'Magento\\Eav\\Model\\Entity\\Attribute\\Backend\\DefaultBackend','static',NULL,NULL,'multiline','Street Address',NULL,NULL,1,0,NULL,0,NULL),(29,2,'city',NULL,NULL,'static',NULL,NULL,'text','City',NULL,NULL,1,0,NULL,0,NULL),(30,2,'country_id',NULL,NULL,'static',NULL,NULL,'select','Country',NULL,'Magento\\Customer\\Model\\ResourceModel\\Address\\Attribute\\Source\\Country',1,0,NULL,0,NULL),(31,2,'region',NULL,'Magento\\Customer\\Model\\ResourceModel\\Address\\Attribute\\Backend\\Region','static',NULL,NULL,'text','State/Province',NULL,NULL,0,0,NULL,0,NULL),(32,2,'region_id',NULL,NULL,'static',NULL,NULL,'hidden','State/Province',NULL,'Magento\\Customer\\Model\\ResourceModel\\Address\\Attribute\\Source\\Region',0,0,NULL,0,NULL),(33,2,'postcode',NULL,NULL,'static',NULL,NULL,'text','Zip/Postal Code',NULL,NULL,0,0,NULL,0,NULL),(34,2,'telephone',NULL,NULL,'static',NULL,NULL,'text','Phone Number',NULL,NULL,1,0,NULL,0,NULL),(35,2,'fax',NULL,NULL,'static',NULL,NULL,'text','Fax',NULL,NULL,0,0,NULL,0,NULL),(36,2,'vat_id','Magento\\Customer\\Model\\Attribute',NULL,'static',NULL,NULL,'text','VAT Number',NULL,NULL,0,0,NULL,0,NULL),(37,2,'vat_is_valid',NULL,NULL,'static',NULL,NULL,'text','VAT number validity',NULL,NULL,0,0,NULL,0,NULL),(38,2,'vat_request_id',NULL,NULL,'static',NULL,NULL,'text','VAT number validation request ID',NULL,NULL,0,0,NULL,0,NULL),(39,2,'vat_request_date',NULL,NULL,'static',NULL,NULL,'text','VAT number validation request date',NULL,NULL,0,0,NULL,0,NULL),(40,2,'vat_request_success',NULL,NULL,'static',NULL,NULL,'text','VAT number validation request success',NULL,NULL,0,0,NULL,0,NULL),(41,1,'updated_at',NULL,NULL,'static',NULL,NULL,'date','Updated At',NULL,NULL,0,0,NULL,0,NULL),(42,1,'failures_num',NULL,NULL,'static',NULL,NULL,'hidden','Failures Number',NULL,NULL,0,0,NULL,0,NULL),(43,1,'first_failure',NULL,NULL,'static',NULL,NULL,'date','First Failure Date',NULL,NULL,0,0,NULL,0,NULL),(44,1,'lock_expires',NULL,NULL,'static',NULL,NULL,'date','Failures Number',NULL,NULL,0,0,NULL,0,NULL),(45,3,'name',NULL,NULL,'varchar',NULL,NULL,'text','Name',NULL,NULL,1,0,NULL,0,NULL),(46,3,'is_active',NULL,NULL,'int',NULL,NULL,'select','Is Active',NULL,'Magento\\Eav\\Model\\Entity\\Attribute\\Source\\Boolean',1,0,NULL,0,NULL),(47,3,'description',NULL,NULL,'text',NULL,NULL,'textarea','Description',NULL,NULL,0,0,NULL,0,NULL),(48,3,'image',NULL,'Magento\\Catalog\\Model\\Category\\Attribute\\Backend\\Image','varchar',NULL,NULL,'image','Image',NULL,NULL,0,0,NULL,0,NULL),(49,3,'meta_title',NULL,NULL,'varchar',NULL,NULL,'text','Page Title',NULL,NULL,0,0,NULL,0,NULL),(50,3,'meta_keywords',NULL,NULL,'text',NULL,NULL,'textarea','Meta Keywords',NULL,NULL,0,0,NULL,0,NULL),(51,3,'meta_description',NULL,NULL,'text',NULL,NULL,'textarea','Meta Description',NULL,NULL,0,0,NULL,0,NULL),(52,3,'display_mode',NULL,NULL,'varchar',NULL,NULL,'select','Display Mode',NULL,'Magento\\Catalog\\Model\\Category\\Attribute\\Source\\Mode',0,0,NULL,0,NULL),(53,3,'landing_page',NULL,NULL,'int',NULL,NULL,'select','CMS Block',NULL,'Magento\\Catalog\\Model\\Category\\Attribute\\Source\\Page',0,0,NULL,0,NULL),(54,3,'is_anchor',NULL,NULL,'int',NULL,NULL,'select','Is Anchor',NULL,'Magento\\Eav\\Model\\Entity\\Attribute\\Source\\Boolean',0,0,'1',0,NULL),(55,3,'path',NULL,NULL,'static',NULL,NULL,'text','Path',NULL,NULL,0,0,NULL,0,NULL),(56,3,'position',NULL,NULL,'static',NULL,NULL,'text','Position',NULL,NULL,0,0,NULL,0,NULL),(57,3,'all_children',NULL,NULL,'text',NULL,NULL,'text',NULL,NULL,NULL,0,0,NULL,0,NULL),(58,3,'path_in_store',NULL,NULL,'text',NULL,NULL,'text',NULL,NULL,NULL,0,0,NULL,0,NULL),(59,3,'children',NULL,NULL,'text',NULL,NULL,'text',NULL,NULL,NULL,0,0,NULL,0,NULL),(60,3,'custom_design',NULL,NULL,'varchar',NULL,NULL,'select','Custom Design',NULL,'Magento\\Theme\\Model\\Theme\\Source\\Theme',0,0,NULL,0,NULL),(61,3,'custom_design_from','Magento\\Catalog\\Model\\ResourceModel\\Eav\\Attribute','Magento\\Catalog\\Model\\Attribute\\Backend\\Startdate','datetime',NULL,'Magento\\Eav\\Model\\Entity\\Attribute\\Frontend\\Datetime','date','Active From',NULL,NULL,0,0,NULL,0,NULL),(62,3,'custom_design_to',NULL,'Magento\\Eav\\Model\\Entity\\Attribute\\Backend\\Datetime','datetime',NULL,NULL,'date','Active To',NULL,NULL,0,0,NULL,0,NULL),(63,3,'page_layout',NULL,NULL,'varchar',NULL,NULL,'select','Page Layout',NULL,'Magento\\Catalog\\Model\\Category\\Attribute\\Source\\Layout',0,0,NULL,0,NULL),(64,3,'custom_layout_update',NULL,'Magento\\Catalog\\Model\\Attribute\\Backend\\Customlayoutupdate','text',NULL,NULL,'textarea','Custom Layout Update',NULL,NULL,0,0,NULL,0,NULL),(65,3,'level',NULL,NULL,'static',NULL,NULL,'text','Level',NULL,NULL,0,0,NULL,0,NULL),(66,3,'children_count',NULL,NULL,'static',NULL,NULL,'text','Children Count',NULL,NULL,0,0,NULL,0,NULL),(67,3,'available_sort_by',NULL,'Magento\\Catalog\\Model\\Category\\Attribute\\Backend\\Sortby','text',NULL,NULL,'multiselect','Available Product Listing Sort By',NULL,'Magento\\Catalog\\Model\\Category\\Attribute\\Source\\Sortby',1,0,NULL,0,NULL),(68,3,'default_sort_by',NULL,'Magento\\Catalog\\Model\\Category\\Attribute\\Backend\\Sortby','varchar',NULL,NULL,'select','Default Product Listing Sort By',NULL,'Magento\\Catalog\\Model\\Category\\Attribute\\Source\\Sortby',1,0,NULL,0,NULL),(69,3,'include_in_menu',NULL,NULL,'int',NULL,NULL,'select','Include in Navigation Menu',NULL,'Magento\\Eav\\Model\\Entity\\Attribute\\Source\\Boolean',1,0,'1',0,NULL),(70,3,'custom_use_parent_settings',NULL,NULL,'int',NULL,NULL,'select','Use Parent Category Settings',NULL,'Magento\\Eav\\Model\\Entity\\Attribute\\Source\\Boolean',0,0,NULL,0,NULL),(71,3,'custom_apply_to_products',NULL,NULL,'int',NULL,NULL,'select','Apply To Products',NULL,'Magento\\Eav\\Model\\Entity\\Attribute\\Source\\Boolean',0,0,NULL,0,NULL),(72,3,'filter_price_range',NULL,NULL,'decimal',NULL,NULL,'text','Layered Navigation Price Step',NULL,NULL,0,0,NULL,0,NULL),(73,4,'name','Magento\\Catalog\\Model\\ResourceModel\\Eav\\Attribute',NULL,'varchar',NULL,NULL,'text','Product Name','validate-length maximum-length-255',NULL,1,0,NULL,0,NULL),(74,4,'sku','Magento\\Catalog\\Model\\ResourceModel\\Eav\\Attribute','Magento\\Catalog\\Model\\Product\\Attribute\\Backend\\Sku','static',NULL,NULL,'text','SKU','validate-length maximum-length-64',NULL,1,0,NULL,1,NULL),(75,4,'description',NULL,NULL,'text',NULL,NULL,'textarea','Description',NULL,NULL,0,0,NULL,0,NULL),(76,4,'short_description',NULL,NULL,'text',NULL,NULL,'textarea','Short Description',NULL,NULL,0,0,NULL,0,NULL),(77,4,'price','Magento\\Catalog\\Model\\ResourceModel\\Eav\\Attribute','Magento\\Catalog\\Model\\Product\\Attribute\\Backend\\Price','decimal',NULL,NULL,'price','Price',NULL,NULL,1,0,NULL,0,NULL),(78,4,'special_price','Magento\\Catalog\\Model\\ResourceModel\\Eav\\Attribute','Magento\\Catalog\\Model\\Product\\Attribute\\Backend\\Price','decimal',NULL,NULL,'price','Special Price',NULL,NULL,0,0,NULL,0,NULL),(79,4,'special_from_date',NULL,'Magento\\Catalog\\Model\\Attribute\\Backend\\Startdate','datetime',NULL,NULL,'date','Special Price From Date',NULL,NULL,0,0,NULL,0,NULL),(80,4,'special_to_date',NULL,'Magento\\Eav\\Model\\Entity\\Attribute\\Backend\\Datetime','datetime',NULL,NULL,'date','Special Price To Date',NULL,NULL,0,0,NULL,0,NULL),(81,4,'cost',NULL,'Magento\\Catalog\\Model\\Product\\Attribute\\Backend\\Price','decimal',NULL,NULL,'price','Cost',NULL,NULL,0,1,NULL,0,NULL),(82,4,'weight',NULL,'Magento\\Catalog\\Model\\Product\\Attribute\\Backend\\Weight','decimal',NULL,NULL,'weight','Weight',NULL,NULL,0,0,NULL,0,NULL),(83,4,'manufacturer',NULL,NULL,'int',NULL,NULL,'select','Manufacturer',NULL,NULL,0,1,NULL,0,NULL),(84,4,'meta_title',NULL,NULL,'varchar',NULL,NULL,'text','Meta Title',NULL,NULL,0,0,NULL,0,NULL),(85,4,'meta_keyword',NULL,NULL,'text',NULL,NULL,'textarea','Meta Keywords',NULL,NULL,0,0,NULL,0,NULL),(86,4,'meta_description',NULL,NULL,'varchar',NULL,NULL,'textarea','Meta Description',NULL,NULL,0,0,NULL,0,'Maximum 255 chars. Meta Description should optimally be between 150-160 characters'),(87,4,'image',NULL,NULL,'varchar',NULL,'Magento\\Catalog\\Model\\Product\\Attribute\\Frontend\\Image','media_image','Base',NULL,NULL,0,0,NULL,0,NULL),(88,4,'small_image',NULL,NULL,'varchar',NULL,'Magento\\Catalog\\Model\\Product\\Attribute\\Frontend\\Image','media_image','Small',NULL,NULL,0,0,NULL,0,NULL),(89,4,'thumbnail',NULL,NULL,'varchar',NULL,'Magento\\Catalog\\Model\\Product\\Attribute\\Frontend\\Image','media_image','Thumbnail',NULL,NULL,0,0,NULL,0,NULL),(90,4,'media_gallery',NULL,NULL,'static',NULL,NULL,'gallery','Media Gallery',NULL,NULL,0,0,NULL,0,NULL),(91,4,'old_id',NULL,NULL,'int',NULL,NULL,'text',NULL,NULL,NULL,0,0,NULL,0,NULL),(92,4,'tier_price',NULL,'Magento\\Catalog\\Model\\Product\\Attribute\\Backend\\Tierprice','decimal',NULL,NULL,'text','Tier Price',NULL,NULL,0,0,NULL,0,NULL),(93,4,'color',NULL,NULL,'int',NULL,NULL,'select','Color',NULL,NULL,0,1,'4',0,NULL),(94,4,'news_from_date',NULL,'Magento\\Catalog\\Model\\Attribute\\Backend\\Startdate','datetime',NULL,NULL,'date','Set Product as New from Date',NULL,NULL,0,0,NULL,0,NULL),(95,4,'news_to_date',NULL,'Magento\\Eav\\Model\\Entity\\Attribute\\Backend\\Datetime','datetime',NULL,NULL,'date','Set Product as New to Date',NULL,NULL,0,0,NULL,0,NULL),(96,4,'gallery',NULL,NULL,'varchar',NULL,NULL,'gallery','Image Gallery',NULL,NULL,0,0,NULL,0,NULL),(97,4,'status',NULL,NULL,'int',NULL,NULL,'select','Enable Product',NULL,'Magento\\Catalog\\Model\\Product\\Attribute\\Source\\Status',0,0,'1',0,NULL),(98,4,'minimal_price','Magento\\Catalog\\Model\\ResourceModel\\Eav\\Attribute','Magento\\Catalog\\Model\\Product\\Attribute\\Backend\\Price','decimal',NULL,NULL,'price','Minimal Price',NULL,NULL,0,0,NULL,0,NULL),(99,4,'visibility',NULL,NULL,'int',NULL,NULL,'select','Visibility',NULL,'Magento\\Catalog\\Model\\Product\\Visibility',0,0,'4',0,NULL),(100,4,'custom_design',NULL,NULL,'varchar',NULL,NULL,'select','New Theme',NULL,'Magento\\Theme\\Model\\Theme\\Source\\Theme',0,0,NULL,0,NULL),(101,4,'custom_design_from',NULL,'Magento\\Catalog\\Model\\Attribute\\Backend\\Startdate','datetime',NULL,NULL,'date','Active From',NULL,NULL,0,0,NULL,0,NULL),(102,4,'custom_design_to',NULL,'Magento\\Eav\\Model\\Entity\\Attribute\\Backend\\Datetime','datetime',NULL,NULL,'date','Active To',NULL,NULL,0,0,NULL,0,NULL),(103,4,'custom_layout_update',NULL,'Magento\\Catalog\\Model\\Attribute\\Backend\\Customlayoutupdate','text',NULL,NULL,'textarea','Layout Update XML',NULL,NULL,0,0,NULL,0,NULL),(104,4,'page_layout',NULL,NULL,'varchar',NULL,NULL,'select','Layout',NULL,'Magento\\Catalog\\Model\\Product\\Attribute\\Source\\Layout',0,0,NULL,0,NULL),(105,4,'category_ids',NULL,'Magento\\Catalog\\Model\\Product\\Attribute\\Backend\\Category','static',NULL,NULL,'text','Categories',NULL,NULL,0,0,NULL,0,NULL),(106,4,'options_container',NULL,NULL,'varchar',NULL,NULL,'select','Display Product Options In',NULL,'Magento\\Catalog\\Model\\Entity\\Product\\Attribute\\Design\\Options\\Container',0,0,'container2',0,NULL),(107,4,'required_options',NULL,NULL,'static',NULL,NULL,'text',NULL,NULL,NULL,0,0,NULL,0,NULL),(108,4,'has_options',NULL,NULL,'static',NULL,NULL,'text',NULL,NULL,NULL,0,0,NULL,0,NULL),(109,4,'image_label',NULL,NULL,'varchar',NULL,NULL,'text','Image Label',NULL,NULL,0,0,NULL,0,NULL),(110,4,'small_image_label',NULL,NULL,'varchar',NULL,NULL,'text','Small Image Label',NULL,NULL,0,0,NULL,0,NULL),(111,4,'thumbnail_label',NULL,NULL,'varchar',NULL,NULL,'text','Thumbnail Label',NULL,NULL,0,0,NULL,0,NULL),(112,4,'created_at',NULL,NULL,'static',NULL,NULL,'date',NULL,NULL,NULL,1,0,NULL,0,NULL),(113,4,'updated_at',NULL,NULL,'static',NULL,NULL,'date',NULL,NULL,NULL,1,0,NULL,0,NULL),(114,4,'country_of_manufacture',NULL,NULL,'varchar',NULL,NULL,'select','Country of Manufacture',NULL,'Magento\\Catalog\\Model\\Product\\Attribute\\Source\\Countryofmanufacture',0,0,NULL,0,NULL),(115,4,'quantity_and_stock_status',NULL,'Magento\\Catalog\\Model\\Product\\Attribute\\Backend\\Stock','int',NULL,NULL,'select','Quantity',NULL,'Magento\\CatalogInventory\\Model\\Source\\Stock',0,0,'1',0,NULL),(116,4,'custom_layout',NULL,NULL,'varchar',NULL,NULL,'select','New Layout',NULL,'Magento\\Catalog\\Model\\Product\\Attribute\\Source\\Layout',0,0,NULL,0,NULL),(117,4,'custom_layout_update_file',NULL,'Magento\\Catalog\\Model\\Product\\Attribute\\Backend\\LayoutUpdate','varchar',NULL,NULL,'select','Custom Layout Update',NULL,'Magento\\Catalog\\Model\\Product\\Attribute\\Source\\LayoutUpdate',0,0,NULL,0,NULL),(118,3,'custom_layout_update_file',NULL,'Magento\\Catalog\\Model\\Category\\Attribute\\Backend\\LayoutUpdate','varchar',NULL,NULL,'select','Custom Layout Update',NULL,'Magento\\Catalog\\Model\\Category\\Attribute\\Source\\LayoutUpdate',0,0,NULL,0,NULL),(119,3,'url_key',NULL,NULL,'varchar',NULL,NULL,'text','URL Key',NULL,NULL,0,0,NULL,0,NULL),(120,3,'url_path',NULL,NULL,'varchar',NULL,NULL,'text',NULL,NULL,NULL,0,0,NULL,0,NULL),(121,4,'url_key',NULL,NULL,'varchar',NULL,NULL,'text','URL Key','validate-trailing-hyphen',NULL,0,0,NULL,0,NULL),(122,4,'url_path',NULL,NULL,'varchar',NULL,NULL,'text',NULL,NULL,NULL,0,0,NULL,0,NULL),(123,4,'msrp','Magento\\Catalog\\Model\\ResourceModel\\Eav\\Attribute','Magento\\Catalog\\Model\\Product\\Attribute\\Backend\\Price','decimal',NULL,NULL,'price','Minimum Advertised Price',NULL,NULL,0,0,NULL,0,NULL),(124,4,'msrp_display_actual_price_type',NULL,'Magento\\Catalog\\Model\\Product\\Attribute\\Backend\\Boolean','varchar',NULL,NULL,'select','Display Actual Price',NULL,'Magento\\Msrp\\Model\\Product\\Attribute\\Source\\Type\\Price',0,0,'0',0,NULL),(125,4,'links_purchased_separately',NULL,NULL,'int',NULL,NULL,NULL,'Links can be purchased separately',NULL,NULL,1,0,NULL,0,NULL),(126,4,'samples_title',NULL,NULL,'varchar',NULL,NULL,NULL,'Samples title',NULL,NULL,1,0,NULL,0,NULL),(127,4,'links_title',NULL,NULL,'varchar',NULL,NULL,NULL,'Links title',NULL,NULL,1,0,NULL,0,NULL),(128,4,'links_exist',NULL,NULL,'int',NULL,NULL,NULL,NULL,NULL,NULL,0,0,NULL,0,NULL),(129,4,'price_type',NULL,NULL,'int',NULL,NULL,'boolean','Dynamic Price',NULL,NULL,1,0,'0',0,NULL),(130,4,'sku_type',NULL,NULL,'int',NULL,NULL,'boolean','Dynamic SKU',NULL,NULL,1,0,'0',0,NULL),(131,4,'weight_type',NULL,NULL,'int',NULL,NULL,'boolean','Dynamic Weight',NULL,NULL,1,0,'0',0,NULL),(132,4,'price_view',NULL,NULL,'int',NULL,NULL,'select','Price View',NULL,'Magento\\Bundle\\Model\\Product\\Attribute\\Source\\Price\\View',1,0,NULL,0,NULL),(133,4,'shipment_type',NULL,NULL,'int',NULL,NULL,'select','Ship Bundle Items',NULL,'Magento\\Bundle\\Model\\Product\\Attribute\\Source\\Shipment\\Type',1,0,'0',0,NULL),(134,4,'gift_message_available',NULL,'Magento\\Catalog\\Model\\Product\\Attribute\\Backend\\Boolean','varchar',NULL,NULL,'select','Allow Gift Message',NULL,'Magento\\Catalog\\Model\\Product\\Attribute\\Source\\Boolean',0,0,NULL,0,NULL),(135,4,'swatch_image',NULL,NULL,'varchar',NULL,'Magento\\Catalog\\Model\\Product\\Attribute\\Frontend\\Image','media_image','Swatch',NULL,NULL,0,0,NULL,0,NULL),(136,4,'tax_class_id',NULL,NULL,'int',NULL,NULL,'select','Tax Class',NULL,'Magento\\Tax\\Model\\TaxClass\\Source\\Product',0,0,'2',0,NULL),(137,4,'threed_model_url',NULL,NULL,'varchar',NULL,NULL,'text','3D Model URL',NULL,NULL,0,1,NULL,0,NULL),(138,2,'payu_address_id',NULL,NULL,'static',NULL,NULL,'text','Payu Address Id',NULL,NULL,0,1,NULL,0,NULL),(139,2,'payu_user_id',NULL,NULL,'static',NULL,NULL,'text','Payu User Id',NULL,NULL,0,1,NULL,0,NULL),(140,1,'payu_phone_number',NULL,NULL,'static',NULL,NULL,'text','Payu Phone Number',NULL,NULL,0,0,NULL,0,NULL),(141,1,'mp_smtp_is_synced',NULL,NULL,'int',NULL,NULL,'hidden','Mp SMTP is synced',NULL,NULL,0,0,NULL,0,NULL);

--
-- Table structure for table `eav_attribute_group`
--

CREATE TABLE `eav_attribute_group` (
  `attribute_group_id` smallint unsigned NOT NULL AUTO_INCREMENT COMMENT 'Attribute Group ID',
  `attribute_set_id` smallint unsigned NOT NULL DEFAULT '0' COMMENT 'Attribute Set ID',
  `attribute_group_name` varchar(255) DEFAULT NULL COMMENT 'Attribute Group Name',
  `sort_order` smallint NOT NULL DEFAULT '0' COMMENT 'Sort Order',
  `default_id` smallint unsigned DEFAULT '0' COMMENT 'Default ID',
  `attribute_group_code` varchar(255) NOT NULL COMMENT 'Attribute Group Code',
  `tab_group_code` varchar(255) DEFAULT NULL COMMENT 'Tab Group Code',
  PRIMARY KEY (`attribute_group_id`),
  UNIQUE KEY `EAV_ATTRIBUTE_GROUP_ATTRIBUTE_SET_ID_ATTRIBUTE_GROUP_CODE` (`attribute_set_id`,`attribute_group_code`),
  UNIQUE KEY `EAV_ATTRIBUTE_GROUP_ATTRIBUTE_SET_ID_ATTRIBUTE_GROUP_NAME` (`attribute_set_id`,`attribute_group_name`),
  KEY `EAV_ATTRIBUTE_GROUP_ATTRIBUTE_SET_ID_SORT_ORDER` (`attribute_set_id`,`sort_order`),
  CONSTRAINT `EAV_ATTR_GROUP_ATTR_SET_ID_EAV_ATTR_SET_ATTR_SET_ID` FOREIGN KEY (`attribute_set_id`) REFERENCES `eav_attribute_set` (`attribute_set_id`) ON DELETE CASCADE
) ENGINE=InnoDB AUTO_INCREMENT=21 DEFAULT CHARSET=utf8mb3 COMMENT='Eav Attribute Group';

--
-- Dumping data for table `eav_attribute_group`
--

INSERT INTO `eav_attribute_group` VALUES (1,1,'General',1,1,'general',NULL),(2,2,'General',1,1,'general',NULL),(3,3,'General',10,1,'general',NULL),(4,3,'General Information',2,0,'general-information',NULL),(5,3,'Display Settings',20,0,'display-settings',NULL),(6,3,'Custom Design',30,0,'custom-design',NULL),(7,4,'Product Details',1,1,'product-details','basic'),(8,4,'Advanced Pricing',6,0,'advanced-pricing','advanced'),(9,4,'Search Engine Optimization',5,0,'search-engine-optimization','basic'),(10,4,'Images',4,0,'image-management','basic'),(11,4,'Design',7,0,'design','advanced'),(12,4,'Autosettings',9,0,'autosettings','advanced'),(13,4,'Content',2,0,'content','basic'),(14,4,'Schedule Design Update',8,0,'schedule-design-update','advanced'),(15,5,'General',1,1,'general',NULL),(16,6,'General',1,1,'general',NULL),(17,7,'General',1,1,'general',NULL),(18,8,'General',1,1,'general',NULL),(19,4,'Bundle Items',3,0,'bundle-items',NULL),(20,4,'Gift Options',10,0,'gift-options',NULL);

--
-- Table structure for table `eav_attribute_label`
--

CREATE TABLE `eav_attribute_label` (
  `attribute_label_id` int unsigned NOT NULL AUTO_INCREMENT COMMENT 'Attribute Label ID',
  `attribute_id` smallint unsigned NOT NULL DEFAULT '0' COMMENT 'Attribute ID',
  `store_id` smallint unsigned NOT NULL DEFAULT '0' COMMENT 'Store ID',
  `value` varchar(255) DEFAULT NULL COMMENT 'Value',
  PRIMARY KEY (`attribute_label_id`),
  KEY `EAV_ATTRIBUTE_LABEL_STORE_ID` (`store_id`),
  KEY `EAV_ATTRIBUTE_LABEL_ATTRIBUTE_ID_STORE_ID` (`attribute_id`,`store_id`),
  CONSTRAINT `EAV_ATTRIBUTE_LABEL_ATTRIBUTE_ID_EAV_ATTRIBUTE_ATTRIBUTE_ID` FOREIGN KEY (`attribute_id`) REFERENCES `eav_attribute` (`attribute_id`) ON DELETE CASCADE,
  CONSTRAINT `EAV_ATTRIBUTE_LABEL_STORE_ID_STORE_STORE_ID` FOREIGN KEY (`store_id`) REFERENCES `store` (`store_id`) ON DELETE CASCADE
) ENGINE=InnoDB DEFAULT CHARSET=utf8mb3 COMMENT='Eav Attribute Label';

--
-- Dumping data for table `eav_attribute_label`
--


--
-- Table structure for table `eav_attribute_option`
--

CREATE TABLE `eav_attribute_option` (
  `option_id` int unsigned NOT NULL AUTO_INCREMENT COMMENT 'Option ID',
  `attribute_id` smallint unsigned NOT NULL DEFAULT '0' COMMENT 'Attribute ID',
  `sort_order` smallint unsigned NOT NULL DEFAULT '0' COMMENT 'Sort Order',
  PRIMARY KEY (`option_id`),
  KEY `EAV_ATTRIBUTE_OPTION_ATTRIBUTE_ID` (`attribute_id`),
  CONSTRAINT `EAV_ATTRIBUTE_OPTION_ATTRIBUTE_ID_EAV_ATTRIBUTE_ATTRIBUTE_ID` FOREIGN KEY (`attribute_id`) REFERENCES `eav_attribute` (`attribute_id`) ON DELETE CASCADE
) ENGINE=InnoDB AUTO_INCREMENT=8 DEFAULT CHARSET=utf8mb3 COMMENT='Eav Attribute Option';

--
-- Dumping data for table `eav_attribute_option`
--

INSERT INTO `eav_attribute_option` VALUES (1,20,0),(2,20,1),(3,20,3),(4,93,1),(5,93,2),(6,93,3),(7,93,4);

--
-- Table structure for table `eav_attribute_option_swatch`
--

CREATE TABLE `eav_attribute_option_swatch` (
  `swatch_id` int unsigned NOT NULL AUTO_INCREMENT COMMENT 'Swatch ID',
  `option_id` int unsigned NOT NULL COMMENT 'Option ID',
  `store_id` smallint unsigned NOT NULL COMMENT 'Store ID',
  `type` smallint unsigned NOT NULL COMMENT 'Swatch type: 0 - text, 1 - visual color, 2 - visual image',
  `value` varchar(255) DEFAULT NULL COMMENT 'Swatch Value',
  PRIMARY KEY (`swatch_id`),
  UNIQUE KEY `EAV_ATTRIBUTE_OPTION_SWATCH_STORE_ID_OPTION_ID` (`store_id`,`option_id`),
  KEY `EAV_ATTR_OPT_SWATCH_OPT_ID_EAV_ATTR_OPT_OPT_ID` (`option_id`),
  KEY `EAV_ATTRIBUTE_OPTION_SWATCH_SWATCH_ID` (`swatch_id`),
  CONSTRAINT `EAV_ATTR_OPT_SWATCH_OPT_ID_EAV_ATTR_OPT_OPT_ID` FOREIGN KEY (`option_id`) REFERENCES `eav_attribute_option` (`option_id`) ON DELETE CASCADE,
  CONSTRAINT `EAV_ATTRIBUTE_OPTION_SWATCH_STORE_ID_STORE_STORE_ID` FOREIGN KEY (`store_id`) REFERENCES `store` (`store_id`) ON DELETE CASCADE
) ENGINE=InnoDB AUTO_INCREMENT=5 DEFAULT CHARSET=utf8mb3 COMMENT='Magento Swatches table';

--
-- Dumping data for table `eav_attribute_option_swatch`
--

INSERT INTO `eav_attribute_option_swatch` VALUES (1,4,0,2,'/p/r/preset_2_2.jpg'),(2,5,0,2,'/p/r/preset_3.jpg'),(3,6,0,2,'/p/r/preset_1.jpg'),(4,7,0,2,'/p/r/preset_4_1.jpg');

--
-- Table structure for table `eav_attribute_option_value`
--

CREATE TABLE `eav_attribute_option_value` (
  `value_id` int unsigned NOT NULL AUTO_INCREMENT COMMENT 'Value ID',
  `option_id` int unsigned NOT NULL DEFAULT '0' COMMENT 'Option ID',
  `store_id` smallint unsigned NOT NULL DEFAULT '0' COMMENT 'Store ID',
  `value` varchar(255) DEFAULT NULL COMMENT 'Value',
  PRIMARY KEY (`value_id`),
  KEY `EAV_ATTRIBUTE_OPTION_VALUE_OPTION_ID` (`option_id`),
  KEY `EAV_ATTRIBUTE_OPTION_VALUE_STORE_ID` (`store_id`),
  CONSTRAINT `EAV_ATTR_OPT_VAL_OPT_ID_EAV_ATTR_OPT_OPT_ID` FOREIGN KEY (`option_id`) REFERENCES `eav_attribute_option` (`option_id`) ON DELETE CASCADE,
  CONSTRAINT `EAV_ATTRIBUTE_OPTION_VALUE_STORE_ID_STORE_STORE_ID` FOREIGN KEY (`store_id`) REFERENCES `store` (`store_id`) ON DELETE CASCADE
) ENGINE=InnoDB AUTO_INCREMENT=16 DEFAULT CHARSET=utf8mb3 COMMENT='Eav Attribute Option Value';

--
-- Dumping data for table `eav_attribute_option_value`
--

INSERT INTO `eav_attribute_option_value` VALUES (1,1,0,'Male'),(2,2,0,'Female'),(3,3,0,'Not Specified'),(12,4,0,'Grey'),(13,5,0,'Red'),(14,6,0,'Blue'),(15,7,0,'White');

--
-- Table structure for table `eav_attribute_set`
--

CREATE TABLE `eav_attribute_set` (
  `attribute_set_id` smallint unsigned NOT NULL AUTO_INCREMENT COMMENT 'Attribute Set ID',
  `entity_type_id` smallint unsigned NOT NULL DEFAULT '0' COMMENT 'Entity Type ID',
  `attribute_set_name` varchar(255) DEFAULT NULL COMMENT 'Attribute Set Name',
  `sort_order` smallint NOT NULL DEFAULT '0' COMMENT 'Sort Order',
  PRIMARY KEY (`attribute_set_id`),
  UNIQUE KEY `EAV_ATTRIBUTE_SET_ENTITY_TYPE_ID_ATTRIBUTE_SET_NAME` (`entity_type_id`,`attribute_set_name`),
  KEY `EAV_ATTRIBUTE_SET_ENTITY_TYPE_ID_SORT_ORDER` (`entity_type_id`,`sort_order`),
  CONSTRAINT `EAV_ATTRIBUTE_SET_ENTITY_TYPE_ID_EAV_ENTITY_TYPE_ENTITY_TYPE_ID` FOREIGN KEY (`entity_type_id`) REFERENCES `eav_entity_type` (`entity_type_id`) ON DELETE CASCADE
) ENGINE=InnoDB AUTO_INCREMENT=9 DEFAULT CHARSET=utf8mb3 COMMENT='Eav Attribute Set';

--
-- Dumping data for table `eav_attribute_set`
--

INSERT INTO `eav_attribute_set` VALUES (1,1,'Default',2),(2,2,'Default',2),(3,3,'Default',1),(4,4,'Default',1),(5,5,'Default',1),(6,6,'Default',1),(7,7,'Default',1),(8,8,'Default',1);

--
-- Table structure for table `eav_entity`
--

CREATE TABLE `eav_entity` (
  `entity_id` int unsigned NOT NULL AUTO_INCREMENT COMMENT 'Entity ID',
  `entity_type_id` smallint unsigned NOT NULL DEFAULT '0' COMMENT 'Entity Type ID',
  `attribute_set_id` smallint unsigned NOT NULL DEFAULT '0' COMMENT 'Attribute Set ID',
  `increment_id` varchar(50) DEFAULT NULL COMMENT 'Increment ID',
  `parent_id` int unsigned NOT NULL DEFAULT '0' COMMENT 'Parent ID',
  `store_id` smallint unsigned NOT NULL DEFAULT '0' COMMENT 'Store ID',
  `created_at` timestamp NOT NULL DEFAULT CURRENT_TIMESTAMP COMMENT 'Created At',
  `updated_at` timestamp NOT NULL DEFAULT CURRENT_TIMESTAMP ON UPDATE CURRENT_TIMESTAMP COMMENT 'Updated At',
  `is_active` smallint unsigned NOT NULL DEFAULT '1' COMMENT 'Defines Is Entity Active',
  PRIMARY KEY (`entity_id`),
  KEY `EAV_ENTITY_ENTITY_TYPE_ID` (`entity_type_id`),
  KEY `EAV_ENTITY_STORE_ID` (`store_id`),
  CONSTRAINT `EAV_ENTITY_ENTITY_TYPE_ID_EAV_ENTITY_TYPE_ENTITY_TYPE_ID` FOREIGN KEY (`entity_type_id`) REFERENCES `eav_entity_type` (`entity_type_id`) ON DELETE CASCADE,
  CONSTRAINT `EAV_ENTITY_STORE_ID_STORE_STORE_ID` FOREIGN KEY (`store_id`) REFERENCES `store` (`store_id`) ON DELETE CASCADE
) ENGINE=InnoDB DEFAULT CHARSET=utf8mb3 COMMENT='Eav Entity';

--
-- Dumping data for table `eav_entity`
--


--
-- Table structure for table `eav_entity_attribute`
--

CREATE TABLE `eav_entity_attribute` (
  `entity_attribute_id` int unsigned NOT NULL AUTO_INCREMENT COMMENT 'Entity Attribute ID',
  `entity_type_id` smallint unsigned NOT NULL DEFAULT '0' COMMENT 'Entity Type ID',
  `attribute_set_id` smallint unsigned NOT NULL DEFAULT '0' COMMENT 'Attribute Set ID',
  `attribute_group_id` smallint unsigned NOT NULL DEFAULT '0' COMMENT 'Attribute Group ID',
  `attribute_id` smallint unsigned NOT NULL DEFAULT '0' COMMENT 'Attribute ID',
  `sort_order` smallint NOT NULL DEFAULT '0' COMMENT 'Sort Order',
  PRIMARY KEY (`entity_attribute_id`),
  UNIQUE KEY `EAV_ENTITY_ATTRIBUTE_ATTRIBUTE_SET_ID_ATTRIBUTE_ID` (`attribute_set_id`,`attribute_id`),
  UNIQUE KEY `EAV_ENTITY_ATTRIBUTE_ATTRIBUTE_GROUP_ID_ATTRIBUTE_ID` (`attribute_group_id`,`attribute_id`),
  KEY `EAV_ENTITY_ATTRIBUTE_ATTRIBUTE_SET_ID_SORT_ORDER` (`attribute_set_id`,`sort_order`),
  KEY `EAV_ENTITY_ATTRIBUTE_ATTRIBUTE_ID` (`attribute_id`),
  CONSTRAINT `EAV_ENTITY_ATTRIBUTE_ATTRIBUTE_ID_EAV_ATTRIBUTE_ATTRIBUTE_ID` FOREIGN KEY (`attribute_id`) REFERENCES `eav_attribute` (`attribute_id`) ON DELETE CASCADE,
  CONSTRAINT `EAV_ENTT_ATTR_ATTR_GROUP_ID_EAV_ATTR_GROUP_ATTR_GROUP_ID` FOREIGN KEY (`attribute_group_id`) REFERENCES `eav_attribute_group` (`attribute_group_id`) ON DELETE CASCADE
) ENGINE=InnoDB AUTO_INCREMENT=191 DEFAULT CHARSET=utf8mb3 COMMENT='Eav Entity Attributes';

--
-- Dumping data for table `eav_entity_attribute`
--

INSERT INTO `eav_entity_attribute` VALUES (1,1,1,1,1,10),(2,1,1,1,2,20),(3,1,1,1,3,20),(4,1,1,1,4,30),(5,1,1,1,5,40),(6,1,1,1,6,50),(7,1,1,1,7,60),(8,1,1,1,8,70),(9,1,1,1,9,80),(10,1,1,1,10,25),(11,1,1,1,11,90),(12,1,1,1,12,81),(13,1,1,1,13,115),(14,1,1,1,14,120),(15,1,1,1,15,82),(16,1,1,1,16,83),(17,1,1,1,17,100),(18,1,1,1,18,0),(19,1,1,1,19,0),(20,1,1,1,20,110),(21,1,1,1,21,28),(22,2,2,2,22,10),(23,2,2,2,23,20),(24,2,2,2,24,30),(25,2,2,2,25,40),(26,2,2,2,26,50),(27,2,2,2,27,60),(28,2,2,2,28,70),(29,2,2,2,29,100),(30,2,2,2,30,80),(31,2,2,2,31,90),(32,2,2,2,32,90),(33,2,2,2,33,110),(34,2,2,2,34,120),(35,2,2,2,35,130),(36,2,2,2,36,140),(37,2,2,2,37,132),(38,2,2,2,38,133),(39,2,2,2,39,134),(40,2,2,2,40,135),(41,1,1,1,41,87),(42,1,1,1,42,100),(43,1,1,1,43,110),(44,1,1,1,44,120),(45,3,3,4,45,1),(46,3,3,4,46,2),(47,3,3,4,47,4),(48,3,3,4,48,5),(49,3,3,4,49,6),(50,3,3,4,50,7),(51,3,3,4,51,8),(52,3,3,5,52,10),(53,3,3,5,53,20),(54,3,3,5,54,30),(55,3,3,4,55,12),(56,3,3,4,56,13),(57,3,3,4,57,14),(58,3,3,4,58,15),(59,3,3,4,59,16),(60,3,3,6,60,10),(61,3,3,6,61,30),(62,3,3,6,62,40),(63,3,3,6,63,50),(64,3,3,6,64,60),(65,3,3,4,65,24),(66,3,3,4,66,25),(67,3,3,5,67,40),(68,3,3,5,68,50),(69,3,3,4,69,10),(70,3,3,6,70,5),(71,3,3,6,71,6),(72,3,3,5,72,51),(90,4,4,7,91,6),(96,4,4,8,98,8),(101,4,4,11,103,10),(105,4,4,7,107,14),(106,4,4,7,108,15),(107,4,4,7,109,16),(108,4,4,7,110,17),(109,4,4,7,111,18),(110,4,4,7,112,19),(111,4,4,7,113,20),(116,3,3,6,118,51),(117,3,3,4,119,3),(118,3,3,4,120,17),(120,4,4,7,122,11),(123,4,4,7,125,111),(124,4,4,7,126,112),(125,4,4,7,127,113),(126,4,4,7,128,114),(137,4,4,7,73,2),(138,4,4,7,74,3),(139,4,4,7,77,5),(140,4,4,7,82,9),(141,4,4,7,93,16),(142,4,4,7,94,13),(143,4,4,7,95,14),(144,4,4,7,97,1),(145,4,4,7,99,11),(146,4,4,7,105,12),(147,4,4,7,114,15),(148,4,4,7,115,8),(149,4,4,7,129,6),(150,4,4,7,130,4),(151,4,4,7,131,10),(152,4,4,7,136,7),(153,4,4,7,137,17),(154,4,4,13,75,2),(155,4,4,13,76,1),(156,4,4,19,133,1),(157,4,4,10,87,1),(158,4,4,10,88,2),(159,4,4,10,89,3),(160,4,4,10,90,5),(161,4,4,10,96,6),(162,4,4,10,135,4),(163,4,4,9,84,2),(164,4,4,9,85,3),(165,4,4,9,86,4),(166,4,4,9,121,1),(167,4,4,8,78,1),(168,4,4,8,79,2),(169,4,4,8,80,3),(170,4,4,8,81,4),(171,4,4,8,92,5),(172,4,4,8,123,6),(173,4,4,8,124,7),(174,4,4,8,132,8),(175,4,4,11,104,1),(176,4,4,11,106,2),(177,4,4,11,117,3),(178,4,4,14,100,3),(179,4,4,14,101,1),(180,4,4,14,102,2),(181,4,4,14,116,4),(182,4,4,20,134,1),(183,2,2,2,138,141),(184,2,2,2,139,142),(185,1,1,1,140,121),(190,1,1,1,141,90);

--
-- Table structure for table `eav_entity_datetime`
--

CREATE TABLE `eav_entity_datetime` (
  `value_id` int NOT NULL AUTO_INCREMENT COMMENT 'Value ID',
  `entity_type_id` smallint unsigned NOT NULL DEFAULT '0' COMMENT 'Entity Type ID',
  `attribute_id` smallint unsigned NOT NULL DEFAULT '0' COMMENT 'Attribute ID',
  `store_id` smallint unsigned NOT NULL DEFAULT '0' COMMENT 'Store ID',
  `entity_id` int unsigned NOT NULL DEFAULT '0' COMMENT 'Entity ID',
  `value` datetime DEFAULT NULL COMMENT 'Attribute Value',
  PRIMARY KEY (`value_id`),
  UNIQUE KEY `EAV_ENTITY_DATETIME_ENTITY_ID_ATTRIBUTE_ID_STORE_ID` (`entity_id`,`attribute_id`,`store_id`),
  KEY `EAV_ENTITY_DATETIME_STORE_ID` (`store_id`),
  KEY `EAV_ENTITY_DATETIME_ATTRIBUTE_ID_VALUE` (`attribute_id`,`value`),
  KEY `EAV_ENTITY_DATETIME_ENTITY_TYPE_ID_VALUE` (`entity_type_id`,`value`),
  CONSTRAINT `EAV_ENTITY_DATETIME_ENTITY_ID_EAV_ENTITY_ENTITY_ID` FOREIGN KEY (`entity_id`) REFERENCES `eav_entity` (`entity_id`) ON DELETE CASCADE,
  CONSTRAINT `EAV_ENTITY_DATETIME_STORE_ID_STORE_STORE_ID` FOREIGN KEY (`store_id`) REFERENCES `store` (`store_id`) ON DELETE CASCADE,
  CONSTRAINT `EAV_ENTT_DTIME_ENTT_TYPE_ID_EAV_ENTT_TYPE_ENTT_TYPE_ID` FOREIGN KEY (`entity_type_id`) REFERENCES `eav_entity_type` (`entity_type_id`) ON DELETE CASCADE
) ENGINE=InnoDB DEFAULT CHARSET=utf8mb3 COMMENT='Eav Entity Value Prefix';

--
-- Dumping data for table `eav_entity_datetime`
--


--
-- Table structure for table `eav_entity_decimal`
--

CREATE TABLE `eav_entity_decimal` (
  `value_id` int NOT NULL AUTO_INCREMENT COMMENT 'Value ID',
  `entity_type_id` smallint unsigned NOT NULL DEFAULT '0' COMMENT 'Entity Type ID',
  `attribute_id` smallint unsigned NOT NULL DEFAULT '0' COMMENT 'Attribute ID',
  `store_id` smallint unsigned NOT NULL DEFAULT '0' COMMENT 'Store ID',
  `entity_id` int unsigned NOT NULL DEFAULT '0' COMMENT 'Entity ID',
  `value` decimal(12,4) NOT NULL DEFAULT '0.0000' COMMENT 'Attribute Value',
  PRIMARY KEY (`value_id`),
  UNIQUE KEY `EAV_ENTITY_DECIMAL_ENTITY_ID_ATTRIBUTE_ID_STORE_ID` (`entity_id`,`attribute_id`,`store_id`),
  KEY `EAV_ENTITY_DECIMAL_STORE_ID` (`store_id`),
  KEY `EAV_ENTITY_DECIMAL_ATTRIBUTE_ID_VALUE` (`attribute_id`,`value`),
  KEY `EAV_ENTITY_DECIMAL_ENTITY_TYPE_ID_VALUE` (`entity_type_id`,`value`),
  CONSTRAINT `EAV_ENTITY_DECIMAL_ENTITY_ID_EAV_ENTITY_ENTITY_ID` FOREIGN KEY (`entity_id`) REFERENCES `eav_entity` (`entity_id`) ON DELETE CASCADE,
  CONSTRAINT `EAV_ENTITY_DECIMAL_ENTITY_TYPE_ID_EAV_ENTITY_TYPE_ENTITY_TYPE_ID` FOREIGN KEY (`entity_type_id`) REFERENCES `eav_entity_type` (`entity_type_id`) ON DELETE CASCADE,
  CONSTRAINT `EAV_ENTITY_DECIMAL_STORE_ID_STORE_STORE_ID` FOREIGN KEY (`store_id`) REFERENCES `store` (`store_id`) ON DELETE CASCADE
) ENGINE=InnoDB DEFAULT CHARSET=utf8mb3 COMMENT='Eav Entity Value Prefix';

--
-- Dumping data for table `eav_entity_decimal`
--


--
-- Table structure for table `eav_entity_int`
--

CREATE TABLE `eav_entity_int` (
  `value_id` int NOT NULL AUTO_INCREMENT COMMENT 'Value ID',
  `entity_type_id` smallint unsigned NOT NULL DEFAULT '0' COMMENT 'Entity Type ID',
  `attribute_id` smallint unsigned NOT NULL DEFAULT '0' COMMENT 'Attribute ID',
  `store_id` smallint unsigned NOT NULL DEFAULT '0' COMMENT 'Store ID',
  `entity_id` int unsigned NOT NULL DEFAULT '0' COMMENT 'Entity ID',
  `value` int NOT NULL DEFAULT '0' COMMENT 'Attribute Value',
  PRIMARY KEY (`value_id`),
  UNIQUE KEY `EAV_ENTITY_INT_ENTITY_ID_ATTRIBUTE_ID_STORE_ID` (`entity_id`,`attribute_id`,`store_id`),
  KEY `EAV_ENTITY_INT_STORE_ID` (`store_id`),
  KEY `EAV_ENTITY_INT_ATTRIBUTE_ID_VALUE` (`attribute_id`,`value`),
  KEY `EAV_ENTITY_INT_ENTITY_TYPE_ID_VALUE` (`entity_type_id`,`value`),
  CONSTRAINT `EAV_ENTITY_INT_ENTITY_ID_EAV_ENTITY_ENTITY_ID` FOREIGN KEY (`entity_id`) REFERENCES `eav_entity` (`entity_id`) ON DELETE CASCADE,
  CONSTRAINT `EAV_ENTITY_INT_ENTITY_TYPE_ID_EAV_ENTITY_TYPE_ENTITY_TYPE_ID` FOREIGN KEY (`entity_type_id`) REFERENCES `eav_entity_type` (`entity_type_id`) ON DELETE CASCADE,
  CONSTRAINT `EAV_ENTITY_INT_STORE_ID_STORE_STORE_ID` FOREIGN KEY (`store_id`) REFERENCES `store` (`store_id`) ON DELETE CASCADE
) ENGINE=InnoDB DEFAULT CHARSET=utf8mb3 COMMENT='Eav Entity Value Prefix';

--
-- Dumping data for table `eav_entity_int`
--


--
-- Table structure for table `eav_entity_store`
--

CREATE TABLE `eav_entity_store` (
  `entity_store_id` int unsigned NOT NULL AUTO_INCREMENT COMMENT 'Entity Store ID',
  `entity_type_id` smallint unsigned NOT NULL DEFAULT '0' COMMENT 'Entity Type ID',
  `store_id` smallint unsigned NOT NULL DEFAULT '0' COMMENT 'Store ID',
  `increment_prefix` varchar(20) DEFAULT NULL COMMENT 'Increment Prefix',
  `increment_last_id` varchar(50) DEFAULT NULL COMMENT 'Last Incremented ID',
  PRIMARY KEY (`entity_store_id`),
  KEY `EAV_ENTITY_STORE_ENTITY_TYPE_ID` (`entity_type_id`),
  KEY `EAV_ENTITY_STORE_STORE_ID` (`store_id`),
  CONSTRAINT `EAV_ENTITY_STORE_ENTITY_TYPE_ID_EAV_ENTITY_TYPE_ENTITY_TYPE_ID` FOREIGN KEY (`entity_type_id`) REFERENCES `eav_entity_type` (`entity_type_id`) ON DELETE CASCADE,
  CONSTRAINT `EAV_ENTITY_STORE_STORE_ID_STORE_STORE_ID` FOREIGN KEY (`store_id`) REFERENCES `store` (`store_id`) ON DELETE CASCADE
) ENGINE=InnoDB DEFAULT CHARSET=utf8mb3 COMMENT='Eav Entity Store';

--
-- Dumping data for table `eav_entity_store`
--


--
-- Table structure for table `eav_entity_text`
--

CREATE TABLE `eav_entity_text` (
  `value_id` int NOT NULL AUTO_INCREMENT COMMENT 'Value ID',
  `entity_type_id` smallint unsigned NOT NULL DEFAULT '0' COMMENT 'Entity Type ID',
  `attribute_id` smallint unsigned NOT NULL DEFAULT '0' COMMENT 'Attribute ID',
  `store_id` smallint unsigned NOT NULL DEFAULT '0' COMMENT 'Store ID',
  `entity_id` int unsigned NOT NULL DEFAULT '0' COMMENT 'Entity ID',
  `value` text NOT NULL COMMENT 'Attribute Value',
  PRIMARY KEY (`value_id`),
  UNIQUE KEY `EAV_ENTITY_TEXT_ENTITY_ID_ATTRIBUTE_ID_STORE_ID` (`entity_id`,`attribute_id`,`store_id`),
  KEY `EAV_ENTITY_TEXT_ENTITY_TYPE_ID` (`entity_type_id`),
  KEY `EAV_ENTITY_TEXT_ATTRIBUTE_ID` (`attribute_id`),
  KEY `EAV_ENTITY_TEXT_STORE_ID` (`store_id`),
  CONSTRAINT `EAV_ENTITY_TEXT_ENTITY_ID_EAV_ENTITY_ENTITY_ID` FOREIGN KEY (`entity_id`) REFERENCES `eav_entity` (`entity_id`) ON DELETE CASCADE,
  CONSTRAINT `EAV_ENTITY_TEXT_ENTITY_TYPE_ID_EAV_ENTITY_TYPE_ENTITY_TYPE_ID` FOREIGN KEY (`entity_type_id`) REFERENCES `eav_entity_type` (`entity_type_id`) ON DELETE CASCADE,
  CONSTRAINT `EAV_ENTITY_TEXT_STORE_ID_STORE_STORE_ID` FOREIGN KEY (`store_id`) REFERENCES `store` (`store_id`) ON DELETE CASCADE
) ENGINE=InnoDB DEFAULT CHARSET=utf8mb3 COMMENT='Eav Entity Value Prefix';

--
-- Dumping data for table `eav_entity_text`
--


--
-- Table structure for table `eav_entity_type`
--

CREATE TABLE `eav_entity_type` (
  `entity_type_id` smallint unsigned NOT NULL AUTO_INCREMENT COMMENT 'Entity Type ID',
  `entity_type_code` varchar(50) NOT NULL COMMENT 'Entity Type Code',
  `entity_model` varchar(255) NOT NULL COMMENT 'Entity Model',
  `attribute_model` varchar(255) DEFAULT NULL COMMENT 'Attribute Model',
  `entity_table` varchar(255) DEFAULT NULL COMMENT 'Entity Table',
  `value_table_prefix` varchar(255) DEFAULT NULL COMMENT 'Value Table Prefix',
  `entity_id_field` varchar(255) DEFAULT NULL COMMENT 'Entity ID Field',
  `is_data_sharing` smallint unsigned NOT NULL DEFAULT '1' COMMENT 'Defines Is Data Sharing',
  `data_sharing_key` varchar(100) DEFAULT 'default' COMMENT 'Data Sharing Key',
  `default_attribute_set_id` smallint unsigned NOT NULL DEFAULT '0' COMMENT 'Default Attribute Set ID',
  `increment_model` varchar(255) DEFAULT NULL COMMENT 'Increment Model',
  `increment_per_store` smallint unsigned NOT NULL DEFAULT '0' COMMENT 'Increment Per Store',
  `increment_pad_length` smallint unsigned NOT NULL DEFAULT '8' COMMENT 'Increment Pad Length',
  `increment_pad_char` varchar(1) NOT NULL DEFAULT '0' COMMENT 'Increment Pad Char',
  `additional_attribute_table` varchar(255) DEFAULT NULL COMMENT 'Additional Attribute Table',
  `entity_attribute_collection` varchar(255) DEFAULT NULL COMMENT 'Entity Attribute Collection',
  PRIMARY KEY (`entity_type_id`),
  KEY `EAV_ENTITY_TYPE_ENTITY_TYPE_CODE` (`entity_type_code`)
) ENGINE=InnoDB AUTO_INCREMENT=9 DEFAULT CHARSET=utf8mb3 COMMENT='Eav Entity Type';

--
-- Dumping data for table `eav_entity_type`
--

INSERT INTO `eav_entity_type` VALUES (1,'customer','Magento\\Customer\\Model\\ResourceModel\\Customer','Magento\\Customer\\Model\\Attribute','customer_entity',NULL,NULL,1,'default',1,'Magento\\Eav\\Model\\Entity\\Increment\\NumericValue',0,8,'0','customer_eav_attribute','Magento\\Customer\\Model\\ResourceModel\\Attribute\\Collection'),(2,'customer_address','Magento\\Customer\\Model\\ResourceModel\\Address','Magento\\Customer\\Model\\Attribute','customer_address_entity',NULL,NULL,1,'default',2,NULL,0,8,'0','customer_eav_attribute','Magento\\Customer\\Model\\ResourceModel\\Address\\Attribute\\Collection'),(3,'catalog_category','Magento\\Catalog\\Model\\ResourceModel\\Category','Magento\\Catalog\\Model\\ResourceModel\\Eav\\Attribute','catalog_category_entity',NULL,NULL,1,'default',3,NULL,0,8,'0','catalog_eav_attribute','Magento\\Catalog\\Model\\ResourceModel\\Category\\Attribute\\Collection'),(4,'catalog_product','Magento\\Catalog\\Model\\ResourceModel\\Product','Magento\\Catalog\\Model\\ResourceModel\\Eav\\Attribute','catalog_product_entity',NULL,NULL,1,'default',4,NULL,0,8,'0','catalog_eav_attribute','Magento\\Catalog\\Model\\ResourceModel\\Product\\Attribute\\Collection'),(5,'order','Magento\\Sales\\Model\\ResourceModel\\Order',NULL,'sales_order',NULL,NULL,1,'default',5,'Magento\\Eav\\Model\\Entity\\Increment\\NumericValue',1,8,'0',NULL,NULL),(6,'invoice','Magento\\Sales\\Model\\ResourceModel\\Order\\Invoice',NULL,'sales_invoice',NULL,NULL,1,'default',6,'Magento\\Eav\\Model\\Entity\\Increment\\NumericValue',1,8,'0',NULL,NULL),(7,'creditmemo','Magento\\Sales\\Model\\ResourceModel\\Order\\Creditmemo',NULL,'sales_creditmemo',NULL,NULL,1,'default',7,'Magento\\Eav\\Model\\Entity\\Increment\\NumericValue',1,8,'0',NULL,NULL),(8,'shipment','Magento\\Sales\\Model\\ResourceModel\\Order\\Shipment',NULL,'sales_shipment',NULL,NULL,1,'default',8,'Magento\\Eav\\Model\\Entity\\Increment\\NumericValue',1,8,'0',NULL,NULL);

--
-- Table structure for table `eav_entity_varchar`
--

CREATE TABLE `eav_entity_varchar` (
  `value_id` int NOT NULL AUTO_INCREMENT COMMENT 'Value ID',
  `entity_type_id` smallint unsigned NOT NULL DEFAULT '0' COMMENT 'Entity Type ID',
  `attribute_id` smallint unsigned NOT NULL DEFAULT '0' COMMENT 'Attribute ID',
  `store_id` smallint unsigned NOT NULL DEFAULT '0' COMMENT 'Store ID',
  `entity_id` int unsigned NOT NULL DEFAULT '0' COMMENT 'Entity ID',
  `value` varchar(255) DEFAULT NULL COMMENT 'Attribute Value',
  PRIMARY KEY (`value_id`),
  UNIQUE KEY `EAV_ENTITY_VARCHAR_ENTITY_ID_ATTRIBUTE_ID_STORE_ID` (`entity_id`,`attribute_id`,`store_id`),
  KEY `EAV_ENTITY_VARCHAR_STORE_ID` (`store_id`),
  KEY `EAV_ENTITY_VARCHAR_ATTRIBUTE_ID_VALUE` (`attribute_id`,`value`),
  KEY `EAV_ENTITY_VARCHAR_ENTITY_TYPE_ID_VALUE` (`entity_type_id`,`value`),
  CONSTRAINT `EAV_ENTITY_VARCHAR_ENTITY_ID_EAV_ENTITY_ENTITY_ID` FOREIGN KEY (`entity_id`) REFERENCES `eav_entity` (`entity_id`) ON DELETE CASCADE,
  CONSTRAINT `EAV_ENTITY_VARCHAR_ENTITY_TYPE_ID_EAV_ENTITY_TYPE_ENTITY_TYPE_ID` FOREIGN KEY (`entity_type_id`) REFERENCES `eav_entity_type` (`entity_type_id`) ON DELETE CASCADE,
  CONSTRAINT `EAV_ENTITY_VARCHAR_STORE_ID_STORE_STORE_ID` FOREIGN KEY (`store_id`) REFERENCES `store` (`store_id`) ON DELETE CASCADE
) ENGINE=InnoDB DEFAULT CHARSET=utf8mb3 COMMENT='Eav Entity Value Prefix';

--
-- Dumping data for table `eav_entity_varchar`
--


--
-- Table structure for table `eav_form_element`
--

CREATE TABLE `eav_form_element` (
  `element_id` int unsigned NOT NULL AUTO_INCREMENT COMMENT 'Element ID',
  `type_id` smallint unsigned NOT NULL COMMENT 'Type ID',
  `fieldset_id` smallint unsigned DEFAULT NULL COMMENT 'Fieldset ID',
  `attribute_id` smallint unsigned NOT NULL COMMENT 'Attribute ID',
  `sort_order` int NOT NULL DEFAULT '0' COMMENT 'Sort Order',
  PRIMARY KEY (`element_id`),
  UNIQUE KEY `EAV_FORM_ELEMENT_TYPE_ID_ATTRIBUTE_ID` (`type_id`,`attribute_id`),
  KEY `EAV_FORM_ELEMENT_FIELDSET_ID` (`fieldset_id`),
  KEY `EAV_FORM_ELEMENT_ATTRIBUTE_ID` (`attribute_id`),
  CONSTRAINT `EAV_FORM_ELEMENT_ATTRIBUTE_ID_EAV_ATTRIBUTE_ATTRIBUTE_ID` FOREIGN KEY (`attribute_id`) REFERENCES `eav_attribute` (`attribute_id`) ON DELETE CASCADE,
  CONSTRAINT `EAV_FORM_ELEMENT_FIELDSET_ID_EAV_FORM_FIELDSET_FIELDSET_ID` FOREIGN KEY (`fieldset_id`) REFERENCES `eav_form_fieldset` (`fieldset_id`) ON DELETE SET NULL,
  CONSTRAINT `EAV_FORM_ELEMENT_TYPE_ID_EAV_FORM_TYPE_TYPE_ID` FOREIGN KEY (`type_id`) REFERENCES `eav_form_type` (`type_id`) ON DELETE CASCADE
) ENGINE=InnoDB AUTO_INCREMENT=43 DEFAULT CHARSET=utf8mb3 COMMENT='Eav Form Element';

--
-- Dumping data for table `eav_form_element`
--

INSERT INTO `eav_form_element` VALUES (1,1,NULL,23,0),(2,1,NULL,25,1),(3,1,NULL,27,2),(4,1,NULL,9,3),(5,1,NULL,28,4),(6,1,NULL,29,5),(7,1,NULL,31,6),(8,1,NULL,33,7),(9,1,NULL,30,8),(10,1,NULL,34,9),(11,1,NULL,35,10),(12,2,NULL,23,0),(13,2,NULL,25,1),(14,2,NULL,27,2),(15,2,NULL,9,3),(16,2,NULL,28,4),(17,2,NULL,29,5),(18,2,NULL,31,6),(19,2,NULL,33,7),(20,2,NULL,30,8),(21,2,NULL,34,9),(22,2,NULL,35,10),(23,3,NULL,23,0),(24,3,NULL,25,1),(25,3,NULL,27,2),(26,3,NULL,28,3),(27,3,NULL,29,4),(28,3,NULL,31,5),(29,3,NULL,33,6),(30,3,NULL,30,7),(31,3,NULL,34,8),(32,3,NULL,35,9),(33,4,NULL,23,0),(34,4,NULL,25,1),(35,4,NULL,27,2),(36,4,NULL,28,3),(37,4,NULL,29,4),(38,4,NULL,31,5),(39,4,NULL,33,6),(40,4,NULL,30,7),(41,4,NULL,34,8),(42,4,NULL,35,9);

--
-- Table structure for table `eav_form_fieldset`
--

CREATE TABLE `eav_form_fieldset` (
  `fieldset_id` smallint unsigned NOT NULL AUTO_INCREMENT COMMENT 'Fieldset ID',
  `type_id` smallint unsigned NOT NULL COMMENT 'Type ID',
  `code` varchar(64) NOT NULL COMMENT 'Code',
  `sort_order` int NOT NULL DEFAULT '0' COMMENT 'Sort Order',
  PRIMARY KEY (`fieldset_id`),
  UNIQUE KEY `EAV_FORM_FIELDSET_TYPE_ID_CODE` (`type_id`,`code`),
  CONSTRAINT `EAV_FORM_FIELDSET_TYPE_ID_EAV_FORM_TYPE_TYPE_ID` FOREIGN KEY (`type_id`) REFERENCES `eav_form_type` (`type_id`) ON DELETE CASCADE
) ENGINE=InnoDB DEFAULT CHARSET=utf8mb3 COMMENT='Eav Form Fieldset';

--
-- Dumping data for table `eav_form_fieldset`
--


--
-- Table structure for table `eav_form_fieldset_label`
--

CREATE TABLE `eav_form_fieldset_label` (
  `fieldset_id` smallint unsigned NOT NULL COMMENT 'Fieldset ID',
  `store_id` smallint unsigned NOT NULL COMMENT 'Store ID',
  `label` varchar(255) NOT NULL COMMENT 'Label',
  PRIMARY KEY (`fieldset_id`,`store_id`),
  KEY `EAV_FORM_FIELDSET_LABEL_STORE_ID` (`store_id`),
  CONSTRAINT `EAV_FORM_FIELDSET_LABEL_STORE_ID_STORE_STORE_ID` FOREIGN KEY (`store_id`) REFERENCES `store` (`store_id`) ON DELETE CASCADE,
  CONSTRAINT `EAV_FORM_FSET_LBL_FSET_ID_EAV_FORM_FSET_FSET_ID` FOREIGN KEY (`fieldset_id`) REFERENCES `eav_form_fieldset` (`fieldset_id`) ON DELETE CASCADE
) ENGINE=InnoDB DEFAULT CHARSET=utf8mb3 COMMENT='Eav Form Fieldset Label';

--
-- Dumping data for table `eav_form_fieldset_label`
--


--
-- Table structure for table `eav_form_type`
--

CREATE TABLE `eav_form_type` (
  `type_id` smallint unsigned NOT NULL AUTO_INCREMENT COMMENT 'Type ID',
  `code` varchar(64) NOT NULL COMMENT 'Code',
  `label` varchar(255) NOT NULL COMMENT 'Label',
  `is_system` smallint unsigned NOT NULL DEFAULT '0' COMMENT 'Is System',
  `theme` varchar(64) DEFAULT NULL COMMENT 'Theme',
  `store_id` smallint unsigned NOT NULL COMMENT 'Store ID',
  PRIMARY KEY (`type_id`),
  UNIQUE KEY `EAV_FORM_TYPE_CODE_THEME_STORE_ID` (`code`,`theme`,`store_id`),
  KEY `EAV_FORM_TYPE_STORE_ID` (`store_id`),
  CONSTRAINT `EAV_FORM_TYPE_STORE_ID_STORE_STORE_ID` FOREIGN KEY (`store_id`) REFERENCES `store` (`store_id`) ON DELETE CASCADE
) ENGINE=InnoDB AUTO_INCREMENT=5 DEFAULT CHARSET=utf8mb3 COMMENT='Eav Form Type';

--
-- Dumping data for table `eav_form_type`
--

INSERT INTO `eav_form_type` VALUES (1,'checkout_onepage_register','checkout_onepage_register',1,'',0),(2,'checkout_onepage_register_guest','checkout_onepage_register_guest',1,'',0),(3,'checkout_onepage_billing_address','checkout_onepage_billing_address',1,'',0),(4,'checkout_onepage_shipping_address','checkout_onepage_shipping_address',1,'',0);

--
-- Table structure for table `eav_form_type_entity`
--

CREATE TABLE `eav_form_type_entity` (
  `type_id` smallint unsigned NOT NULL COMMENT 'Type ID',
  `entity_type_id` smallint unsigned NOT NULL COMMENT 'Entity Type ID',
  PRIMARY KEY (`type_id`,`entity_type_id`),
  KEY `EAV_FORM_TYPE_ENTITY_ENTITY_TYPE_ID` (`entity_type_id`),
  CONSTRAINT `EAV_FORM_TYPE_ENTITY_TYPE_ID_EAV_FORM_TYPE_TYPE_ID` FOREIGN KEY (`type_id`) REFERENCES `eav_form_type` (`type_id`) ON DELETE CASCADE,
  CONSTRAINT `EAV_FORM_TYPE_ENTT_ENTT_TYPE_ID_EAV_ENTT_TYPE_ENTT_TYPE_ID` FOREIGN KEY (`entity_type_id`) REFERENCES `eav_entity_type` (`entity_type_id`) ON DELETE CASCADE
) ENGINE=InnoDB DEFAULT CHARSET=utf8mb3 COMMENT='Eav Form Type Entity';

--
-- Dumping data for table `eav_form_type_entity`
--

INSERT INTO `eav_form_type_entity` VALUES (1,1),(2,1),(1,2),(2,2),(3,2),(4,2);

--
-- Table structure for table `email_template`
--

CREATE TABLE `email_template` (
  `template_id` int unsigned NOT NULL AUTO_INCREMENT COMMENT 'Template ID',
  `template_code` varchar(150) NOT NULL COMMENT 'Template Name',
  `template_text` text NOT NULL COMMENT 'Template Content',
  `template_styles` text COMMENT 'Templste Styles',
  `template_type` int unsigned DEFAULT NULL COMMENT 'Template Type',
  `template_subject` varchar(200) NOT NULL COMMENT 'Template Subject',
  `template_sender_name` varchar(200) DEFAULT NULL COMMENT 'Template Sender Name',
  `template_sender_email` varchar(200) DEFAULT NULL COMMENT 'Template Sender Email',
  `added_at` timestamp NOT NULL DEFAULT CURRENT_TIMESTAMP COMMENT 'Date of Template Creation',
  `modified_at` timestamp NOT NULL DEFAULT CURRENT_TIMESTAMP ON UPDATE CURRENT_TIMESTAMP COMMENT 'Date of Template Modification',
  `orig_template_code` varchar(200) DEFAULT NULL COMMENT 'Original Template Code',
  `orig_template_variables` text COMMENT 'Original Template Variables',
  `is_legacy` tinyint(1) NOT NULL DEFAULT '0' COMMENT 'Should the template render in legacy mode',
  PRIMARY KEY (`template_id`),
  UNIQUE KEY `EMAIL_TEMPLATE_TEMPLATE_CODE` (`template_code`),
  KEY `EMAIL_TEMPLATE_ADDED_AT` (`added_at`),
  KEY `EMAIL_TEMPLATE_MODIFIED_AT` (`modified_at`)
) ENGINE=InnoDB DEFAULT CHARSET=utf8mb3 COMMENT='Email Templates';

--
-- Dumping data for table `email_template`
--


--
-- Table structure for table `flag`
--

CREATE TABLE `flag` (
  `flag_id` int unsigned NOT NULL AUTO_INCREMENT COMMENT 'Flag Id',
  `flag_code` varchar(255) NOT NULL COMMENT 'Flag Code',
  `state` smallint unsigned NOT NULL DEFAULT '0' COMMENT 'Flag State',
  `flag_data` mediumtext COMMENT 'Flag Data',
  `last_update` timestamp NOT NULL DEFAULT CURRENT_TIMESTAMP ON UPDATE CURRENT_TIMESTAMP COMMENT 'Date of Last Flag Update',
  PRIMARY KEY (`flag_id`),
  KEY `FLAG_LAST_UPDATE` (`last_update`)
) ENGINE=InnoDB AUTO_INCREMENT=11 DEFAULT CHARSET=utf8mb3 COMMENT='Flag';

--
-- Dumping data for table `flag`
--

INSERT INTO `flag` VALUES (2,'report_bestsellers_aggregated',0,NULL,'2024-08-11 18:30:02'),(3,'report_coupons_aggregated',0,NULL,'2024-08-11 18:30:02'),(4,'report_invoiced_aggregated',0,NULL,'2024-08-11 18:30:02'),(5,'report_order_aggregated',0,NULL,'2024-08-11 18:30:02'),(6,'report_refunded_aggregated',0,NULL,'2024-08-11 18:30:02'),(7,'report_shipping_aggregated',0,NULL,'2024-08-11 18:30:02'),(8,'report_tax_aggregated',0,NULL,'2024-08-11 18:30:02'),(9,'analytics_file_info',0,'{\"initializationVector\":\"VW3i3KCKqt+DsIUmDs8v4w==\",\"path\":\"analytics\\/eb00b1430b2ef8b386abefaa6a543b81bc9a647aa0ae844906957a64ac0add0b\\/data.tgz\"}','2024-08-11 20:30:03');

--
-- Table structure for table `gift_message`
--

CREATE TABLE `gift_message` (
  `gift_message_id` int unsigned NOT NULL AUTO_INCREMENT COMMENT 'GiftMessage ID',
  `customer_id` int unsigned NOT NULL DEFAULT '0' COMMENT 'Customer ID',
  `sender` varchar(255) DEFAULT NULL COMMENT 'Sender',
  `recipient` varchar(255) DEFAULT NULL COMMENT 'Registrant',
  `message` text COMMENT 'Message',
  PRIMARY KEY (`gift_message_id`)
) ENGINE=InnoDB DEFAULT CHARSET=utf8mb3 COMMENT='Gift Message';

--
-- Dumping data for table `gift_message`
--


--
-- Table structure for table `googleoptimizer_code`
--

CREATE TABLE `googleoptimizer_code` (
  `code_id` int unsigned NOT NULL AUTO_INCREMENT COMMENT 'Google experiment code ID',
  `entity_id` int unsigned NOT NULL COMMENT 'Optimized entity ID product ID or catalog ID',
  `entity_type` varchar(50) DEFAULT NULL COMMENT 'Optimized entity type',
  `store_id` smallint unsigned NOT NULL COMMENT 'Store ID',
  `experiment_script` text COMMENT 'Google experiment script',
  PRIMARY KEY (`code_id`),
  UNIQUE KEY `GOOGLEOPTIMIZER_CODE_STORE_ID_ENTITY_ID_ENTITY_TYPE` (`store_id`,`entity_id`,`entity_type`),
  CONSTRAINT `GOOGLEOPTIMIZER_CODE_STORE_ID_STORE_STORE_ID` FOREIGN KEY (`store_id`) REFERENCES `store` (`store_id`) ON DELETE CASCADE
) ENGINE=InnoDB DEFAULT CHARSET=utf8mb3 COMMENT='Google Experiment code';

--
-- Dumping data for table `googleoptimizer_code`
--


--
-- Table structure for table `import_history`
--

CREATE TABLE `import_history` (
  `history_id` int unsigned NOT NULL AUTO_INCREMENT COMMENT 'History record ID',
  `started_at` timestamp NOT NULL DEFAULT CURRENT_TIMESTAMP COMMENT 'Started at',
  `user_id` int unsigned NOT NULL DEFAULT '0' COMMENT 'User ID',
  `imported_file` varchar(255) DEFAULT NULL COMMENT 'Imported file',
  `execution_time` varchar(255) DEFAULT NULL COMMENT 'Execution time',
  `summary` varchar(255) DEFAULT NULL COMMENT 'Summary',
  `error_file` varchar(255) NOT NULL COMMENT 'Imported file with errors',
  PRIMARY KEY (`history_id`)
) ENGINE=InnoDB DEFAULT CHARSET=utf8mb3 COMMENT='Import history table';

--
-- Dumping data for table `import_history`
--


--
-- Table structure for table `importexport_importdata`
--

CREATE TABLE `importexport_importdata` (
  `id` int unsigned NOT NULL AUTO_INCREMENT COMMENT 'ID',
  `entity` varchar(50) NOT NULL COMMENT 'Entity',
  `behavior` varchar(10) NOT NULL DEFAULT 'append' COMMENT 'Behavior',
  `data` longtext COMMENT 'Data',
  `is_processed` tinyint(1) NOT NULL DEFAULT '1' COMMENT 'Is Row Processed',
  `updated_at` timestamp NOT NULL DEFAULT CURRENT_TIMESTAMP ON UPDATE CURRENT_TIMESTAMP COMMENT 'timestamp of last update',
  PRIMARY KEY (`id`)
) ENGINE=InnoDB DEFAULT CHARSET=utf8mb3 COMMENT='Import Data Table';

--
-- Dumping data for table `importexport_importdata`
--


--
-- Table structure for table `indexer_state`
--

CREATE TABLE `indexer_state` (
  `state_id` int unsigned NOT NULL AUTO_INCREMENT COMMENT 'Indexer State ID',
  `indexer_id` varchar(255) DEFAULT NULL COMMENT 'Indexer ID',
  `status` varchar(16) DEFAULT 'invalid' COMMENT 'Indexer Status',
  `updated` datetime DEFAULT NULL COMMENT 'Indexer Status',
  `hash_config` varchar(32) NOT NULL COMMENT 'Hash of indexer config',
  PRIMARY KEY (`state_id`),
  KEY `INDEXER_STATE_INDEXER_ID` (`indexer_id`)
) ENGINE=InnoDB AUTO_INCREMENT=12 DEFAULT CHARSET=utf8mb3 COMMENT='Indexer State';

--
-- Dumping data for table `indexer_state`
--

INSERT INTO `indexer_state` VALUES (1,'design_config_grid','valid','2024-08-21 12:57:49','0bef9692240ab4906663b788b6434837'),(2,'customer_grid','valid','2024-08-21 09:57:56','8bf45bcd3d2de4e976d6f1d8b7a2e4bb'),(3,'catalog_category_product','valid','2024-08-21 09:57:56','8b7ae0ebb6fd98b814af2116bd926e6a'),(4,'catalog_product_category','valid','2024-08-21 09:57:56','2e833e2bd7c1dd0d46380b1239e92d47'),(5,'catalogrule_rule','valid','2024-08-21 09:57:57','a5039a396397e98cc1241fd030eecf03'),(6,'catalog_product_attribute','valid','2024-08-21 09:57:58','93eedd88d78ce8eb01ca60bda2259431'),(7,'cataloginventory_stock','valid','2024-08-21 09:57:58','7bfa9e1b91af75851bc07958b02deaf4'),(8,'inventory','valid','2024-08-21 09:57:58','61a2faab88f65690179dc9ce77393e42'),(9,'catalogrule_product','valid','2024-08-21 09:57:57','c979a489ea9c8264b7c94aedf5148264'),(10,'catalog_product_price','valid','2024-08-21 09:57:59','7c0a39be2e121be3975bde88d258b3aa'),(11,'catalogsearch_fulltext','valid','2024-08-21 09:57:59','d695e49df73d4981f95d9efe14aa0972');

--
-- Table structure for table `integration`
--

CREATE TABLE `integration` (
  `integration_id` int unsigned NOT NULL AUTO_INCREMENT COMMENT 'Integration ID',
  `name` varchar(255) NOT NULL COMMENT 'Integration name is displayed in the admin interface',
  `email` varchar(255) NOT NULL COMMENT 'Email address of the contact person',
  `endpoint` varchar(255) DEFAULT NULL COMMENT 'Endpoint for posting consumer credentials',
  `status` smallint unsigned NOT NULL COMMENT 'Integration status',
  `consumer_id` int unsigned DEFAULT NULL COMMENT 'Oauth consumer',
  `created_at` timestamp NOT NULL DEFAULT CURRENT_TIMESTAMP COMMENT 'Creation Time',
  `updated_at` timestamp NOT NULL DEFAULT CURRENT_TIMESTAMP ON UPDATE CURRENT_TIMESTAMP COMMENT 'Update Time',
  `setup_type` smallint unsigned NOT NULL DEFAULT '0' COMMENT 'Integration type - manual or config file',
  `identity_link_url` varchar(255) DEFAULT NULL COMMENT 'Identity linking Url',
  PRIMARY KEY (`integration_id`),
  UNIQUE KEY `INTEGRATION_NAME` (`name`),
  UNIQUE KEY `INTEGRATION_CONSUMER_ID` (`consumer_id`),
  CONSTRAINT `INTEGRATION_CONSUMER_ID_OAUTH_CONSUMER_ENTITY_ID` FOREIGN KEY (`consumer_id`) REFERENCES `oauth_consumer` (`entity_id`) ON DELETE CASCADE
) ENGINE=InnoDB AUTO_INCREMENT=2 DEFAULT CHARSET=utf8mb3 COMMENT='integration';

--
-- Dumping data for table `integration`
--

INSERT INTO `integration` VALUES (1,'Magento Analytics user','',NULL,1,1,'2024-07-11 11:30:05','2024-07-11 11:30:05',0,NULL);

--
-- Table structure for table `inventory_geoname`
--

CREATE TABLE `inventory_geoname` (
  `entity_id` int unsigned NOT NULL AUTO_INCREMENT COMMENT 'entity id',
  `country_code` varchar(64) NOT NULL,
  `postcode` varchar(64) NOT NULL,
  `city` varchar(180) NOT NULL,
  `region` varchar(100) NOT NULL,
  `province` varchar(64) NOT NULL,
  `latitude` double NOT NULL,
  `longitude` double NOT NULL,
  PRIMARY KEY (`entity_id`)
) ENGINE=InnoDB DEFAULT CHARSET=utf8mb3;

--
-- Dumping data for table `inventory_geoname`
--


--
-- Table structure for table `inventory_low_stock_notification_configuration`
--

CREATE TABLE `inventory_low_stock_notification_configuration` (
  `source_code` varchar(255) NOT NULL,
  `sku` varchar(64) NOT NULL,
  `notify_stock_qty` decimal(12,4) DEFAULT NULL,
  PRIMARY KEY (`source_code`,`sku`)
) ENGINE=InnoDB DEFAULT CHARSET=utf8mb3;

--
-- Dumping data for table `inventory_low_stock_notification_configuration`
--

INSERT INTO `inventory_low_stock_notification_configuration` VALUES ('default','Black Shirt',NULL),('default','Sample Product 2',NULL),('default','Sample Product 3',NULL),('default','Sample Sofa Design-Blue',NULL),('default','Sample Sofa Design-Grey',NULL),('default','Sample Sofa Design-Red',NULL),('default','Sample Sofa Design-White',NULL);

--
-- Table structure for table `inventory_order_notification`
--

CREATE TABLE `inventory_order_notification` (
  `order_id` int unsigned NOT NULL AUTO_INCREMENT COMMENT 'Order ID',
  `notification_sent` smallint NOT NULL COMMENT 'Has Notification Been Sent For Order',
  `send_notification` smallint NOT NULL COMMENT 'Should Notification Be Send For Order',
  PRIMARY KEY (`order_id`),
  CONSTRAINT `INVENTORY_ORDER_NOTIFICATION_ORDER_ID_SALES_ORDER_ENTITY_ID` FOREIGN KEY (`order_id`) REFERENCES `sales_order` (`entity_id`) ON DELETE CASCADE
) ENGINE=InnoDB DEFAULT CHARSET=utf8mb3;

--
-- Dumping data for table `inventory_order_notification`
--


--
-- Table structure for table `inventory_pickup_location_order`
--

CREATE TABLE `inventory_pickup_location_order` (
  `order_id` int unsigned NOT NULL AUTO_INCREMENT COMMENT 'Order ID',
  `pickup_location_code` varchar(255) NOT NULL COMMENT 'Pickup Location Code',
  PRIMARY KEY (`order_id`),
  CONSTRAINT `INVENTORY_PICKUP_LOCATION_ORDER_ORDER_ID_SALES_ORDER_ENTITY_ID` FOREIGN KEY (`order_id`) REFERENCES `sales_order` (`entity_id`) ON DELETE CASCADE
) ENGINE=InnoDB DEFAULT CHARSET=utf8mb3;

--
-- Dumping data for table `inventory_pickup_location_order`
--


--
-- Table structure for table `inventory_pickup_location_quote_address`
--

CREATE TABLE `inventory_pickup_location_quote_address` (
  `address_id` int unsigned NOT NULL AUTO_INCREMENT COMMENT 'Quote Address ID',
  `pickup_location_code` varchar(255) NOT NULL COMMENT 'Pickup Location Code',
  PRIMARY KEY (`address_id`),
  CONSTRAINT `INV_PICKUP_LOCATION_QUOTE_ADDR_ADDR_ID_QUOTE_ADDR_ADDR_ID` FOREIGN KEY (`address_id`) REFERENCES `quote_address` (`address_id`) ON DELETE CASCADE
) ENGINE=InnoDB DEFAULT CHARSET=utf8mb3;

--
-- Dumping data for table `inventory_pickup_location_quote_address`
--


--
-- Table structure for table `inventory_reservation`
--

CREATE TABLE `inventory_reservation` (
  `reservation_id` int unsigned NOT NULL AUTO_INCREMENT,
  `stock_id` int unsigned NOT NULL,
  `sku` varchar(64) NOT NULL,
  `quantity` decimal(10,4) NOT NULL DEFAULT '0.0000',
  `metadata` varchar(255) DEFAULT NULL,
  PRIMARY KEY (`reservation_id`),
  KEY `INVENTORY_RESERVATION_STOCK_ID_SKU_QUANTITY` (`stock_id`,`sku`,`quantity`)
) ENGINE=InnoDB AUTO_INCREMENT=288 DEFAULT CHARSET=utf8mb3;

--
-- Dumping data for table `inventory_reservation`
--

INSERT INTO `inventory_reservation` VALUES (1,1,'Sample Sofa Design-Grey',-1.0000,'{\"event_type\":\"order_placed\",\"object_type\":\"order\",\"object_id\":\"\",\"object_increment_id\":\"000000001\"}'),(2,1,'Sample Sofa Design-Grey',-3.0000,'{\"event_type\":\"order_placed\",\"object_type\":\"order\",\"object_id\":\"\",\"object_increment_id\":\"000000002\"}'),(3,1,'Sample Sofa Design-Grey',-3.0000,'{\"event_type\":\"order_placed\",\"object_type\":\"order\",\"object_id\":\"\",\"object_increment_id\":\"000000003\"}'),(4,1,'Sample Sofa Design-Grey',-1.0000,'{\"event_type\":\"order_placed\",\"object_type\":\"order\",\"object_id\":\"\",\"object_increment_id\":\"000000004\"}'),(5,1,'Sample Sofa Design-Grey',-1.0000,'{\"event_type\":\"order_placed\",\"object_type\":\"order\",\"object_id\":\"\",\"object_increment_id\":\"000000005\"}'),(6,1,'Sample Sofa Design-Grey',-3.0000,'{\"event_type\":\"order_placed\",\"object_type\":\"order\",\"object_id\":\"\",\"object_increment_id\":\"000000006\"}'),(7,1,'Sample Sofa Design-Grey',-3.0000,'{\"event_type\":\"order_placed\",\"object_type\":\"order\",\"object_id\":\"\",\"object_increment_id\":\"000000007\"}'),(8,1,'Sample Sofa Design-Grey',-1.0000,'{\"event_type\":\"order_placed\",\"object_type\":\"order\",\"object_id\":\"\",\"object_increment_id\":\"000000008\"}'),(9,1,'Sample Sofa Design-Grey',-1.0000,'{\"event_type\":\"order_placed\",\"object_type\":\"order\",\"object_id\":\"\",\"object_increment_id\":\"000000009\"}'),(10,1,'Sample Sofa Design-Grey',-1.0000,'{\"event_type\":\"order_placed\",\"object_type\":\"order\",\"object_id\":\"\",\"object_increment_id\":\"000000010\"}'),(11,1,'Sample Sofa Design-Red',-1.0000,'{\"event_type\":\"order_placed\",\"object_type\":\"order\",\"object_id\":\"\",\"object_increment_id\":\"000000011\"}'),(12,1,'Sample Sofa Design-Grey',-1.0000,'{\"event_type\":\"order_placed\",\"object_type\":\"order\",\"object_id\":\"\",\"object_increment_id\":\"000000012\"}'),(13,1,'Sample Sofa Design-White',-2.0000,'{\"event_type\":\"order_placed\",\"object_type\":\"order\",\"object_id\":\"\",\"object_increment_id\":\"000000013\"}'),(14,1,'Sample Sofa Design-Grey',-3.0000,'{\"event_type\":\"order_placed\",\"object_type\":\"order\",\"object_id\":\"\",\"object_increment_id\":\"000000014\"}'),(15,1,'Sample Sofa Design-Grey',-1.0000,'{\"event_type\":\"order_placed\",\"object_type\":\"order\",\"object_id\":\"\",\"object_increment_id\":\"000000015\"}'),(16,1,'Sample Sofa Design-Blue',-1.0000,'{\"event_type\":\"order_placed\",\"object_type\":\"order\",\"object_id\":\"\",\"object_increment_id\":\"000000016\"}'),(17,1,'Sample Sofa Design-Blue',-1.0000,'{\"event_type\":\"order_placed\",\"object_type\":\"order\",\"object_id\":\"\",\"object_increment_id\":\"000000017\"}'),(18,1,'Sample Sofa Design-Grey',-1.0000,'{\"event_type\":\"order_placed\",\"object_type\":\"order\",\"object_id\":\"\",\"object_increment_id\":\"000000018\"}'),(19,1,'Sample Sofa Design-Grey',-1.0000,'{\"event_type\":\"order_placed\",\"object_type\":\"order\",\"object_id\":\"\",\"object_increment_id\":\"000000019\"}'),(20,1,'Sample Sofa Design-Grey',-1.0000,'{\"event_type\":\"order_placed\",\"object_type\":\"order\",\"object_id\":\"\",\"object_increment_id\":\"000000020\"}'),(21,1,'Sample Sofa Design-Grey',-1.0000,'{\"event_type\":\"order_placed\",\"object_type\":\"order\",\"object_id\":\"\",\"object_increment_id\":\"000000021\"}'),(22,1,'Sample Sofa Design-Grey',-1.0000,'{\"event_type\":\"order_placed\",\"object_type\":\"order\",\"object_id\":\"\",\"object_increment_id\":\"000000022\"}'),(23,1,'Sample Sofa Design-Grey',-1.0000,'{\"event_type\":\"order_placed\",\"object_type\":\"order\",\"object_id\":\"\",\"object_increment_id\":\"000000023\"}'),(24,1,'Sample Sofa Design-Grey',-1.0000,'{\"event_type\":\"order_placed\",\"object_type\":\"order\",\"object_id\":\"\",\"object_increment_id\":\"000000024\"}'),(25,1,'Sample Sofa Design-Grey',-1.0000,'{\"event_type\":\"order_placed\",\"object_type\":\"order\",\"object_id\":\"\",\"object_increment_id\":\"000000025\"}'),(26,1,'Sample Sofa Design-Grey',-1.0000,'{\"event_type\":\"order_placed\",\"object_type\":\"order\",\"object_id\":\"\",\"object_increment_id\":\"000000026\"}'),(29,1,'Sample Sofa Design-Grey',-1.0000,'{\"event_type\":\"order_placed\",\"object_type\":\"order\",\"object_id\":\"\",\"object_increment_id\":\"000000028\"}'),(30,1,'Sample Sofa Design-Grey',-1.0000,'{\"event_type\":\"order_placed\",\"object_type\":\"order\",\"object_id\":\"\",\"object_increment_id\":\"000000029\"}'),(31,1,'Sample Sofa Design-Grey',-1.0000,'{\"event_type\":\"order_placed\",\"object_type\":\"order\",\"object_id\":\"\",\"object_increment_id\":\"000000030\"}'),(32,1,'Sample Sofa Design-Grey',-1.0000,'{\"event_type\":\"order_placed\",\"object_type\":\"order\",\"object_id\":\"\",\"object_increment_id\":\"000000031\"}'),(33,1,'Sample Sofa Design-Grey',-1.0000,'{\"event_type\":\"order_placed\",\"object_type\":\"order\",\"object_id\":\"\",\"object_increment_id\":\"000000032\"}'),(34,1,'Sample Sofa Design-Grey',-1.0000,'{\"event_type\":\"order_placed\",\"object_type\":\"order\",\"object_id\":\"\",\"object_increment_id\":\"000000033\"}'),(35,1,'Sample Sofa Design-Grey',-1.0000,'{\"event_type\":\"order_placed\",\"object_type\":\"order\",\"object_id\":\"\",\"object_increment_id\":\"000000034\"}'),(36,1,'Sample Sofa Design-Grey',-1.0000,'{\"event_type\":\"order_placed\",\"object_type\":\"order\",\"object_id\":\"\",\"object_increment_id\":\"000000035\"}'),(37,1,'Sample Sofa Design-Grey',-1.0000,'{\"event_type\":\"order_placed\",\"object_type\":\"order\",\"object_id\":\"\",\"object_increment_id\":\"000000036\"}'),(38,1,'Sample Sofa Design-Grey',-1.0000,'{\"event_type\":\"order_placed\",\"object_type\":\"order\",\"object_id\":\"\",\"object_increment_id\":\"000000037\"}'),(39,1,'Sample Sofa Design-Grey',-1.0000,'{\"event_type\":\"order_placed\",\"object_type\":\"order\",\"object_id\":\"\",\"object_increment_id\":\"000000038\"}'),(40,1,'Sample Sofa Design-Grey',-1.0000,'{\"event_type\":\"order_placed\",\"object_type\":\"order\",\"object_id\":\"\",\"object_increment_id\":\"000000039\"}'),(41,1,'Sample Sofa Design-Grey',-1.0000,'{\"event_type\":\"order_placed\",\"object_type\":\"order\",\"object_id\":\"\",\"object_increment_id\":\"000000040\"}'),(42,1,'Sample Sofa Design-White',-1.0000,'{\"event_type\":\"order_placed\",\"object_type\":\"order\",\"object_id\":\"\",\"object_increment_id\":\"000000041\"}'),(43,1,'Sample Sofa Design-Blue',-1.0000,'{\"event_type\":\"order_placed\",\"object_type\":\"order\",\"object_id\":\"\",\"object_increment_id\":\"000000042\"}'),(44,1,'Sample Product 2',-1.0000,'{\"event_type\":\"order_placed\",\"object_type\":\"order\",\"object_id\":\"\",\"object_increment_id\":\"000000043\"}'),(45,1,'Sample Product 2',-1.0000,'{\"event_type\":\"order_placed\",\"object_type\":\"order\",\"object_id\":\"\",\"object_increment_id\":\"000000044\"}'),(49,1,'Sample Product 2',-1.0000,'{\"event_type\":\"order_placed\",\"object_type\":\"order\",\"object_id\":\"\",\"object_increment_id\":\"000000047\"}'),(50,1,'Sample Product 2',-1.0000,'{\"event_type\":\"order_placed\",\"object_type\":\"order\",\"object_id\":\"\",\"object_increment_id\":\"000000048\"}'),(51,1,'Sample Product 2',-1.0000,'{\"event_type\":\"order_placed\",\"object_type\":\"order\",\"object_id\":\"\",\"object_increment_id\":\"000000049\"}'),(52,1,'Sample Product 3',-1.0000,'{\"event_type\":\"order_placed\",\"object_type\":\"order\",\"object_id\":\"\",\"object_increment_id\":\"000000049\"}'),(54,1,'Sample Sofa Design-Red',-1.0000,'{\"event_type\":\"order_placed\",\"object_type\":\"order\",\"object_id\":\"\",\"object_increment_id\":\"000000051\"}'),(55,1,'Sample Product 3',-1.0000,'{\"event_type\":\"order_placed\",\"object_type\":\"order\",\"object_id\":\"\",\"object_increment_id\":\"000000052\"}'),(56,1,'Sample Product 2',-1.0000,'{\"event_type\":\"order_placed\",\"object_type\":\"order\",\"object_id\":\"\",\"object_increment_id\":\"000000052\"}'),(57,1,'Sample Sofa Design-Red',-1.0000,'{\"event_type\":\"order_placed\",\"object_type\":\"order\",\"object_id\":\"\",\"object_increment_id\":\"000000053\"}'),(58,1,'Sample Sofa Design-Grey',-1.0000,'{\"event_type\":\"order_placed\",\"object_type\":\"order\",\"object_id\":\"\",\"object_increment_id\":\"000000054\"}'),(59,1,'Sample Sofa Design-Grey',-1.0000,'{\"event_type\":\"order_placed\",\"object_type\":\"order\",\"object_id\":\"\",\"object_increment_id\":\"000000055\"}'),(60,1,'Sample Sofa Design-Red',-6.0000,'{\"event_type\":\"order_placed\",\"object_type\":\"order\",\"object_id\":\"\",\"object_increment_id\":\"000000056\"}'),(61,1,'Sample Sofa Design-White',-3.0000,'{\"event_type\":\"order_placed\",\"object_type\":\"order\",\"object_id\":\"\",\"object_increment_id\":\"000000057\"}'),(62,1,'Sample Sofa Design-Grey',-1.0000,'{\"event_type\":\"order_placed\",\"object_type\":\"order\",\"object_id\":\"\",\"object_increment_id\":\"000000058\"}'),(63,1,'Sample Sofa Design-Red',-1.0000,'{\"event_type\":\"order_placed\",\"object_type\":\"order\",\"object_id\":\"\",\"object_increment_id\":\"000000059\"}'),(64,1,'Sample Sofa Design-Grey',-1.0000,'{\"event_type\":\"order_placed\",\"object_type\":\"order\",\"object_id\":\"\",\"object_increment_id\":\"000000060\"}'),(65,1,'Sample Sofa Design-Grey',-2.0000,'{\"event_type\":\"order_placed\",\"object_type\":\"order\",\"object_id\":\"\",\"object_increment_id\":\"000000061\"}'),(66,1,'Sample Sofa Design-Grey',-1.0000,'{\"event_type\":\"order_placed\",\"object_type\":\"order\",\"object_id\":\"\",\"object_increment_id\":\"000000062\"}'),(67,1,'Sample Sofa Design-Grey',-1.0000,'{\"event_type\":\"order_placed\",\"object_type\":\"order\",\"object_id\":\"\",\"object_increment_id\":\"000000063\"}'),(68,1,'Sample Sofa Design-Grey',-1.0000,'{\"event_type\":\"order_placed\",\"object_type\":\"order\",\"object_id\":\"\",\"object_increment_id\":\"000000064\"}'),(69,1,'Sample Sofa Design-Grey',-1.0000,'{\"event_type\":\"order_placed\",\"object_type\":\"order\",\"object_id\":\"\",\"object_increment_id\":\"000000065\"}'),(70,1,'Sample Sofa Design-Grey',-1.0000,'{\"event_type\":\"order_placed\",\"object_type\":\"order\",\"object_id\":\"\",\"object_increment_id\":\"000000066\"}'),(71,1,'Sample Sofa Design-Grey',-1.0000,'{\"event_type\":\"order_placed\",\"object_type\":\"order\",\"object_id\":\"\",\"object_increment_id\":\"000000067\"}'),(72,1,'Sample Sofa Design-Grey',-1.0000,'{\"event_type\":\"order_placed\",\"object_type\":\"order\",\"object_id\":\"\",\"object_increment_id\":\"000000068\"}'),(73,1,'Sample Sofa Design-Grey',-1.0000,'{\"event_type\":\"order_placed\",\"object_type\":\"order\",\"object_id\":\"\",\"object_increment_id\":\"000000069\"}'),(74,1,'Sample Sofa Design-Grey',-1.0000,'{\"event_type\":\"order_placed\",\"object_type\":\"order\",\"object_id\":\"\",\"object_increment_id\":\"000000070\"}'),(75,1,'Sample Sofa Design-Grey',-1.0000,'{\"event_type\":\"order_placed\",\"object_type\":\"order\",\"object_id\":\"\",\"object_increment_id\":\"000000071\"}'),(76,1,'Sample Product 2',-1.0000,'{\"event_type\":\"order_placed\",\"object_type\":\"order\",\"object_id\":\"\",\"object_increment_id\":\"000000072\"}'),(77,1,'Black Shirt',-1.0000,'{\"event_type\":\"order_placed\",\"object_type\":\"order\",\"object_id\":\"\",\"object_increment_id\":\"000000073\"}'),(78,1,'Sample Product 3',-1.0000,'{\"event_type\":\"order_placed\",\"object_type\":\"order\",\"object_id\":\"\",\"object_increment_id\":\"000000073\"}'),(79,1,'Sample Sofa Design-Grey',-1.0000,'{\"event_type\":\"order_placed\",\"object_type\":\"order\",\"object_id\":\"\",\"object_increment_id\":\"000000074\"}'),(80,1,'Sample Product 2',-1.0000,'{\"event_type\":\"order_placed\",\"object_type\":\"order\",\"object_id\":\"\",\"object_increment_id\":\"000000074\"}'),(81,1,'Sample Product 3',-1.0000,'{\"event_type\":\"order_placed\",\"object_type\":\"order\",\"object_id\":\"\",\"object_increment_id\":\"000000075\"}'),(82,1,'Black Shirt',-1.0000,'{\"event_type\":\"order_placed\",\"object_type\":\"order\",\"object_id\":\"\",\"object_increment_id\":\"000000075\"}'),(83,1,'Sample Product 2',-1.0000,'{\"event_type\":\"order_placed\",\"object_type\":\"order\",\"object_id\":\"\",\"object_increment_id\":\"000000075\"}'),(84,1,'Black Shirt',-1.0000,'{\"event_type\":\"order_placed\",\"object_type\":\"order\",\"object_id\":\"\",\"object_increment_id\":\"000000076\"}'),(85,1,'Sample Product 3',-1.0000,'{\"event_type\":\"order_placed\",\"object_type\":\"order\",\"object_id\":\"\",\"object_increment_id\":\"000000076\"}'),(86,1,'Sample Product 2',-1.0000,'{\"event_type\":\"order_placed\",\"object_type\":\"order\",\"object_id\":\"\",\"object_increment_id\":\"000000077\"}'),(87,1,'Sample Product 3',-1.0000,'{\"event_type\":\"order_placed\",\"object_type\":\"order\",\"object_id\":\"\",\"object_increment_id\":\"000000077\"}'),(88,1,'Sample Sofa Design-Grey',-1.0000,'{\"event_type\":\"order_placed\",\"object_type\":\"order\",\"object_id\":\"\",\"object_increment_id\":\"000000078\"}'),(89,1,'Black Shirt',-1.0000,'{\"event_type\":\"order_placed\",\"object_type\":\"order\",\"object_id\":\"\",\"object_increment_id\":\"000000078\"}'),(90,1,'Black Shirt',-1.0000,'{\"event_type\":\"order_placed\",\"object_type\":\"order\",\"object_id\":\"\",\"object_increment_id\":\"000000079\"}'),(91,1,'Sample Sofa Design-Grey',-1.0000,'{\"event_type\":\"order_placed\",\"object_type\":\"order\",\"object_id\":\"\",\"object_increment_id\":\"000000079\"}'),(92,1,'Sample Product 2',-1.0000,'{\"event_type\":\"order_placed\",\"object_type\":\"order\",\"object_id\":\"\",\"object_increment_id\":\"000000080\"}'),(93,1,'Sample Sofa Design-Grey',-1.0000,'{\"event_type\":\"order_placed\",\"object_type\":\"order\",\"object_id\":\"\",\"object_increment_id\":\"000000080\"}'),(94,1,'Black Shirt',-1.0000,'{\"event_type\":\"order_placed\",\"object_type\":\"order\",\"object_id\":\"\",\"object_increment_id\":\"000000081\"}'),(95,1,'Sample Product 3',-1.0000,'{\"event_type\":\"order_placed\",\"object_type\":\"order\",\"object_id\":\"\",\"object_increment_id\":\"000000082\"}'),(96,1,'Sample Sofa Design-Grey',-1.0000,'{\"event_type\":\"order_placed\",\"object_type\":\"order\",\"object_id\":\"\",\"object_increment_id\":\"000000083\"}'),(97,1,'Sample Sofa Design-Grey',-1.0000,'{\"event_type\":\"order_placed\",\"object_type\":\"order\",\"object_id\":\"\",\"object_increment_id\":\"000000084\"}'),(98,1,'Sample Sofa Design-Grey',-1.0000,'{\"event_type\":\"order_placed\",\"object_type\":\"order\",\"object_id\":\"\",\"object_increment_id\":\"000000085\"}'),(99,1,'Sample Sofa Design-Grey',-1.0000,'{\"event_type\":\"order_placed\",\"object_type\":\"order\",\"object_id\":\"\",\"object_increment_id\":\"000000086\"}'),(100,1,'Sample Sofa Design-Grey',-1.0000,'{\"event_type\":\"order_placed\",\"object_type\":\"order\",\"object_id\":\"\",\"object_increment_id\":\"000000087\"}'),(101,1,'Sample Product 2',-1.0000,'{\"event_type\":\"order_placed\",\"object_type\":\"order\",\"object_id\":\"\",\"object_increment_id\":\"000000088\"}'),(102,1,'Sample Product 3',-1.0000,'{\"event_type\":\"order_placed\",\"object_type\":\"order\",\"object_id\":\"\",\"object_increment_id\":\"000000089\"}'),(103,1,'Black Shirt',-1.0000,'{\"event_type\":\"order_placed\",\"object_type\":\"order\",\"object_id\":\"\",\"object_increment_id\":\"000000090\"}'),(104,1,'Black Shirt',-1.0000,'{\"event_type\":\"order_placed\",\"object_type\":\"order\",\"object_id\":\"\",\"object_increment_id\":\"000000091\"}'),(105,1,'Sample Product 2',-1.0000,'{\"event_type\":\"order_placed\",\"object_type\":\"order\",\"object_id\":\"\",\"object_increment_id\":\"000000092\"}'),(106,1,'Sample Sofa Design-Grey',-1.0000,'{\"event_type\":\"order_placed\",\"object_type\":\"order\",\"object_id\":\"\",\"object_increment_id\":\"000000093\"}'),(107,1,'Sample Product 3',-1.0000,'{\"event_type\":\"order_placed\",\"object_type\":\"order\",\"object_id\":\"\",\"object_increment_id\":\"000000094\"}'),(108,1,'Sample Product 2',-1.0000,'{\"event_type\":\"order_placed\",\"object_type\":\"order\",\"object_id\":\"\",\"object_increment_id\":\"000000095\"}'),(109,1,'Sample Sofa Design-Grey',-1.0000,'{\"event_type\":\"order_placed\",\"object_type\":\"order\",\"object_id\":\"\",\"object_increment_id\":\"000000096\"}'),(110,1,'Black Shirt',-1.0000,'{\"event_type\":\"order_placed\",\"object_type\":\"order\",\"object_id\":\"\",\"object_increment_id\":\"000000097\"}'),(111,1,'Black Shirt',-1.0000,'{\"event_type\":\"order_placed\",\"object_type\":\"order\",\"object_id\":\"\",\"object_increment_id\":\"000000098\"}'),(112,1,'Sample Sofa Design-Grey',-1.0000,'{\"event_type\":\"order_placed\",\"object_type\":\"order\",\"object_id\":\"\",\"object_increment_id\":\"000000099\"}'),(113,1,'Sample Product 3',-1.0000,'{\"event_type\":\"order_placed\",\"object_type\":\"order\",\"object_id\":\"\",\"object_increment_id\":\"000000100\"}'),(114,1,'Sample Product 3',-1.0000,'{\"event_type\":\"order_placed\",\"object_type\":\"order\",\"object_id\":\"\",\"object_increment_id\":\"000000101\"}'),(115,1,'Sample Product 2',-1.0000,'{\"event_type\":\"order_placed\",\"object_type\":\"order\",\"object_id\":\"\",\"object_increment_id\":\"000000102\"}'),(116,1,'Black Shirt',-1.0000,'{\"event_type\":\"order_placed\",\"object_type\":\"order\",\"object_id\":\"\",\"object_increment_id\":\"000000103\"}'),(117,1,'Black Shirt',-1.0000,'{\"event_type\":\"order_placed\",\"object_type\":\"order\",\"object_id\":\"\",\"object_increment_id\":\"000000104\"}'),(118,1,'Black Shirt',-1.0000,'{\"event_type\":\"order_placed\",\"object_type\":\"order\",\"object_id\":\"\",\"object_increment_id\":\"000000105\"}'),(119,1,'Sample Sofa Design-Grey',-1.0000,'{\"event_type\":\"order_placed\",\"object_type\":\"order\",\"object_id\":\"\",\"object_increment_id\":\"000000106\"}'),(120,1,'Sample Sofa Design-Grey',-1.0000,'{\"event_type\":\"order_placed\",\"object_type\":\"order\",\"object_id\":\"\",\"object_increment_id\":\"000000107\"}'),(121,1,'Sample Sofa Design-Grey',-1.0000,'{\"event_type\":\"order_placed\",\"object_type\":\"order\",\"object_id\":\"\",\"object_increment_id\":\"000000108\"}'),(122,1,'Sample Sofa Design-Grey',-1.0000,'{\"event_type\":\"order_placed\",\"object_type\":\"order\",\"object_id\":\"\",\"object_increment_id\":\"000000109\"}'),(123,1,'Sample Product 3',-1.0000,'{\"event_type\":\"order_placed\",\"object_type\":\"order\",\"object_id\":\"\",\"object_increment_id\":\"000000110\"}'),(124,1,'Sample Product 3',-1.0000,'{\"event_type\":\"order_placed\",\"object_type\":\"order\",\"object_id\":\"\",\"object_increment_id\":\"000000111\"}'),(125,1,'Sample Product 3',-1.0000,'{\"event_type\":\"order_placed\",\"object_type\":\"order\",\"object_id\":\"\",\"object_increment_id\":\"000000112\"}'),(126,1,'Sample Product 2',-1.0000,'{\"event_type\":\"order_placed\",\"object_type\":\"order\",\"object_id\":\"\",\"object_increment_id\":\"000000113\"}'),(127,1,'Sample Product 3',-1.0000,'{\"event_type\":\"order_placed\",\"object_type\":\"order\",\"object_id\":\"\",\"object_increment_id\":\"000000114\"}'),(128,1,'Black Shirt',-1.0000,'{\"event_type\":\"order_placed\",\"object_type\":\"order\",\"object_id\":\"\",\"object_increment_id\":\"000000114\"}'),(129,1,'Sample Sofa Design-Grey',-1.0000,'{\"event_type\":\"order_placed\",\"object_type\":\"order\",\"object_id\":\"\",\"object_increment_id\":\"000000115\"}'),(130,1,'Sample Sofa Design-Grey',-1.0000,'{\"event_type\":\"order_placed\",\"object_type\":\"order\",\"object_id\":\"\",\"object_increment_id\":\"000000116\"}'),(131,1,'Sample Product 2',-1.0000,'{\"event_type\":\"order_placed\",\"object_type\":\"order\",\"object_id\":\"\",\"object_increment_id\":\"000000117\"}'),(132,1,'Sample Product 3',-1.0000,'{\"event_type\":\"order_placed\",\"object_type\":\"order\",\"object_id\":\"\",\"object_increment_id\":\"000000118\"}'),(133,1,'Sample Product 3',-1.0000,'{\"event_type\":\"order_placed\",\"object_type\":\"order\",\"object_id\":\"\",\"object_increment_id\":\"000000119\"}'),(134,1,'Sample Product 3',-1.0000,'{\"event_type\":\"order_placed\",\"object_type\":\"order\",\"object_id\":\"\",\"object_increment_id\":\"000000120\"}'),(135,1,'Sample Sofa Design-Grey',-1.0000,'{\"event_type\":\"order_placed\",\"object_type\":\"order\",\"object_id\":\"\",\"object_increment_id\":\"000000121\"}'),(136,1,'Black Shirt',-1.0000,'{\"event_type\":\"order_placed\",\"object_type\":\"order\",\"object_id\":\"\",\"object_increment_id\":\"000000122\"}'),(141,1,'Black Shirt',-1.0000,'{\"event_type\":\"order_placed\",\"object_type\":\"order\",\"object_id\":\"\",\"object_increment_id\":\"000000123\"}'),(142,1,'Sample Sofa Design-Grey',-1.0000,'{\"event_type\":\"order_placed\",\"object_type\":\"order\",\"object_id\":\"\",\"object_increment_id\":\"000000123\"}'),(143,1,'Sample Product 3',-1.0000,'{\"event_type\":\"order_placed\",\"object_type\":\"order\",\"object_id\":\"\",\"object_increment_id\":\"000000124\"}'),(144,1,'Sample Product 2',-1.0000,'{\"event_type\":\"order_placed\",\"object_type\":\"order\",\"object_id\":\"\",\"object_increment_id\":\"000000124\"}'),(145,1,'Sample Product 2',-1.0000,'{\"event_type\":\"order_placed\",\"object_type\":\"order\",\"object_id\":\"\",\"object_increment_id\":\"000000125\"}'),(146,1,'Sample Product 2',-1.0000,'{\"event_type\":\"order_placed\",\"object_type\":\"order\",\"object_id\":\"\",\"object_increment_id\":\"000000126\"}'),(147,1,'Black Shirt',-1.0000,'{\"event_type\":\"order_placed\",\"object_type\":\"order\",\"object_id\":\"\",\"object_increment_id\":\"000000127\"}'),(148,1,'Sample Product 2',-1.0000,'{\"event_type\":\"order_placed\",\"object_type\":\"order\",\"object_id\":\"\",\"object_increment_id\":\"000000128\"}'),(149,1,'Sample Sofa Design-Grey',-1.0000,'{\"event_type\":\"order_placed\",\"object_type\":\"order\",\"object_id\":\"\",\"object_increment_id\":\"000000129\"}'),(150,1,'Black Shirt',-1.0000,'{\"event_type\":\"order_placed\",\"object_type\":\"order\",\"object_id\":\"\",\"object_increment_id\":\"000000130\"}'),(151,1,'Sample Product 3',-1.0000,'{\"event_type\":\"order_placed\",\"object_type\":\"order\",\"object_id\":\"\",\"object_increment_id\":\"000000131\"}'),(152,1,'Sample Product 2',-1.0000,'{\"event_type\":\"order_placed\",\"object_type\":\"order\",\"object_id\":\"\",\"object_increment_id\":\"000000132\"}'),(153,1,'Sample Product 2',-1.0000,'{\"event_type\":\"order_placed\",\"object_type\":\"order\",\"object_id\":\"\",\"object_increment_id\":\"000000133\"}'),(154,1,'Black Shirt',-1.0000,'{\"event_type\":\"order_placed\",\"object_type\":\"order\",\"object_id\":\"\",\"object_increment_id\":\"000000134\"}'),(155,1,'Black Shirt',-1.0000,'{\"event_type\":\"order_placed\",\"object_type\":\"order\",\"object_id\":\"\",\"object_increment_id\":\"000000135\"}'),(156,1,'Sample Product 3',-1.0000,'{\"event_type\":\"order_placed\",\"object_type\":\"order\",\"object_id\":\"\",\"object_increment_id\":\"000000136\"}'),(157,1,'Sample Product 3',-1.0000,'{\"event_type\":\"order_placed\",\"object_type\":\"order\",\"object_id\":\"\",\"object_increment_id\":\"000000137\"}'),(158,1,'Sample Product 2',-1.0000,'{\"event_type\":\"order_placed\",\"object_type\":\"order\",\"object_id\":\"\",\"object_increment_id\":\"000000138\"}'),(159,1,'Sample Product 3',-1.0000,'{\"event_type\":\"order_placed\",\"object_type\":\"order\",\"object_id\":\"\",\"object_increment_id\":\"000000139\"}'),(160,1,'Sample Product 3',-1.0000,'{\"event_type\":\"order_placed\",\"object_type\":\"order\",\"object_id\":\"\",\"object_increment_id\":\"000000140\"}'),(163,1,'Sample Product 3',-1.0000,'{\"event_type\":\"order_placed\",\"object_type\":\"order\",\"object_id\":\"\",\"object_increment_id\":\"000000143\"}'),(164,1,'Sample Product 3',-2.0000,'{\"event_type\":\"order_placed\",\"object_type\":\"order\",\"object_id\":\"\",\"object_increment_id\":\"000000144\"}'),(165,1,'Black Shirt',-1.0000,'{\"event_type\":\"order_placed\",\"object_type\":\"order\",\"object_id\":\"\",\"object_increment_id\":\"000000145\"}'),(168,1,'Black Shirt',-1.0000,'{\"event_type\":\"order_placed\",\"object_type\":\"order\",\"object_id\":\"\",\"object_increment_id\":\"000000146\"}'),(169,1,'Sample Sofa Design-Grey',-1.0000,'{\"event_type\":\"order_placed\",\"object_type\":\"order\",\"object_id\":\"\",\"object_increment_id\":\"000000147\"}'),(170,1,'Black Shirt',-1.0000,'{\"event_type\":\"order_placed\",\"object_type\":\"order\",\"object_id\":\"\",\"object_increment_id\":\"000000147\"}'),(171,1,'Black Shirt',-1.0000,'{\"event_type\":\"order_placed\",\"object_type\":\"order\",\"object_id\":\"\",\"object_increment_id\":\"000000148\"}'),(174,1,'Sample Sofa Design-Grey',-1.0000,'{\"event_type\":\"order_placed\",\"object_type\":\"order\",\"object_id\":\"\",\"object_increment_id\":\"000000150\"}'),(175,1,'Black Shirt',-1.0000,'{\"event_type\":\"order_placed\",\"object_type\":\"order\",\"object_id\":\"\",\"object_increment_id\":\"000000150\"}'),(176,1,'Sample Product 2',-1.0000,'{\"event_type\":\"order_placed\",\"object_type\":\"order\",\"object_id\":\"\",\"object_increment_id\":\"000000151\"}'),(177,1,'Black Shirt',-1.0000,'{\"event_type\":\"order_placed\",\"object_type\":\"order\",\"object_id\":\"\",\"object_increment_id\":\"000000152\"}'),(178,1,'Sample Product 3',-1.0000,'{\"event_type\":\"order_placed\",\"object_type\":\"order\",\"object_id\":\"\",\"object_increment_id\":\"000000153\"}'),(179,1,'Black Shirt',-1.0000,'{\"event_type\":\"order_placed\",\"object_type\":\"order\",\"object_id\":\"\",\"object_increment_id\":\"000000154\"}'),(180,1,'Sample Product 2',-1.0000,'{\"event_type\":\"order_placed\",\"object_type\":\"order\",\"object_id\":\"\",\"object_increment_id\":\"000000155\"}'),(181,1,'Sample Product 2',-1.0000,'{\"event_type\":\"order_placed\",\"object_type\":\"order\",\"object_id\":\"\",\"object_increment_id\":\"000000156\"}'),(182,1,'Black Shirt',-1.0000,'{\"event_type\":\"order_placed\",\"object_type\":\"order\",\"object_id\":\"\",\"object_increment_id\":\"000000157\"}'),(183,1,'Sample Product 2',-1.0000,'{\"event_type\":\"order_placed\",\"object_type\":\"order\",\"object_id\":\"\",\"object_increment_id\":\"000000158\"}'),(184,1,'Sample Sofa Design-Grey',-1.0000,'{\"event_type\":\"order_placed\",\"object_type\":\"order\",\"object_id\":\"\",\"object_increment_id\":\"000000159\"}'),(185,1,'Sample Sofa Design-Grey',-1.0000,'{\"event_type\":\"order_placed\",\"object_type\":\"order\",\"object_id\":\"\",\"object_increment_id\":\"000000160\"}'),(186,1,'Sample Sofa Design-Grey',-1.0000,'{\"event_type\":\"order_placed\",\"object_type\":\"order\",\"object_id\":\"\",\"object_increment_id\":\"000000161\"}'),(187,1,'Sample Sofa Design-Grey',-1.0000,'{\"event_type\":\"order_placed\",\"object_type\":\"order\",\"object_id\":\"\",\"object_increment_id\":\"000000162\"}'),(188,1,'Black Shirt',-1.0000,'{\"event_type\":\"order_placed\",\"object_type\":\"order\",\"object_id\":\"\",\"object_increment_id\":\"000000163\"}'),(189,1,'Black Shirt',-1.0000,'{\"event_type\":\"order_placed\",\"object_type\":\"order\",\"object_id\":\"\",\"object_increment_id\":\"000000164\"}'),(190,1,'Black Shirt',-1.0000,'{\"event_type\":\"order_placed\",\"object_type\":\"order\",\"object_id\":\"\",\"object_increment_id\":\"000000165\"}'),(191,1,'Black Shirt',-1.0000,'{\"event_type\":\"order_placed\",\"object_type\":\"order\",\"object_id\":\"\",\"object_increment_id\":\"000000166\"}'),(192,1,'Black Shirt',-2.0000,'{\"event_type\":\"order_placed\",\"object_type\":\"order\",\"object_id\":\"\",\"object_increment_id\":\"000000167\"}'),(193,1,'Black Shirt',-1.0000,'{\"event_type\":\"order_placed\",\"object_type\":\"order\",\"object_id\":\"\",\"object_increment_id\":\"000000168\"}'),(194,1,'Black Shirt',-1.0000,'{\"event_type\":\"order_placed\",\"object_type\":\"order\",\"object_id\":\"\",\"object_increment_id\":\"000000169\"}'),(195,1,'Black Shirt',-1.0000,'{\"event_type\":\"order_placed\",\"object_type\":\"order\",\"object_id\":\"\",\"object_increment_id\":\"000000170\"}'),(196,1,'Black Shirt',-1.0000,'{\"event_type\":\"order_placed\",\"object_type\":\"order\",\"object_id\":\"\",\"object_increment_id\":\"000000171\"}'),(197,1,'Black Shirt',-1.0000,'{\"event_type\":\"order_placed\",\"object_type\":\"order\",\"object_id\":\"\",\"object_increment_id\":\"000000172\"}'),(198,1,'Black Shirt',-1.0000,'{\"event_type\":\"order_placed\",\"object_type\":\"order\",\"object_id\":\"\",\"object_increment_id\":\"000000173\"}'),(199,1,'Black Shirt',-1.0000,'{\"event_type\":\"order_placed\",\"object_type\":\"order\",\"object_id\":\"\",\"object_increment_id\":\"000000174\"}'),(200,1,'Black Shirt',-1.0000,'{\"event_type\":\"order_placed\",\"object_type\":\"order\",\"object_id\":\"\",\"object_increment_id\":\"000000175\"}'),(201,1,'Black Shirt',-1.0000,'{\"event_type\":\"order_placed\",\"object_type\":\"order\",\"object_id\":\"\",\"object_increment_id\":\"000000176\"}'),(202,1,'Black Shirt',-1.0000,'{\"event_type\":\"order_placed\",\"object_type\":\"order\",\"object_id\":\"\",\"object_increment_id\":\"000000177\"}'),(203,1,'Black Shirt',-1.0000,'{\"event_type\":\"order_placed\",\"object_type\":\"order\",\"object_id\":\"\",\"object_increment_id\":\"000000178\"}'),(204,1,'Black Shirt',-1.0000,'{\"event_type\":\"order_placed\",\"object_type\":\"order\",\"object_id\":\"\",\"object_increment_id\":\"000000179\"}'),(205,1,'Black Shirt',-1.0000,'{\"event_type\":\"order_placed\",\"object_type\":\"order\",\"object_id\":\"\",\"object_increment_id\":\"000000180\"}'),(206,1,'Black Shirt',-1.0000,'{\"event_type\":\"order_placed\",\"object_type\":\"order\",\"object_id\":\"\",\"object_increment_id\":\"000000181\"}'),(207,1,'Black Shirt',-1.0000,'{\"event_type\":\"order_placed\",\"object_type\":\"order\",\"object_id\":\"\",\"object_increment_id\":\"000000182\"}'),(208,1,'Black Shirt',-1.0000,'{\"event_type\":\"order_placed\",\"object_type\":\"order\",\"object_id\":\"\",\"object_increment_id\":\"000000183\"}'),(209,1,'Black Shirt',-1.0000,'{\"event_type\":\"order_placed\",\"object_type\":\"order\",\"object_id\":\"\",\"object_increment_id\":\"000000184\"}'),(210,1,'Black Shirt',-1.0000,'{\"event_type\":\"order_placed\",\"object_type\":\"order\",\"object_id\":\"\",\"object_increment_id\":\"000000185\"}'),(211,1,'Black Shirt',-1.0000,'{\"event_type\":\"order_placed\",\"object_type\":\"order\",\"object_id\":\"\",\"object_increment_id\":\"000000186\"}'),(212,1,'Black Shirt',-1.0000,'{\"event_type\":\"order_placed\",\"object_type\":\"order\",\"object_id\":\"\",\"object_increment_id\":\"000000187\"}'),(213,1,'Black Shirt',-1.0000,'{\"event_type\":\"order_placed\",\"object_type\":\"order\",\"object_id\":\"\",\"object_increment_id\":\"000000188\"}'),(214,1,'Black Shirt',-1.0000,'{\"event_type\":\"order_placed\",\"object_type\":\"order\",\"object_id\":\"\",\"object_increment_id\":\"000000189\"}'),(215,1,'Black Shirt',-1.0000,'{\"event_type\":\"order_placed\",\"object_type\":\"order\",\"object_id\":\"\",\"object_increment_id\":\"000000190\"}'),(216,1,'Black Shirt',-1.0000,'{\"event_type\":\"order_placed\",\"object_type\":\"order\",\"object_id\":\"\",\"object_increment_id\":\"000000191\"}'),(217,1,'Black Shirt',-1.0000,'{\"event_type\":\"order_placed\",\"object_type\":\"order\",\"object_id\":\"\",\"object_increment_id\":\"000000192\"}'),(218,1,'Black Shirt',-1.0000,'{\"event_type\":\"order_placed\",\"object_type\":\"order\",\"object_id\":\"\",\"object_increment_id\":\"000000193\"}'),(219,1,'Black Shirt',-1.0000,'{\"event_type\":\"order_placed\",\"object_type\":\"order\",\"object_id\":\"\",\"object_increment_id\":\"000000194\"}'),(220,1,'Black Shirt',-1.0000,'{\"event_type\":\"order_placed\",\"object_type\":\"order\",\"object_id\":\"\",\"object_increment_id\":\"000000195\"}'),(221,1,'Black Shirt',-1.0000,'{\"event_type\":\"order_placed\",\"object_type\":\"order\",\"object_id\":\"\",\"object_increment_id\":\"000000196\"}'),(222,1,'Black Shirt',-1.0000,'{\"event_type\":\"order_placed\",\"object_type\":\"order\",\"object_id\":\"\",\"object_increment_id\":\"000000197\"}'),(223,1,'Black Shirt',-1.0000,'{\"event_type\":\"order_placed\",\"object_type\":\"order\",\"object_id\":\"\",\"object_increment_id\":\"000000198\"}'),(224,1,'Black Shirt',-1.0000,'{\"event_type\":\"order_placed\",\"object_type\":\"order\",\"object_id\":\"\",\"object_increment_id\":\"000000199\"}'),(225,1,'Black Shirt',-1.0000,'{\"event_type\":\"order_placed\",\"object_type\":\"order\",\"object_id\":\"\",\"object_increment_id\":\"000000200\"}'),(226,1,'Sample Sofa Design-Grey',-1.0000,'{\"event_type\":\"order_placed\",\"object_type\":\"order\",\"object_id\":\"\",\"object_increment_id\":\"000000201\"}'),(227,1,'Black Shirt',-1.0000,'{\"event_type\":\"order_placed\",\"object_type\":\"order\",\"object_id\":\"\",\"object_increment_id\":\"000000202\"}'),(228,1,'Black Shirt',-1.0000,'{\"event_type\":\"order_placed\",\"object_type\":\"order\",\"object_id\":\"\",\"object_increment_id\":\"000000203\"}'),(229,1,'Black Shirt',-1.0000,'{\"event_type\":\"order_placed\",\"object_type\":\"order\",\"object_id\":\"\",\"object_increment_id\":\"000000204\"}'),(230,1,'Black Shirt',-1.0000,'{\"event_type\":\"order_placed\",\"object_type\":\"order\",\"object_id\":\"\",\"object_increment_id\":\"000000205\"}'),(231,1,'Black Shirt',-1.0000,'{\"event_type\":\"order_placed\",\"object_type\":\"order\",\"object_id\":\"\",\"object_increment_id\":\"000000206\"}'),(232,1,'Black Shirt',-1.0000,'{\"event_type\":\"order_placed\",\"object_type\":\"order\",\"object_id\":\"\",\"object_increment_id\":\"000000207\"}'),(233,1,'Black Shirt',-1.0000,'{\"event_type\":\"order_placed\",\"object_type\":\"order\",\"object_id\":\"\",\"object_increment_id\":\"000000208\"}'),(234,1,'Black Shirt',-1.0000,'{\"event_type\":\"order_placed\",\"object_type\":\"order\",\"object_id\":\"\",\"object_increment_id\":\"000000209\"}'),(235,1,'Sample Product 3',-1.0000,'{\"event_type\":\"order_placed\",\"object_type\":\"order\",\"object_id\":\"\",\"object_increment_id\":\"000000210\"}'),(236,1,'Black Shirt',-1.0000,'{\"event_type\":\"order_placed\",\"object_type\":\"order\",\"object_id\":\"\",\"object_increment_id\":\"000000211\"}'),(237,1,'Sample Sofa Design-Grey',-1.0000,'{\"event_type\":\"order_placed\",\"object_type\":\"order\",\"object_id\":\"\",\"object_increment_id\":\"000000212\"}'),(238,1,'Black Shirt',-1.0000,'{\"event_type\":\"order_placed\",\"object_type\":\"order\",\"object_id\":\"\",\"object_increment_id\":\"000000213\"}'),(239,1,'Black Shirt',-1.0000,'{\"event_type\":\"order_placed\",\"object_type\":\"order\",\"object_id\":\"\",\"object_increment_id\":\"000000214\"}'),(240,1,'Black Shirt',-1.0000,'{\"event_type\":\"order_placed\",\"object_type\":\"order\",\"object_id\":\"\",\"object_increment_id\":\"000000215\"}'),(241,1,'Black Shirt',-1.0000,'{\"event_type\":\"order_placed\",\"object_type\":\"order\",\"object_id\":\"\",\"object_increment_id\":\"000000216\"}'),(242,1,'Black Shirt',-1.0000,'{\"event_type\":\"order_placed\",\"object_type\":\"order\",\"object_id\":\"\",\"object_increment_id\":\"000000217\"}'),(243,1,'Black Shirt',-1.0000,'{\"event_type\":\"order_placed\",\"object_type\":\"order\",\"object_id\":\"\",\"object_increment_id\":\"000000218\"}'),(244,1,'Black Shirt',-1.0000,'{\"event_type\":\"order_placed\",\"object_type\":\"order\",\"object_id\":\"\",\"object_increment_id\":\"000000219\"}'),(245,1,'Sample Product 3',-1.0000,'{\"event_type\":\"order_placed\",\"object_type\":\"order\",\"object_id\":\"\",\"object_increment_id\":\"000000220\"}'),(246,1,'Black Shirt',-1.0000,'{\"event_type\":\"order_placed\",\"object_type\":\"order\",\"object_id\":\"\",\"object_increment_id\":\"000000221\"}'),(247,1,'Black Shirt',-1.0000,'{\"event_type\":\"order_placed\",\"object_type\":\"order\",\"object_id\":\"\",\"object_increment_id\":\"000000222\"}'),(248,1,'Black Shirt',-1.0000,'{\"event_type\":\"order_placed\",\"object_type\":\"order\",\"object_id\":\"\",\"object_increment_id\":\"000000223\"}'),(249,1,'Black Shirt',-1.0000,'{\"event_type\":\"order_placed\",\"object_type\":\"order\",\"object_id\":\"\",\"object_increment_id\":\"000000224\"}'),(250,1,'Black Shirt',-1.0000,'{\"event_type\":\"order_placed\",\"object_type\":\"order\",\"object_id\":\"\",\"object_increment_id\":\"000000225\"}'),(251,1,'Black Shirt',-1.0000,'{\"event_type\":\"order_placed\",\"object_type\":\"order\",\"object_id\":\"\",\"object_increment_id\":\"000000226\"}'),(252,1,'Black Shirt',-1.0000,'{\"event_type\":\"order_placed\",\"object_type\":\"order\",\"object_id\":\"\",\"object_increment_id\":\"000000227\"}'),(253,1,'Sample Sofa Design-Red',-1.0000,'{\"event_type\":\"order_placed\",\"object_type\":\"order\",\"object_id\":\"\",\"object_increment_id\":\"000000228\"}'),(254,1,'Sample Sofa Design-White',-1.0000,'{\"event_type\":\"order_placed\",\"object_type\":\"order\",\"object_id\":\"\",\"object_increment_id\":\"000000229\"}'),(255,1,'Sample Sofa Design-Red',-1.0000,'{\"event_type\":\"order_placed\",\"object_type\":\"order\",\"object_id\":\"\",\"object_increment_id\":\"000000230\"}'),(256,1,'Sample Sofa Design-Grey',-1.0000,'{\"event_type\":\"order_placed\",\"object_type\":\"order\",\"object_id\":\"\",\"object_increment_id\":\"000000231\"}'),(257,1,'Sample Sofa Design-Red',-1.0000,'{\"event_type\":\"order_placed\",\"object_type\":\"order\",\"object_id\":\"\",\"object_increment_id\":\"000000232\"}'),(258,1,'Sample Sofa Design-Red',-1.0000,'{\"event_type\":\"order_placed\",\"object_type\":\"order\",\"object_id\":\"\",\"object_increment_id\":\"000000233\"}'),(259,1,'Sample Sofa Design-Red',-1.0000,'{\"event_type\":\"order_placed\",\"object_type\":\"order\",\"object_id\":\"\",\"object_increment_id\":\"000000234\"}'),(260,1,'Sample Sofa Design-Red',-1.0000,'{\"event_type\":\"order_placed\",\"object_type\":\"order\",\"object_id\":\"\",\"object_increment_id\":\"000000235\"}'),(261,1,'Sample Sofa Design-Red',-1.0000,'{\"event_type\":\"order_placed\",\"object_type\":\"order\",\"object_id\":\"\",\"object_increment_id\":\"000000236\"}'),(262,1,'Sample Sofa Design-Red',-1.0000,'{\"event_type\":\"order_placed\",\"object_type\":\"order\",\"object_id\":\"\",\"object_increment_id\":\"000000237\"}'),(263,1,'Sample Sofa Design-Red',-1.0000,'{\"event_type\":\"order_placed\",\"object_type\":\"order\",\"object_id\":\"\",\"object_increment_id\":\"000000238\"}'),(264,1,'Sample Sofa Design-Red',-1.0000,'{\"event_type\":\"order_placed\",\"object_type\":\"order\",\"object_id\":\"\",\"object_increment_id\":\"000000239\"}'),(265,1,'Sample Sofa Design-Red',-1.0000,'{\"event_type\":\"order_placed\",\"object_type\":\"order\",\"object_id\":\"\",\"object_increment_id\":\"000000240\"}'),(267,1,'Sample Sofa Design-White',-1.0000,'{\"event_type\":\"order_placed\",\"object_type\":\"order\",\"object_id\":\"\",\"object_increment_id\":\"000000242\"}'),(269,1,'Sample Sofa Design-Grey',-1.0000,'{\"event_type\":\"order_placed\",\"object_type\":\"order\",\"object_id\":\"\",\"object_increment_id\":\"000000243\"}'),(270,1,'Sample Sofa Design-Grey',-1.0000,'{\"event_type\":\"order_placed\",\"object_type\":\"order\",\"object_id\":\"\",\"object_increment_id\":\"000000244\"}'),(271,1,'Sample Sofa Design-Grey',-1.0000,'{\"event_type\":\"order_placed\",\"object_type\":\"order\",\"object_id\":\"\",\"object_increment_id\":\"000000245\"}'),(272,1,'Sample Sofa Design-Grey',-1.0000,'{\"event_type\":\"order_placed\",\"object_type\":\"order\",\"object_id\":\"\",\"object_increment_id\":\"000000246\"}'),(273,1,'Sample Sofa Design-Grey',-1.0000,'{\"event_type\":\"order_placed\",\"object_type\":\"order\",\"object_id\":\"\",\"object_increment_id\":\"000000247\"}'),(274,1,'Sample Sofa Design-Grey',-1.0000,'{\"event_type\":\"order_placed\",\"object_type\":\"order\",\"object_id\":\"\",\"object_increment_id\":\"000000248\"}'),(275,1,'Sample Product 3',-2.0000,'{\"event_type\":\"order_placed\",\"object_type\":\"order\",\"object_id\":\"\",\"object_increment_id\":\"000000249\"}'),(276,1,'Sample Sofa Design-Grey',-1.0000,'{\"event_type\":\"order_placed\",\"object_type\":\"order\",\"object_id\":\"\",\"object_increment_id\":\"000000250\"}'),(277,1,'Sample Product 3',-1.0000,'{\"event_type\":\"order_placed\",\"object_type\":\"order\",\"object_id\":\"\",\"object_increment_id\":\"000000251\"}'),(278,1,'Black Shirt',-1.0000,'{\"event_type\":\"order_placed\",\"object_type\":\"order\",\"object_id\":\"\",\"object_increment_id\":\"000000252\"}'),(279,1,'Sample Product 3',-1.0000,'{\"event_type\":\"order_placed\",\"object_type\":\"order\",\"object_id\":\"\",\"object_increment_id\":\"000000253\"}'),(280,1,'Sample Product 2',-1.0000,'{\"event_type\":\"order_placed\",\"object_type\":\"order\",\"object_id\":\"\",\"object_increment_id\":\"000000254\"}'),(281,1,'Sample Sofa Design-Red',-1.0000,'{\"event_type\":\"order_placed\",\"object_type\":\"order\",\"object_id\":\"\",\"object_increment_id\":\"000000255\"}'),(282,1,'Sample Sofa Design-Blue',-1.0000,'{\"event_type\":\"order_placed\",\"object_type\":\"order\",\"object_id\":\"\",\"object_increment_id\":\"000000255\"}'),(283,1,'Sample Sofa Design-Red',-1.0000,'{\"event_type\":\"order_placed\",\"object_type\":\"order\",\"object_id\":\"\",\"object_increment_id\":\"000000256\"}'),(284,1,'Sample Sofa Design-Red',1.0000,'{\"event_type\":\"order_canceled\",\"object_type\":\"order\",\"object_id\":\"255\",\"object_increment_id\":\"000000255\"}'),(285,1,'Sample Sofa Design-Blue',1.0000,'{\"event_type\":\"order_canceled\",\"object_type\":\"order\",\"object_id\":\"255\",\"object_increment_id\":\"000000255\"}'),(286,1,'Sample Sofa Design-Red',1.0000,'{\"event_type\":\"order_canceled\",\"object_type\":\"order\",\"object_id\":\"256\",\"object_increment_id\":\"000000256\"}'),(287,1,'Sample Product 3',-1.0000,'{\"event_type\":\"order_placed\",\"object_type\":\"order\",\"object_id\":\"\",\"object_increment_id\":\"000000257\"}');

--
-- Table structure for table `inventory_shipment_source`
--

CREATE TABLE `inventory_shipment_source` (
  `shipment_id` int unsigned NOT NULL,
  `source_code` varchar(255) NOT NULL,
  PRIMARY KEY (`shipment_id`)
) ENGINE=InnoDB DEFAULT CHARSET=utf8mb3;

--
-- Dumping data for table `inventory_shipment_source`
--

INSERT INTO `inventory_shipment_source` VALUES (1,'default');

--
-- Table structure for table `inventory_source`
--

CREATE TABLE `inventory_source` (
  `source_code` varchar(255) NOT NULL,
  `name` varchar(255) NOT NULL,
  `enabled` smallint unsigned NOT NULL DEFAULT '1',
  `description` text,
  `latitude` decimal(8,6) DEFAULT NULL,
  `longitude` decimal(9,6) DEFAULT NULL,
  `country_id` varchar(2) NOT NULL,
  `region_id` int unsigned DEFAULT NULL,
  `region` varchar(255) DEFAULT NULL,
  `city` varchar(255) DEFAULT NULL,
  `street` varchar(255) DEFAULT NULL,
  `postcode` varchar(255) NOT NULL,
  `contact_name` varchar(255) DEFAULT NULL,
  `email` varchar(255) DEFAULT NULL,
  `phone` varchar(255) DEFAULT NULL,
  `fax` varchar(255) DEFAULT NULL,
  `use_default_carrier_config` smallint unsigned NOT NULL DEFAULT '1',
  `is_pickup_location_active` tinyint(1) NOT NULL DEFAULT '0',
  `frontend_name` varchar(255) DEFAULT '',
  `frontend_description` text,
  PRIMARY KEY (`source_code`)
) ENGINE=InnoDB DEFAULT CHARSET=utf8mb3;

--
-- Dumping data for table `inventory_source`
--

INSERT INTO `inventory_source` VALUES ('default','Default Source',1,'Default Source',0.000000,0.000000,'US',NULL,NULL,NULL,NULL,'00000',NULL,NULL,NULL,NULL,1,0,'',NULL);

--
-- Table structure for table `inventory_source_carrier_link`
--

CREATE TABLE `inventory_source_carrier_link` (
  `link_id` int unsigned NOT NULL AUTO_INCREMENT,
  `source_code` varchar(255) NOT NULL,
  `carrier_code` varchar(255) NOT NULL,
  `position` smallint unsigned DEFAULT NULL,
  PRIMARY KEY (`link_id`),
  KEY `INV_SOURCE_CARRIER_LNK_SOURCE_CODE_INV_SOURCE_SOURCE_CODE` (`source_code`),
  CONSTRAINT `INV_SOURCE_CARRIER_LNK_SOURCE_CODE_INV_SOURCE_SOURCE_CODE` FOREIGN KEY (`source_code`) REFERENCES `inventory_source` (`source_code`) ON DELETE CASCADE
) ENGINE=InnoDB DEFAULT CHARSET=utf8mb3;

--
-- Dumping data for table `inventory_source_carrier_link`
--


--
-- Table structure for table `inventory_source_item`
--

CREATE TABLE `inventory_source_item` (
  `source_item_id` int unsigned NOT NULL AUTO_INCREMENT,
  `source_code` varchar(255) NOT NULL,
  `sku` varchar(64) NOT NULL,
  `quantity` decimal(12,4) NOT NULL DEFAULT '0.0000',
  `status` smallint unsigned NOT NULL DEFAULT '0',
  PRIMARY KEY (`source_item_id`),
  UNIQUE KEY `INVENTORY_SOURCE_ITEM_SOURCE_CODE_SKU` (`source_code`,`sku`),
  KEY `INVENTORY_SOURCE_ITEM_SKU_SOURCE_CODE_QUANTITY` (`sku`,`source_code`,`quantity`),
  CONSTRAINT `INVENTORY_SOURCE_ITEM_SOURCE_CODE_INVENTORY_SOURCE_SOURCE_CODE` FOREIGN KEY (`source_code`) REFERENCES `inventory_source` (`source_code`) ON DELETE CASCADE
) ENGINE=InnoDB AUTO_INCREMENT=43 DEFAULT CHARSET=utf8mb3;

--
-- Dumping data for table `inventory_source_item`
--

INSERT INTO `inventory_source_item` VALUES (1,'default','Sample Sofa Design-Grey',990000.0000,1),(2,'default','Sample Sofa Design-Red',1000000.0000,1),(3,'default','Sample Sofa Design-Blue',50000000.0000,1),(4,'default','Sample Sofa Design-White',80000000.0000,1),(5,'default','Sample Product 2',1000100.0000,1),(9,'default','Sample Product 2-1',10001.0000,1),(11,'default','Sample Product 3',10001000.0000,1),(15,'default','Black Shirt',1000000.0000,1);

--
-- Table structure for table `inventory_source_stock_link`
--

CREATE TABLE `inventory_source_stock_link` (
  `link_id` int unsigned NOT NULL AUTO_INCREMENT,
  `stock_id` int unsigned NOT NULL,
  `source_code` varchar(255) NOT NULL,
  `priority` smallint unsigned NOT NULL,
  PRIMARY KEY (`link_id`),
  UNIQUE KEY `INVENTORY_SOURCE_STOCK_LINK_STOCK_ID_SOURCE_CODE` (`stock_id`,`source_code`),
  KEY `INV_SOURCE_STOCK_LNK_SOURCE_CODE_INV_SOURCE_SOURCE_CODE` (`source_code`),
  KEY `INVENTORY_SOURCE_STOCK_LINK_STOCK_ID_PRIORITY` (`stock_id`,`priority`),
  CONSTRAINT `INV_SOURCE_STOCK_LNK_SOURCE_CODE_INV_SOURCE_SOURCE_CODE` FOREIGN KEY (`source_code`) REFERENCES `inventory_source` (`source_code`) ON DELETE CASCADE,
  CONSTRAINT `INVENTORY_SOURCE_STOCK_LINK_STOCK_ID_INVENTORY_STOCK_STOCK_ID` FOREIGN KEY (`stock_id`) REFERENCES `inventory_stock` (`stock_id`) ON DELETE CASCADE
) ENGINE=InnoDB AUTO_INCREMENT=2 DEFAULT CHARSET=utf8mb3;

--
-- Dumping data for table `inventory_source_stock_link`
--

INSERT INTO `inventory_source_stock_link` VALUES (1,1,'default',1);

--
-- Table structure for table `inventory_stock`
--

CREATE TABLE `inventory_stock` (
  `stock_id` int unsigned NOT NULL AUTO_INCREMENT,
  `name` varchar(255) NOT NULL,
  PRIMARY KEY (`stock_id`)
) ENGINE=InnoDB AUTO_INCREMENT=2 DEFAULT CHARSET=utf8mb3;

--
-- Dumping data for table `inventory_stock`
--

INSERT INTO `inventory_stock` VALUES (1,'Default Stock');

--
-- Temporary view structure for view `inventory_stock_1`
--

